{"id":5537,"date":"2015-09-30T13:02:33","date_gmt":"2015-09-30T11:02:33","guid":{"rendered":"https:\/\/blogs.ua.es\/proyectosarquitectonicos\/?page_id=5537"},"modified":"2015-10-07T18:46:43","modified_gmt":"2015-10-07T16:46:43","slug":"g3-jm-torres-nadal-mireia-luzarraga","status":"publish","type":"page","link":"https:\/\/blogs.ua.es\/proyectosarquitectonicos\/g3-jm-torres-nadal-mireia-luzarraga\/","title":{"rendered":"G3. JM Torres Nadal + Mireia Luz\u00e1rraga"},"content":{"rendered":"<h4><a href=\"https:\/\/blogs.ua.es\/proyectosarquitectonicos\/files\/2015\/09\/150904_diagrama_baja.jpg\"><img loading=\"lazy\" decoding=\"async\" class=\"aligncenter size-medium wp-image-5641\" src=\"https:\/\/blogs.ua.es\/proyectosarquitectonicos\/files\/2015\/09\/150904_diagrama_baja-300x212.jpg\" alt=\"Imprimir\" width=\"300\" height=\"212\" srcset=\"https:\/\/blogs.ua.es\/proyectosarquitectonicos\/files\/2015\/09\/150904_diagrama_baja-300x212.jpg 300w, https:\/\/blogs.ua.es\/proyectosarquitectonicos\/files\/2015\/09\/150904_diagrama_baja-1024x724.jpg 1024w, https:\/\/blogs.ua.es\/proyectosarquitectonicos\/files\/2015\/09\/150904_diagrama_baja-150x106.jpg 150w, https:\/\/blogs.ua.es\/proyectosarquitectonicos\/files\/2015\/09\/150904_diagrama_baja-400x283.jpg 400w\" sizes=\"auto, (max-width: 300px) 100vw, 300px\" \/><\/a><\/h4>\n<h4><strong>BENIDORM ES UN ESPACIO INVENTIVO. LA ARQUITECTURIZACI\u00d3N DE LO TURISTICO EN LOS HOTELES DE BENIDORM<\/strong><\/h4>\n<h4><a href=\"http:\/\/latbblog.tumblr.com\/\">http:\/\/latbblog.tumblr.com\/<\/a><\/h4>\n<p>Los hoteles de Benidorm funcionan como peque\u00f1as m\u00e1quinas de producci\u00f3n de deseo. Tanto su programa (fiestas tem\u00e1ticas, eventos musicales, clases de aerobic, aquagym, tratamientos de est\u00e9tica&#8230;) como la forma de organizaci\u00f3n de sus espacios (terrazas, piscinas, sol\u00e1riums, gimnasios, spas, pero tambi\u00e9n las habitaciones, el ba\u00f1o, la cama&#8230;) revelan la importancia que la realizaci\u00f3n de apetencias, b\u00e1sicamente corporales, tienen en la configuraci\u00f3n de un hotel en Benidorm relegando a un plano casi meramente funcional la pernoctaci\u00f3n. En este sentido efectos como la distancia de la cama a la ventana, la entrada de luz natural en el ba\u00f1o, la posici\u00f3n y la dimensi\u00f3n de la piscina, el nombre del dj de la discoteca, etc. nos hablan de c\u00f3mo en Benidorm la necesidad queda substituida por la seducci\u00f3n.<\/p>\n<p>El objetivo de este semestre, centrado en el an\u00e1lisis de estos espacios\u2028como arquitecturas del deseo, ser\u00e1 estudiar c\u00f3mo la arquitectura hotelera en Benidorm no s\u00f3lo funciona como reflejo de una sociedad (la nuestra) basada en gran parte en el consumo de satisfacciones, sino tambi\u00e9n como co-productora de nuevas din\u00e1micas de subjetivaci\u00f3n a trav\u00e9s del cuidado y disfrute corporal haciendo de estas posibles fuentes renovadas de libertad(es). En paralelo\u2028a ello, y para entender el car\u00e1cter hol\u00edstico y cosmopol\u00edtico del curso, se analizar\u00e1n los diversos factores que ayudan a construir nuestra visi\u00f3n sobre los deseos. La influencia de los media en la construcci\u00f3n de imaginarios colectivos que definen nuestros gustos e intereses, el papel de la moda, la relaci\u00f3n\u2028entre hedonismo y agua, las t\u00e9cnicas constructivas, los gadgets tecnol\u00f3gicos que permiten calentar el agua o refrigerar las habitaciones, las normativas urban\u00edsticas que permiten que esto suceda en Benidorm, o de manera m\u00e1s general la relaci\u00f3n que guarda el Deseo con el resto de aproximaciones propuestas, la Econom\u00eda, la Ecolog\u00eda y los Formatos.<\/p>\n<p><strong>Metodolog\u00eda <\/strong><\/p>\n<p>+ Selecciona un hotel de Benidorm en funci\u00f3n de sus arquitecturas deseantes, y justif\u00edcalo gr\u00e1ficamente mediante un cosmograma que por un lado recoja\u2028los diferentes actores, tanto humanos como no humanos que participan y coproducen la experiencia deseante, y que por otro permita construir l\u00edneas de fuga susceptibles de convertirse en proyecto a partir de la recopilaci\u00f3n de fotos del hotel, entrevistas a trabajadores y turistas, el libro de visitas, postales, etc. + Construye un modelo a escala del hotel que visualice y desarrolle una o varias l\u00edneas de fuga anteriormente desarrolladas. En este sentido la elecci\u00f3n del sistema narrativo adecuado para el modelo a escala ser\u00e1 fundamental para el correcto entendimiento de la propuesta. Elecci\u00f3n de materiales, escala o<\/p>\n<p>escalas, nivel de abstracci\u00f3n, tama\u00f1o, incorporaci\u00f3n de movimiento, luz, etc. + Dibuja una axonometria, que de forma paralela a la construcci\u00f3n de la maqueta, visualice el proyecto desde otro punto de vista.<\/p>\n<p><strong>Actividades paralelas de peque\u00f1o formato <\/strong><\/p>\n<p>En torno al trabajo central de construcci\u00f3n de la maqueta , se desarrollar\u00e1n dos ejercicios en paralelo cuya finalidad especifica ser\u00e1 en el caso del texto acompa\u00f1ar a modo de memoria el proyecto, y en el caso de la maquina desplegar el proceso de participaci\u00f3n de la gente de un modo real.<\/p>\n<ol>\n<li>Construcci\u00f3n de un texto: descajanegrizaci\u00f3n del programa.\u2028Al modo de alguno de los textos que os presentaremos os propondremos la elaboraci\u00f3n de un enunciado, trabajado en paralelo al proyecto capaz de explicar las decisiones que van tomando forma de modo que todo sea una arbitrariedad documentada.<\/li>\n<li>Construcci\u00f3n de una m\u00e1quina deseante.\u2028La maquina debe ser un artefacto concreto que permita evaluar y medir (ver Storefront Manifesto Series: Measuring architecture, el texto de JM Torres Nadal Mediciones del pluralismo de los modos de existencia, o los textos de Carmen Herrero sobre medici\u00f3n del bienestar) la participaci\u00f3n de los otros: una m\u00e1quina para follar mejor, una m\u00e1quina de azar para medir interacciones de programa (ver m\u00e1quinas tragaperras); un baile o coreograf\u00eda; un sistema de env\u00edo de postales, etc. Finalmente documenta la m\u00e1quina (video, maqueta, diagrama) de manera que esta se pueda re-activar en cualquier momento y espacio.<\/li>\n<\/ol>\n<p><strong>Conferencias previstas durante el curso <\/strong><\/p>\n<p>&#8211; Mario Gaviria, soci\u00f3logo\u2028- Jos\u00e9 Luis Camarasa, arquitecto municipal de Benidorm &#8211; Amparo Las\u00e9n, grupo Sociolog\u00eda Ordinar\u00eda\u2028- Mar\u00eda Langarita y Miguel Mesa, arquitectxs<\/p>\n<p><strong>Par\u00e1metros de calificaci\u00f3n <\/strong><\/p>\n<p>&#8211; Cosmograma: 20%\u2028- M\u00e1quina deseante: 30%\u2028- Maqueta, incluyendo axonometr\u00eda y texto: 50%<\/p>\n<p>&nbsp;<\/p>\n","protected":false},"excerpt":{"rendered":"<p>BENIDORM ES UN ESPACIO INVENTIVO. LA ARQUITECTURIZACI\u00d3N DE LO TURISTICO EN LOS HOTELES DE BENIDORM http:\/\/latbblog.tumblr.com\/ Los hoteles de Benidorm funcionan como peque\u00f1as m\u00e1quinas de producci\u00f3n de deseo. Tanto su programa (fiestas tem\u00e1ticas, eventos musicales, clases de aerobic, aquagym, tratamientos de est\u00e9tica&#8230;) como la forma de organizaci\u00f3n de sus espacios (terrazas, piscinas, sol\u00e1riums, gimnasios, spas, [&hellip;]<\/p>\n","protected":false},"author":1037,"featured_media":0,"parent":0,"menu_order":0,"comment_status":"open","ping_status":"open","template":"","meta":{"footnotes":""},"class_list":["post-5537","page","type-page","status-publish","hentry"],"_links":{"self":[{"href":"https:\/\/blogs.ua.es\/proyectosarquitectonicos\/wp-json\/wp\/v2\/pages\/5537","targetHints":{"allow":["GET"]}}],"collection":[{"href":"https:\/\/blogs.ua.es\/proyectosarquitectonicos\/wp-json\/wp\/v2\/pages"}],"about":[{"href":"https:\/\/blogs.ua.es\/proyectosarquitectonicos\/wp-json\/wp\/v2\/types\/page"}],"author":[{"embeddable":true,"href":"https:\/\/blogs.ua.es\/proyectosarquitectonicos\/wp-json\/wp\/v2\/users\/1037"}],"replies":[{"embeddable":true,"href":"https:\/\/blogs.ua.es\/proyectosarquitectonicos\/wp-json\/wp\/v2\/comments?post=5537"}],"version-history":[{"count":8,"href":"https:\/\/blogs.ua.es\/proyectosarquitectonicos\/wp-json\/wp\/v2\/pages\/5537\/revisions"}],"predecessor-version":[{"id":5645,"href":"https:\/\/blogs.ua.es\/proyectosarquitectonicos\/wp-json\/wp\/v2\/pages\/5537\/revisions\/5645"}],"wp:attachment":[{"href":"https:\/\/blogs.ua.es\/proyectosarquitectonicos\/wp-json\/wp\/v2\/media?parent=5537"}],"curies":[{"name":"wp","href":"https:\/\/api.w.org\/{rel}","templated":true}]}}