{"id":5606,"date":"2015-09-30T13:19:51","date_gmt":"2015-09-30T11:19:51","guid":{"rendered":"https:\/\/blogs.ua.es\/proyectosarquitectonicos\/?page_id=5606"},"modified":"2015-09-30T13:41:15","modified_gmt":"2015-09-30T11:41:15","slug":"g5-mj-marcos","status":"publish","type":"page","link":"https:\/\/blogs.ua.es\/proyectosarquitectonicos\/g5-mj-marcos\/","title":{"rendered":"G5. MJ Marcos"},"content":{"rendered":"<h4><strong>Cathedrals of NATURE<\/strong><\/h4>\n<p>El contenido del curso consiste en la contemporaneizaci\u00f3n de edificios religiosos, tales como <strong>templos budistas, mezquitas, catedrales, sinagogas<\/strong>\u2026 para convertirlos en <strong>F\u00e1bricas de Naturaleza del Futuro <\/strong>en el 2050. Nos basamos en la hip\u00f3tesis de partida &#8216;Banking the Nature&#8217;, la naturaleza se est\u00e1 empezando a comercializar y por tanto su engendro, protecci\u00f3n y mejora es clave en las econom\u00edas internacionales, dando pie a nuevas especulaciones. Las propuestas adaptar\u00e1n e insertar\u00e1n estas F\u00e1bricas de Naturaleza en los templos modific\u00e1ndolos desde el dise\u00f1o vivo, org\u00e1nico y biol\u00f3gico proponiendo una adaptaci\u00f3n y convivencia. Las propuestas especular\u00e1n con posicionamiento globales de la mejora ecosist\u00e9mica y termoenerg\u00e9tica del planeta, es por ello que el punto de partida son los macroedificios ic\u00f3nicos e hist\u00f3ricos, ya que tienen una escala urbana y cultural de gran magnitud capaz de asumir respuestas ecosit\u00e9micas de Fabricaci\u00f3n de naturaleza<em>.<\/em><\/p>\n<p>Existen varias especulaciones de la <strong>tecnificaci\u00f3n de la naturaleza<\/strong> y su inter\u00e9s contempor\u00e1neo, tales como el manifiesto de Rem Koolhaas &#8216;In the countryside&#8217; <em>&#8216;The countryside has been overlooked by architects. <\/em><em>It is a digital frontier, increasingly mediated by technology, that is in the process of volatile transformation that exceeds that of the most accelerated city. And it is irresponsible for architects to focus their attention so exclusively on cities, without looking at the evacuated spaces that define them. <\/em>Por otro lado los numerosos textos sobre los <strong>templos rob\u00f3ticos del futuro<\/strong> y las catedrales de Naturaleza tecnol\u00f3gica del escritor futurista y Bioqu\u00edmico, \u00a0Isaac Asimov, quien consigui\u00f3 grandes avances de la ciencia a trav\u00e9s de sus visionarios escritos de ciencia ficci\u00f3n, tambi\u00e9n especula sobre la oportunidad de est\u00e1s catedrales de Naturaleza que conviven con la rob\u00f3tica para la supervivencia del planeta.<\/p>\n<p>Tecnificaci\u00f3n del campo y los ecosistemas. Rem Koolhaas in the countryside\u00a0 Lecture, <a href=\"https:\/\/vimeo.com\/96194772\">Rem Koolhaas In the countryside <\/a>, Article, <a href=\"http:\/\/www.iconeye.com\/architecture\/features\/item\/11031-rem-koolhaas-in-the-country\">Rem Koolhaas In the countryside<\/a><\/p>\n<p>&#8216;Catedrales de Naturaleza&#8217; y &#8216;Las b\u00f3vedas de Acero&#8217; de <a href=\"https:\/\/es.wikipedia.org\/wiki\/Isaac_Asimov\">Isaac Asimov<\/a><em><br \/>\n<\/em><br \/>\n<strong>BANKING NATURE<\/strong><br \/>\nHip\u00f3tesis General de Curso es &#8216;Baking nature&#8217; que plantea el estudio especulativo de la financiaci\u00f3n de la naturaleza, en algunos pa\u00edses han empezado a ponerle precio a los \u00e1rboles, las enjambres polinizadores de abejas, los rinocerontes y el hielo de los icebergs. <em>&#8216;Proteger nuestro planeta se ha convertido en un gran negocio para compa\u00f1\u00edas como Merrill Lynch o JP Morgan Chase, promoviendo nuevos mercados medioambientales. Esto ha generado un nuevo tipo de comercializaci\u00f3n, la de las especies, en la cual los inversores compran vastas \u00e1reas de tierra, llenas de especies en peligro de extinci\u00f3n, para poder vender &#8220;cr\u00e9dito de la naturaleza&#8217; &#8216;Muchos reputados economistas, como Pavan Sukhev, creen que la mejor manera de proteger la naturaleza es poni\u00e9ndole un precio. Pero otros temen que este mercado natural pueda llevar a que las compa\u00f1\u00edas desarrollen un inter\u00e9s financiero en las especies en extinci\u00f3n.&#8217;<\/em>.&#8217;<\/p>\n<p><strong>MACRO EDIFICIOS NATURALIZADOS<\/strong><br \/>\nProfundizando en culturas religiosas propias y ajenas, se realizar\u00e1n unos escal\u00edmetros de medida que servir\u00e1n de herramientas para plantear hip\u00f3tesis globales de mejora y adaptaci\u00f3n para las f\u00e1bricas de la naturaleza, que tengan una escala de mejora del planeta. A lo largo de la historia han aparecido muchos arquitectos que han experimentado con este tipo de v\u00ednculos entre la arquitectura religiosa, hibrid\u00e1ndola con nuevas pr\u00e1cticas fielmente ligadas a la naturaleza, planteando aut\u00e9nticos laboratorios\u00a0urbanos a principios.<\/p>\n<p>Art\u00edculo de &#8216;El Pa\u00eds&#8217; <a href=\"http:\/\/elpais.com\/elpais\/2015\/08\/19\/eps\/1440002923_940528.html\">Santa Sof\u00eda<\/a>, Antroposof\u00eda de <a href=\"https:\/\/es.wikipedia.org\/wiki\/Rudolf_Steiner\">Rudolf Steiner<\/a>, Arcolog\u00eda de <a href=\"https:\/\/es.wikipedia.org\/wiki\/Paolo_Soleri\">Paolo Soleri<\/a>. Las cinco grandes religiones, <a href=\"https:\/\/www.youtube.com\/watch?v=9LYHYIIa2ps\">documental<\/a><\/p>\n<p><strong>POSTPRODUCCI\u00d3N<\/strong><br \/>\nReinterpretaci\u00f3n de lo existente como herramienta del futuro. Hoy en d\u00eda los el trabajo de los arquitectos cada vez m\u00e1s se basa en la reinterpretaci\u00f3n de lo existente, desde mecanismos de rehabilitaci\u00f3n tect\u00f3nica, pero tambi\u00e9n de rehabilitaci\u00f3n social y cultural, capaz de consolidar nuevos tejidos urbanos y de regular las cartograf\u00edas sociales, en este caso nos centraremos en los nuevos tejidos clim\u00e1ticos que afectan directamente a la forma en la que habitamos el planeta. La propuestas deber\u00e1n plantear una postproducci\u00f3n de estos edificios existentes desde las ideas energ\u00e9ticas que afecten a los lugares clim\u00e1ticos en los que se inserte.<\/p>\n<p>Contemporaneizar los Edificios religiosos, Historian Uses Lasers to Unlock Mysteries of Gothic , Art\u00edculo &#8216;El Pa\u00eds&#8217; <a href=\"http:\/\/elpais.com\/elpais\/2015\/09\/04\/eps\/1441362400_165637.html\">Negocios Divinos<\/a>,<\/p>\n<p><strong>ALIVE ARCHITECTURE<\/strong><br \/>\nLas propuestas se trabajar\u00e1n como en un modelo de laboratorio de tecnolog\u00edas vivas, donde los proyectos se ir\u00e1n construyendo a partir de pruebas emp\u00edricas y experimentales sobre los propios modelos biol\u00f3gicos, e\u00f3licos, t\u00e9rmicos, magn\u00e9ticos&#8230;. Por lo tanto el modelo de prueba y error de modelos biol\u00f3gicas, org\u00e1nicas y metab\u00f3licas, se ir\u00e1 tecnificando y aplicando para construir las capas de funcionamiento del macroproyecto.<\/p>\n<p>Jardines vivos <a href=\"http:\/\/www.philipbeesleyarchitect.com\/\">Philip Beesley<\/a>, Arquitectura termodigestiva <a href=\"http:\/\/www.philipperahm.com\/\">Philippe Rahm architectes<\/a>, <a href=\"https:\/\/vimeo.com\/133971948\">Naturaleza Generativa Protosphaera<\/a>, Jardines energ\u00e9ticos en <a href=\"https:\/\/www.youtube.com\/watch?v=q-NOmpp02Zs\">Avatar<\/a>, Modelos Biodise\u00f1o <a href=\"https:\/\/www.youtube.com\/watch?v=zJUboHAbZB4\">Hygro Skin<\/a>, Modelo de biodise\u00f1o <a href=\"https:\/\/vimeo.com\/15368696\">Shape Shift Teaser<\/a>, Crecimiento org\u00e1nico natural <a href=\"https:\/\/www.youtube.com\/watch?v=ra5As4P-U4I\">Crecimiento org\u00e1nico<\/a><\/p>\n<p><strong>OBJETIVOS<\/strong><\/p>\n<p>El curso plantea Especulativo en cuanto a contenido y Emp\u00edrico en cuanto al dise\u00f1o de la tecnolog\u00eda vivas, por lo que conformar\u00e1 un doble aprendizaje:<\/p>\n<p>Por un lado un<strong> aprendizaje te\u00f3rico y especulativo<\/strong> desde la postproducci\u00f3n de edificios hist\u00f3rico-religiosos y todo su imaginario cultural, pol\u00edtico y econ\u00f3mico. Entendiendo su gran escala como oportunidad de ser un potenciador energ\u00e9tico de las ciudades.<\/p>\n<p>Por otro lado un <strong>aprendizaje emp\u00edrico<\/strong>, desde la experiencia directa con el dise\u00f1o VIVO, entendiendo dise\u00f1o vivo como la arquitectura que se transforma de manera biol\u00f3gica, atmosf\u00e9rica desde unas tecnolog\u00edas asumidas. Se trabajar\u00e1 con modelos vivos\u00a0 a trav\u00e9s su experimentaci\u00f3n y testeo.<\/p>\n<p><strong>FORMATOS DE TRABAJO<\/strong><\/p>\n<p>Hologramas<\/p>\n<p>Modelos vivos<\/p>\n<p>Mock up<\/p>\n<p>Exposici\u00f3n Sumativa<\/p>\n<p><strong>VIAJES, VISITAS DE EXPERTOS<\/strong><br \/>\n<strong>Viaje<\/strong><br \/>\nMadrid,\u00a0 Catedral construida por Don Justo en Mejorada del Campo, Templo Budista, Iglesia Aranzazu, Vuelta al Anillo verde. o\u00b4Barcelona,\u00a0 Sagrada Familia, Manglar Cosmo Caixa, Arrozales Delta del Ebro, Salinas.<br \/>\n<strong>Expertos<\/strong><br \/>\nConferencia Experto en Arquitetura param\u00e9trica, director del equipo de desarrollo de la Sagrada Familia. Conferencia en streaming Experto sobre Arquitectura biol\u00f3gica. Visualizaci\u00f3n de documentales &#8216;Banking Nature&#8217; y &#8216;Cowspiracy&#8217;. Fiesta exposici\u00f3n en Catedral o Claustro a definir.<\/p>\n<p><strong>P\u00c1GINA DE CURSO<\/strong><\/p>\n<p><a href=\"https:\/\/www.facebook.com\/CathedralsofNATURE\">https:\/\/www.facebook.com\/CathedralsofNATURE<\/a><\/p>\n<p><strong>TRAILER<\/strong><\/p>\n<p><iframe loading=\"lazy\" title=\"Cathedrals of NATURE\" width=\"580\" height=\"435\" src=\"https:\/\/www.youtube.com\/embed\/iXKrBsYhRnA?feature=oembed\" frameborder=\"0\" allow=\"accelerometer; autoplay; clipboard-write; encrypted-media; gyroscope; picture-in-picture; web-share\" referrerpolicy=\"strict-origin-when-cross-origin\" allowfullscreen><\/iframe><\/p>\n<p><a href=\"https:\/\/youtu.be\/iXKrBsYhRnA\">https:\/\/youtu.be\/iXKrBsYhRnA<\/a><\/p>\n","protected":false},"excerpt":{"rendered":"<p>Cathedrals of NATURE El contenido del curso consiste en la contemporaneizaci\u00f3n de edificios religiosos, tales como templos budistas, mezquitas, catedrales, sinagogas\u2026 para convertirlos en F\u00e1bricas de Naturaleza del Futuro en el 2050. Nos basamos en la hip\u00f3tesis de partida &#8216;Banking the Nature&#8217;, la naturaleza se est\u00e1 empezando a comercializar y por tanto su engendro, protecci\u00f3n [&hellip;]<\/p>\n","protected":false},"author":1037,"featured_media":0,"parent":0,"menu_order":0,"comment_status":"closed","ping_status":"closed","template":"","meta":{"footnotes":""},"class_list":["post-5606","page","type-page","status-publish","hentry"],"_links":{"self":[{"href":"https:\/\/blogs.ua.es\/proyectosarquitectonicos\/wp-json\/wp\/v2\/pages\/5606","targetHints":{"allow":["GET"]}}],"collection":[{"href":"https:\/\/blogs.ua.es\/proyectosarquitectonicos\/wp-json\/wp\/v2\/pages"}],"about":[{"href":"https:\/\/blogs.ua.es\/proyectosarquitectonicos\/wp-json\/wp\/v2\/types\/page"}],"author":[{"embeddable":true,"href":"https:\/\/blogs.ua.es\/proyectosarquitectonicos\/wp-json\/wp\/v2\/users\/1037"}],"replies":[{"embeddable":true,"href":"https:\/\/blogs.ua.es\/proyectosarquitectonicos\/wp-json\/wp\/v2\/comments?post=5606"}],"version-history":[{"count":5,"href":"https:\/\/blogs.ua.es\/proyectosarquitectonicos\/wp-json\/wp\/v2\/pages\/5606\/revisions"}],"predecessor-version":[{"id":5617,"href":"https:\/\/blogs.ua.es\/proyectosarquitectonicos\/wp-json\/wp\/v2\/pages\/5606\/revisions\/5617"}],"wp:attachment":[{"href":"https:\/\/blogs.ua.es\/proyectosarquitectonicos\/wp-json\/wp\/v2\/media?parent=5606"}],"curies":[{"name":"wp","href":"https:\/\/api.w.org\/{rel}","templated":true}]}}