{"id":6547,"date":"2018-07-02T08:23:45","date_gmt":"2018-07-02T06:23:45","guid":{"rendered":"https:\/\/blogs.ua.es\/proyectosarquitectonicos\/?page_id=6547"},"modified":"2018-07-03T00:30:58","modified_gmt":"2018-07-02T22:30:58","slug":"g1_juan-carlos-castro-2","status":"publish","type":"page","link":"https:\/\/blogs.ua.es\/proyectosarquitectonicos\/g1_juan-carlos-castro-2\/","title":{"rendered":"G1_Juan Carlos Castro"},"content":{"rendered":"<p><strong>Welcome Home [Again]<\/strong><\/p>\n<p>Este curso, se define como una versi\u00f3n ampliada y revisada del curso 2017\/18. En \u00e9l se estudio el estado de los miles de personas que se desplazan por el planeta principalmente por conflictos b\u00e9licos y cat\u00e1strofes medioambientales, centr\u00e1ndose muy concretamente en el dise\u00f1o, producci\u00f3n y construcci\u00f3n de espacios habitacionales m\u00ednimos para esta suerte de poblaci\u00f3n n\u00f3mada forzosa: ap\u00e1tridas, refugiados, desplazados y damnificados. Tras este primer ensayo y toma de contacto con esta realidad, este curso se va a continuar esa experiencia, centr\u00e1ndose esta vez en dos condiciones singulares y propias de esta poblaci\u00f3n en continuo movimiento. Por un lado se va a centrar en la producci\u00f3n arquitect\u00f3nica basada en lo temporal y ef\u00edmero. La segunda condici\u00f3n se va a centrar en la movilidad propia de estas situaci\u00f3n cr\u00edtica.<\/p>\n<p>Para ello habr\u00e1 que entender qu\u00e9 necesidades sociales y pol\u00edticas tienen los diferentes tipos de desplazados, qu\u00e9 requerimientos de calidad, confort y resistencia necesitar\u00e1n los diferentes prototipos y que tecnolog\u00edas ser\u00e1n las que permitan dar respuesta a necesidades de una radicalidad que a priori, nos alejan de los conceptos propios del primer mundo y del estado del bienestar: crecimiento econ\u00f3mico, estabilidad social, calidad ambiental, ocio y disfrute, etc. Esto nos obligar\u00e1 a explorar otro tipo de territorios comprometidos como pueden ser la econom\u00eda circular, conocimiento redistribu\u00eddo y compartido, empoderamiento colectivo, estructuras descentralizadas, autoaprendizaje y cultura del DIY.<\/p>\n<p>Los temas y estrategias de aprendizaje a explorar en este curso ser\u00e1n:<\/p>\n<p>Autoproducci\u00f3n y fabricaci\u00f3n digital como medios de producci\u00f3n arquitect\u00f3nico<\/p>\n<p>Prototipado y construcci\u00f3n a escala real como medio de experimentaci\u00f3n del proyecto arquitect\u00f3nico<\/p>\n<p>Documental como herramienta de documentaci\u00f3n y construcci\u00f3n de nuevas narrativas arquitect\u00f3nicas<\/p>\n<p><strong>PROGRAMA<\/strong><\/p>\n<p>Objetivos del Curso<\/p>\n<ul>\n<li>Aprender las t\u00e9cnicas y recursos propios de la fabricaci\u00f3n digital como veh\u00edculo de producci\u00f3n arquitect\u00f3nica.<\/li>\n<li>Desdibujar y revisar cr\u00edticamente las ideas de progreso, avance cient\u00edfico, objetividad y futurismo, habitualmente relacionadas con el concepto de tecnolog\u00eda.<\/li>\n<li>Aproximaci\u00f3n a la tecnolog\u00eda como lugar de experimentaci\u00f3n y construcci\u00f3n de subjetividades y experimentaci\u00f3n.<\/li>\n<\/ul>\n<p><strong>Metodolog\u00eda<\/strong><\/p>\n<p>El curso desarrollar\u00e1 y pondr\u00e1 en pr\u00e1ctica una metodolog\u00eda de trabajo basada en 4 puntos:<\/p>\n<ul>\n<li>BASE DE DATOS: Construcci\u00f3n de una base de datos colectiva a modo de repositorio digital \u00fanico, colaborativo y compartido.<\/li>\n<li>CONSTRUCCI\u00d3N DE PROTOTIPOS: Fabricaci\u00f3n y construcci\u00f3n de prototipos de unidades habitacionales m\u00ednimas a escala real.<\/li>\n<li>DOCUMENTACI\u00d3N GR\u00c1FICA: Producci\u00f3n de la documentaci\u00f3n t\u00e9cnica necesaria para la ejecuci\u00f3n de los prototipos: modelado, planos de corte, planos de ejecuci\u00f3n, detalles de nudos, uniones, solapes, etc.<\/li>\n<li>DOCUMENTACI\u00d3N AUDIOVISUAL: Producci\u00f3n y elaboraci\u00f3n de un documental que recoja la experiencia y resultados del curso, a modo de narrativa visual y memoria final del proyecto.<\/li>\n<\/ul>\n","protected":false},"excerpt":{"rendered":"<p>Welcome Home [Again] Este curso, se define como una versi\u00f3n ampliada y revisada del curso 2017\/18. En \u00e9l se estudio el estado de los miles de personas que se desplazan por el planeta principalmente por conflictos b\u00e9licos y cat\u00e1strofes medioambientales, centr\u00e1ndose muy concretamente en el dise\u00f1o, producci\u00f3n y construcci\u00f3n de espacios habitacionales m\u00ednimos para esta [&hellip;]<\/p>\n","protected":false},"author":1037,"featured_media":0,"parent":0,"menu_order":0,"comment_status":"closed","ping_status":"closed","template":"","meta":{"footnotes":""},"class_list":["post-6547","page","type-page","status-publish","hentry"],"_links":{"self":[{"href":"https:\/\/blogs.ua.es\/proyectosarquitectonicos\/wp-json\/wp\/v2\/pages\/6547","targetHints":{"allow":["GET"]}}],"collection":[{"href":"https:\/\/blogs.ua.es\/proyectosarquitectonicos\/wp-json\/wp\/v2\/pages"}],"about":[{"href":"https:\/\/blogs.ua.es\/proyectosarquitectonicos\/wp-json\/wp\/v2\/types\/page"}],"author":[{"embeddable":true,"href":"https:\/\/blogs.ua.es\/proyectosarquitectonicos\/wp-json\/wp\/v2\/users\/1037"}],"replies":[{"embeddable":true,"href":"https:\/\/blogs.ua.es\/proyectosarquitectonicos\/wp-json\/wp\/v2\/comments?post=6547"}],"version-history":[{"count":4,"href":"https:\/\/blogs.ua.es\/proyectosarquitectonicos\/wp-json\/wp\/v2\/pages\/6547\/revisions"}],"predecessor-version":[{"id":6611,"href":"https:\/\/blogs.ua.es\/proyectosarquitectonicos\/wp-json\/wp\/v2\/pages\/6547\/revisions\/6611"}],"wp:attachment":[{"href":"https:\/\/blogs.ua.es\/proyectosarquitectonicos\/wp-json\/wp\/v2\/media?parent=6547"}],"curies":[{"name":"wp","href":"https:\/\/api.w.org\/{rel}","templated":true}]}}