{"id":6737,"date":"2018-09-07T12:07:18","date_gmt":"2018-09-07T10:07:18","guid":{"rendered":"https:\/\/blogs.ua.es\/proyectosarquitectonicos\/?page_id=6737"},"modified":"2019-10-31T10:16:39","modified_gmt":"2019-10-31T09:16:39","slug":"contraediciones-para-el-pfc","status":"publish","type":"page","link":"https:\/\/blogs.ua.es\/proyectosarquitectonicos\/contraediciones-para-el-pfc\/","title":{"rendered":"Contraediciones para el PFC"},"content":{"rendered":"<p>CONTRA-EDICIONES PARA EL PROYECTO FIN DE CARRERA<\/p>\n<p>&nbsp;<\/p>\n<p><strong>A_CONTEXTO + OBJETIVOS<\/strong><\/p>\n<p>Esta asignatura se centra en torno al Proyecto Fin de Carrera como instrumento de reflexi\u00f3n cr\u00edtico-pr\u00e1ctica. Para ello la asignatura, tomando de partida el portfolio e intereses acad\u00e9micos, curriculares y personales de cada estudiante, se plantea como objetivo fundamental la generaci\u00f3n del material suficiente y necesario para constituirse como material de arranque del Proyecto Fin de Carrera, el cual ser\u00e1 desarrollado a continuaci\u00f3n durante el segundo cuatrimestre. De esta manera, la asignatura pretende garantizar la pertinencia, relevancia e inter\u00e9s, as\u00ed como la solvencia polit\u00e9cnica, de cada uno de los futuros PFC.<\/p>\n<p>En paralelo, la asignatura pretende hacer emerger las especificidades epistemol\u00f3gicas de cada trabajo con el fin de poder pre-asignar al alumno\/a dentro de cada uno de los tres bloques de tutela: Ciudad y Territorio \/ Materia y Energ\u00eda \/ Proyectos<\/p>\n<p>&nbsp;<\/p>\n<p><strong>B_CONTENIDO<\/strong><\/p>\n<p>Los programas desarrollar\u00e1n unos contenidos basados en el ep\u00edgrafe\u00a0<strong>\u201cLA REALIDAD COMO UNA EXPERIENCIA DE INTELIGENTE, \u2026 hacia la promoci\u00f3n de la diversidad cultural\u201d<\/strong>.<\/p>\n<p>A lo largo del curso se desarrollar\u00e1n propuestas que demanden un posicionamiento cr\u00edtico aut\u00f3nomo e incorporen en sus reflexiones la cultura del proyecto, ambos orientados hacia la autonom\u00eda del estudiante.<\/p>\n<p>Se ir\u00e1n conociendo los distintos medios de expresi\u00f3n del pensamiento y la acci\u00f3n contempor\u00e1nea, as\u00ed como las posibilidades del trabajo colectivo como paradigma de la diversidad cultural.<\/p>\n<p>A lo largo del curso se introducir\u00e1 al alumno en la comprensi\u00f3n y el ejercicio de:<\/p>\n<p>-Gesti\u00f3n del conocimiento arquitect\u00f3nico<\/p>\n<p>-Dise\u00f1o de contextos te\u00f3ricos<\/p>\n<p>-Descubrimiento (rigor de la fantas\u00eda)<\/p>\n<p>-Cultura del Proyecto<\/p>\n<p>De manera m\u00e1s espec\u00edfica, todo este conocimiento adquirido para el posterior desarrollo del propio PFC, debe ser estructurado y explicitado siguiendo los siguientes puntos:<\/p>\n<p>&nbsp;<\/p>\n<p>0_OBJETO<\/p>\n<p>Qu\u00e9 se propone y se quiere hacer.<\/p>\n<p>1_\u00c1MBITO<\/p>\n<p><u>Relaci\u00f3n curricular doble<\/u>:<\/p>\n<p>Relaci\u00f3n con trabajos anteriores en Proyectos Arquitect\u00f3nicos estableciendo, as\u00ed, una trayectoria curricular que abarca determinados intereses.<\/p>\n<p>Selecci\u00f3n 2 proyectos de entre los seleccionados para la expo de Cigarreras (<a href=\"http:\/\/blogs.ua.es\/proyectosarquitectonicos\/expo-pfc-2002-2015\/)\">http:\/\/blogs.ua.es\/proyectosarquitectonicos\/expo-pfc-2002-2015\/)<\/a> o el Archivo de Proyectos (<a href=\"http:\/\/archivoproyectosarquitectonicos.ua.es)\">http:\/\/archivoproyectosarquitectonicos.ua.es)<\/a> y explicitaci\u00f3n de relaci\u00f3n con el proyecto planteado.<\/p>\n<p><u>Motivaci\u00f3n del trabajo<\/u>:<\/p>\n<p>Origen de los intereses: una situaci\u00f3n personal, una l\u00ednea de trabajo de cara a un futuro profesional, simplemente cumplir un reto nuevo, experimentar con un tema o formato novedoso, etc.<\/p>\n<p><u>Inter\u00e9s y justificaci\u00f3n<\/u>:<\/p>\n<p>Relevancia que puede tener la propuesta en un campo determinado de la arquitectura, por qu\u00e9 es interesante, a qui\u00e9n se dirige, qui\u00e9n y en qu\u00e9 medida se beneficia del proyecto.<\/p>\n<p><u>L\u00edmites y Alcance<\/u>:<\/p>\n<p>Hasta d\u00f3nde se quiere desarrollar el trabajo, l\u00edmites del proyecto, hasta d\u00f3nde se detalla o abarca, escalas, grado de definici\u00f3n\u2026<\/p>\n<p>2_FUENTES<\/p>\n<p><u>Contexto<\/u>:<\/p>\n<p>Relaci\u00f3n de la propuesta con 4 referencias concretas. Si bien el campo de trabajo al que se refieren estas referencias no tiene por qu\u00e9 ser el arquitect\u00f3nico s\u00ed que el alumno debe evidenciar su inter\u00e9s para un proyecto de arquitectura. As\u00ed a trav\u00e9s de estas 4 referencias se podr\u00e1 aludir al contexto arquitect\u00f3nico sino tambi\u00e9n al t\u00e9cnico, cient\u00edfico, cultural, etc.<\/p>\n<p><u>Fuentes<\/u>:<\/p>\n<p>Wikipedia, prensa, encuestas a pie de calle, datos estad\u00edsticos, novelas, pel\u00edculas, videoclips\u2026.<\/p>\n<p>3_HERRAMIENTAS<\/p>\n<p><u>Planificaci\u00f3n<\/u>:<\/p>\n<p>C\u00f3mo se va a desarrollar, estructura de trabajo, metodolog\u00eda, calendario\u2026<\/p>\n<p><u>Recursos<\/u>:<\/p>\n<p>\u00bfSe van a utilizar determinados recursos gr\u00e1ficos, software, medios materiales o humanos?<\/p>\n<p><u>V\u00ednculos<\/u>:<\/p>\n<p>\u00bfSe va a consultar a determinados expertos en la materia en cuesti\u00f3n? \u00bfSe va a colaborar con alguna asociaci\u00f3n, instituci\u00f3n, etc.?<\/p>\n<p>4_FORMATO<\/p>\n<p>\u00bfPel\u00edcula, maqueta, performance, software interactivo\u2026?<\/p>\n<p>5_DATO ESPEC\u00cdFICO FUNDAMENTAL<\/p>\n<p>Aspecto del proyecto que lo vincula a alguno de los tres bloques de tutela.<\/p>\n<p>6_APLICACI\u00d3N EXPERIMENTAL<\/p>\n<p>Resultado formal de unas primeras aplicaciones de las herramientas elegidas sin compromiso de vinculaci\u00f3n con los resultados, pero lo suficientemente claras como para poder valorar la habilidad de manejo y la utilidad de su aplicaci\u00f3n. En ning\u00fan caso se tratar\u00e1 de fijar los resultados como definitivos, solo representar\u00e1n un ensayo que genere la confianza oportuna para la elaboraci\u00f3n final. En otras palabras, se tratar\u00eda de un primer dise\u00f1o.<\/p>\n<p>&nbsp;<\/p>\n<p><strong>C_CALENDARIO Y ESTRUCTURA<\/strong><\/p>\n<p>*Todas las clases tendr\u00e1n una primera parte de exposici\u00f3n y cr\u00edtica y otra de taller (trabajo en clase tutelado).<\/p>\n<table>\n<tbody>\n<tr>\n<td width=\"26\">D\u00eda<\/td>\n<td width=\"41\">Fecha<\/td>\n<td width=\"44\">Horario<\/td>\n<td width=\"38\">Horas N.P.<\/td>\n<td colspan=\"2\" width=\"118\">Profesor Apoyo<\/td>\n<td width=\"159\">Contenido<\/td>\n<\/tr>\n<tr>\n<td width=\"26\">V<\/td>\n<td width=\"41\">13 sept<\/td>\n<td width=\"44\">9-15h<\/td>\n<td width=\"38\">+9<\/td>\n<td colspan=\"2\" width=\"118\"><\/td>\n<td width=\"159\">Presentaci\u00f3n Curso + Inicio Taller<\/td>\n<\/tr>\n<tr>\n<td width=\"26\">V<\/td>\n<td width=\"41\">20 sept<\/td>\n<td width=\"44\">9-15h<\/td>\n<td width=\"38\">+9<\/td>\n<td colspan=\"2\" width=\"118\">Ester Gisbert<\/td>\n<td width=\"159\">0_Objeto + 1_\u00c1mbito<\/td>\n<\/tr>\n<tr>\n<td width=\"26\">V<\/td>\n<td width=\"41\">4 oct<\/td>\n<td width=\"44\">9-15h<\/td>\n<td width=\"38\">+9<\/td>\n<td colspan=\"2\" width=\"118\">Andr\u00e9s Silanes<\/td>\n<td width=\"159\">0+1+ 2_Fuentes + 3_Herramientas<\/td>\n<\/tr>\n<tr>\n<td width=\"26\">V<\/td>\n<td width=\"41\">11 oct<\/td>\n<td width=\"44\">9-15h<\/td>\n<td width=\"38\">+9<\/td>\n<td colspan=\"2\" width=\"118\">Andr\u00e9s Silanes<\/td>\n<td width=\"159\">0+1+2+3 + 4_Formato + 5_Dato Espec\u00edfico Fundamental<\/td>\n<\/tr>\n<tr>\n<td width=\"26\">M<\/td>\n<td width=\"41\">22 oct<\/td>\n<td width=\"44\">12-15h<\/td>\n<td width=\"38\">+4,5<\/td>\n<td colspan=\"2\" width=\"118\">M\u00aa Jos\u00e9 Marcos<\/td>\n<td rowspan=\"2\" width=\"159\">0+1+2+3+4+5+ 6_Aplicaci\u00f3n Experimental<\/td>\n<\/tr>\n<tr>\n<td width=\"26\">M<\/td>\n<td width=\"41\">29 oct<\/td>\n<td width=\"44\">12-15h<\/td>\n<td width=\"38\">+4,5<\/td>\n<td colspan=\"2\" width=\"118\">M\u00aa Jos\u00e9 Marcos<\/td>\n<\/tr>\n<tr>\n<td width=\"26\">V<\/td>\n<td width=\"41\">8 nov<\/p>\n<p>15 nov<\/p>\n<p>22 nov<\/td>\n<td width=\"44\">9-15h<\/td>\n<td width=\"38\">+9<\/td>\n<td colspan=\"2\" width=\"118\">Ester Gisbert<\/td>\n<td rowspan=\"3\" width=\"159\">&nbsp;<\/p>\n<p>6_Aplicaci\u00f3n Experimental<\/td>\n<\/tr>\n<tr>\n<td width=\"26\">V<\/td>\n<td width=\"41\">29 nov<\/td>\n<td width=\"44\">9-15h<\/td>\n<td width=\"38\">+9<\/td>\n<td colspan=\"2\" width=\"118\"><\/td>\n<\/tr>\n<tr>\n<td width=\"26\">V<\/td>\n<td width=\"41\">20 dic<\/td>\n<td width=\"44\">9-15h<\/td>\n<td width=\"38\">+9<\/td>\n<td colspan=\"2\" width=\"118\">Ester Gisbert + Andr\u00e9s Silanes<\/td>\n<\/tr>\n<tr>\n<td colspan=\"5\" width=\"201\"><\/td>\n<td colspan=\"2\" width=\"224\"><\/td>\n<\/tr>\n<tr>\n<td width=\"26\">V<\/td>\n<td width=\"41\">\u00bf?<\/td>\n<td width=\"44\"><\/td>\n<td width=\"38\"><\/td>\n<td colspan=\"2\" width=\"118\"><\/td>\n<td width=\"159\">EXAMEN<\/td>\n<\/tr>\n<\/tbody>\n<\/table>\n<p><strong>D_CRITERIOS DE EVALUACI\u00d3N<\/strong><\/p>\n<p>Cada uno de los criterios siguientes se valora con 2 puntos sobre 10:<\/p>\n<p>AUTONOM\u00cdA (del alumno)<\/p>\n<p>Habilidad para establecer discursos particulares que establezcan aportaciones diferenciales a los modos de hacer y pensar el proyecto arquitect\u00f3nico<\/p>\n<p>CULTURA (del proyecto)<\/p>\n<p>Habilidad para establecer y manejar relaciones entre las motivaciones propias y las que se desprenden de los distintos campos del saber que inciden en el proyecto arquitect\u00f3nico y urban\u00edstico<\/p>\n<p>COHERENCIA (en el desarrollo)<\/p>\n<p>Habilidad para articular los deseos y ambiciones propias en procesos proyectuales coherentes y capaces de producir transformaciones en cualquiera de los \u00e1mbitos de lo real y a trav\u00e9s del dise\u00f1o arquitect\u00f3nico y urban\u00edstico<\/p>\n<p>COMPLEJIDAD (en el desarrollo)<\/p>\n<p>Habilidad para incorporar campos de trabajo altamente heterog\u00e9neos capaces de convocar debates y de laboratorizarlos a trav\u00e9s del proyecto arquitect\u00f3nico y urban\u00edstico<\/p>\n<p>\u00c9TICA<\/p>\n<p>Habilidad para el desarrollo de l\u00edneas propositivas que refuercen un compromiso \u00e9tico, social y medioambiental\u00a0 del proyecto arquitect\u00f3nico y urban\u00edstico<\/p>\n<p>&nbsp;<\/p>\n<p>*El incumplimiento de las horas de trabajo no presencial penalizar\u00e1 la nota final en un m\u00e1ximo del 75%.<\/p>\n<p>&nbsp;<\/p>\n<p><strong>E_FORMATO DE ENTREGA<\/strong><\/p>\n<p>Resumen del trabajo seg\u00fan esta FICHA + 3 paneles A1<\/p>\n<p>&nbsp;<\/p>\n<p><strong>F_PROFESORADO<\/strong><\/p>\n<p>Profesor principal y coordinador de la asignatura: Iv\u00e1n Capdevila \/ Aula 01D<\/p>\n<p>Profesores de apoyo: Andr\u00e9s Silanes + Maria Jos\u00e9 Marcos + Ester Gisbert \/ Aula 26M (07D los martes)<\/p>\n<p>&nbsp;<\/p>\n<p><strong>G_+ INFO<\/strong><\/p>\n<p><a href=\"https:\/\/cvnet.cpd.ua.es\/Guia-Docente\/GuiaDocente\/Index?wCodEst=D093&amp;wcodasi=35671&amp;wlengua=es&amp;scaca=2019-20\">Enlace a la Gu\u00eda Docente<\/a><\/p>\n","protected":false},"excerpt":{"rendered":"<p>CONTRA-EDICIONES PARA EL PROYECTO FIN DE CARRERA &nbsp; A_CONTEXTO + OBJETIVOS Esta asignatura se centra en torno al Proyecto Fin de Carrera como instrumento de reflexi\u00f3n cr\u00edtico-pr\u00e1ctica. Para ello la asignatura, tomando de partida el portfolio e intereses acad\u00e9micos, curriculares y personales de cada estudiante, se plantea como objetivo fundamental la generaci\u00f3n del material suficiente [&hellip;]<\/p>\n","protected":false},"author":1037,"featured_media":0,"parent":0,"menu_order":0,"comment_status":"closed","ping_status":"closed","template":"","meta":{"footnotes":""},"class_list":["post-6737","page","type-page","status-publish","hentry"],"_links":{"self":[{"href":"https:\/\/blogs.ua.es\/proyectosarquitectonicos\/wp-json\/wp\/v2\/pages\/6737","targetHints":{"allow":["GET"]}}],"collection":[{"href":"https:\/\/blogs.ua.es\/proyectosarquitectonicos\/wp-json\/wp\/v2\/pages"}],"about":[{"href":"https:\/\/blogs.ua.es\/proyectosarquitectonicos\/wp-json\/wp\/v2\/types\/page"}],"author":[{"embeddable":true,"href":"https:\/\/blogs.ua.es\/proyectosarquitectonicos\/wp-json\/wp\/v2\/users\/1037"}],"replies":[{"embeddable":true,"href":"https:\/\/blogs.ua.es\/proyectosarquitectonicos\/wp-json\/wp\/v2\/comments?post=6737"}],"version-history":[{"count":6,"href":"https:\/\/blogs.ua.es\/proyectosarquitectonicos\/wp-json\/wp\/v2\/pages\/6737\/revisions"}],"predecessor-version":[{"id":7143,"href":"https:\/\/blogs.ua.es\/proyectosarquitectonicos\/wp-json\/wp\/v2\/pages\/6737\/revisions\/7143"}],"wp:attachment":[{"href":"https:\/\/blogs.ua.es\/proyectosarquitectonicos\/wp-json\/wp\/v2\/media?parent=6737"}],"curies":[{"name":"wp","href":"https:\/\/api.w.org\/{rel}","templated":true}]}}