{"id":6975,"date":"2019-07-01T19:16:38","date_gmt":"2019-07-01T17:16:38","guid":{"rendered":"https:\/\/blogs.ua.es\/proyectosarquitectonicos\/?page_id=6975"},"modified":"2019-07-10T17:17:16","modified_gmt":"2019-07-10T15:17:16","slug":"g2-j-carrasco","status":"publish","type":"page","link":"https:\/\/blogs.ua.es\/proyectosarquitectonicos\/g2-j-carrasco\/","title":{"rendered":"G2. J.Carrasco"},"content":{"rendered":"<p><img loading=\"lazy\" decoding=\"async\" class=\"aligncenter wp-image-7065\" src=\"https:\/\/blogs.ua.es\/proyectosarquitectonicos\/files\/2019\/07\/primera-imagen-1024x820.png\" alt=\"\" width=\"550\" height=\"440\" srcset=\"https:\/\/blogs.ua.es\/proyectosarquitectonicos\/files\/2019\/07\/primera-imagen-1024x820.png 1024w, https:\/\/blogs.ua.es\/proyectosarquitectonicos\/files\/2019\/07\/primera-imagen-300x240.png 300w, https:\/\/blogs.ua.es\/proyectosarquitectonicos\/files\/2019\/07\/primera-imagen-768x615.png 768w, https:\/\/blogs.ua.es\/proyectosarquitectonicos\/files\/2019\/07\/primera-imagen-150x120.png 150w, https:\/\/blogs.ua.es\/proyectosarquitectonicos\/files\/2019\/07\/primera-imagen-400x320.png 400w, https:\/\/blogs.ua.es\/proyectosarquitectonicos\/files\/2019\/07\/primera-imagen.png 1280w\" sizes=\"auto, (max-width: 550px) 100vw, 550px\" \/><\/p>\n<h2 style=\"font-weight: 400\"><strong>Lenguaje, Espacio, Ritmo, Sociedades<\/strong><\/h2>\n<p style=\"font-weight: 400\">El taller explora qu\u00e9 supone pensar conjuntamente espacios y experiencias dando protagonismo a la colecci\u00f3n de ritmos que encadenan calendarios, ciclos de vida, lo replicado o lo mec\u00e1nico (teor\u00eda del Rhythmanalysis de Lefebvre 2004 y Edensor 2010); experimenta en lo atmosf\u00e9rico y las formas de penumbra (Edensor 2017 y Zardini 2005); y usa la t\u00e9cnica de lo disruptivo, solapes program\u00e1ticos extra\u00f1os, para generar nuevos dise\u00f1os (Tschumi 1994). Como otros a\u00f1os, el taller trabaja en colaboraci\u00f3n con otras disciplinas compartiendo conceptos que ya nos resultan familiares: por ejemplo, en literatura se le llama demiurgia o worldmaking al proceso gracias al cual se piensan los escenarios en los que una ficci\u00f3n ocurre (en lo fant\u00e1stico disponemos de m\u00faltiples ejemplos de tableros, mundos y reglas de tr\u00e1nsito gracias a Tolkien, Lewis, Rowling, etc.); o en sociolog\u00eda se le llama triangulaci\u00f3n al modo de contrastar una narraci\u00f3n con hechos objetivos, sobre todo cuando el punto de partida son historias de vida.<\/p>\n<p style=\"font-weight: 400\">En esta ocasi\u00f3n usaremos como punto de partida heterotop\u00edas literarias que hablan de situaciones que van desde lo m\u00e1s domestico a lo m\u00e1s inh\u00f3spito, y que constituyen cat\u00e1logos de naturalezas, sociedades y espacios. Citamos dos ejemplos: \u201cRascacielos\u201d (Ballard, 1975) donde el lenguaje de lo vertical refleje estatus, tiran\u00eda y poder, una primera discusi\u00f3n lanza cuestiones tales como \u00bfhay verticalidad no tir\u00e1nica? o \u00bfpuede haber un uso &#8216;en pro de lo social&#8217; en vertical?. \u201cA la deriva\u201d (Fitzgerald, 1979), en la que el lenguaje refleja la vida incomprendida al margen de la sociedad, y sujeta a los ciclos de mareas, esta vez en el T\u00e1mesis londinense \u201c\u2026<em>Esa es la direcci\u00f3n de la oficina del varadero donde se recibe el correo, dando la impresi\u00f3n de que usted hab\u00eda conseguido un apartamento bien amueblado en Chelsea\u2026<\/em>\u201d<\/p>\n<p style=\"font-weight: 400\">De los textos extraeremos fragmentos,\u00a0<em>otros<\/em>\u00a0ambientes no hegem\u00f3nicos, atm\u00f3sferas y habitantes. Restituir estos ambientes nos servir\u00e1 para formular enunciados que de alg\u00fan modo que refuercen, como dir\u00eda Foucault su naturaleza perturbadora, intensa, contradictoria o transformadora.<\/p>\n<p style=\"font-weight: 400\"><strong>Bibliografia<\/strong><\/p>\n<p style=\"font-weight: 400\">Edensor, T. (2010).\u00a0<em>Thinking about Rhythm and Space<\/em>. Dentro de: Geographies of Rhythm. Natures, Place, Mobilities and Bodies. London: Routledge.<\/p>\n<p style=\"font-weight: 400\">Edensor, T. (2017)\u00a0<em>From Light to Dark: Daylight, Illumination, and Gloom<\/em>. Minnesota: University of Minnesota Press.<\/p>\n<p style=\"font-weight: 400\">Lefebvre, H. (2004).\u00a0<em>Rhythmanalysis: Space, Time and Everydaylife<\/em>. London: Continuum.<\/p>\n<p style=\"font-weight: 400\">Lefebvre, H. (2014).\u00a0<em>Towards an Architecture of Enjoyment<\/em>. London: University of Minnesota Press.<\/p>\n<p style=\"font-weight: 400\">Schmid et al. (2011).\u00a0<em>Cities and Fascination. Beyond the Surplus of Meaning<\/em>. London: Ashgate.<\/p>\n<p style=\"font-weight: 400\">Tschumi, B. (1994).\u00a0<em>Spaces and Events<\/em>. Extracto de\u00a0<em>Architecture and Disjunction<\/em>. Incluido en Miles, M. (Ed.)\u00a0<em>The City Cultures Reader<\/em>, 2000. Cap.2:\u00a0<em>Living Urban Culture<\/em>. Routledge.<\/p>\n<p style=\"font-weight: 400\">Zardini, M. (2005).\u00a0<em>Sense of the City. An Alternate Approach to Urbanism<\/em>. Baden: Lars M\u00fcller Publishers.<\/p>\n","protected":false},"excerpt":{"rendered":"<p>Lenguaje, Espacio, Ritmo, Sociedades El taller explora qu\u00e9 supone pensar conjuntamente espacios y experiencias dando protagonismo a la colecci\u00f3n de ritmos que encadenan calendarios, ciclos de vida, lo replicado o lo mec\u00e1nico (teor\u00eda del Rhythmanalysis de Lefebvre 2004 y Edensor 2010); experimenta en lo atmosf\u00e9rico y las formas de penumbra (Edensor 2017 y Zardini 2005); [&hellip;]<\/p>\n","protected":false},"author":1037,"featured_media":0,"parent":0,"menu_order":0,"comment_status":"closed","ping_status":"closed","template":"","meta":{"footnotes":""},"class_list":["post-6975","page","type-page","status-publish","hentry"],"_links":{"self":[{"href":"https:\/\/blogs.ua.es\/proyectosarquitectonicos\/wp-json\/wp\/v2\/pages\/6975","targetHints":{"allow":["GET"]}}],"collection":[{"href":"https:\/\/blogs.ua.es\/proyectosarquitectonicos\/wp-json\/wp\/v2\/pages"}],"about":[{"href":"https:\/\/blogs.ua.es\/proyectosarquitectonicos\/wp-json\/wp\/v2\/types\/page"}],"author":[{"embeddable":true,"href":"https:\/\/blogs.ua.es\/proyectosarquitectonicos\/wp-json\/wp\/v2\/users\/1037"}],"replies":[{"embeddable":true,"href":"https:\/\/blogs.ua.es\/proyectosarquitectonicos\/wp-json\/wp\/v2\/comments?post=6975"}],"version-history":[{"count":5,"href":"https:\/\/blogs.ua.es\/proyectosarquitectonicos\/wp-json\/wp\/v2\/pages\/6975\/revisions"}],"predecessor-version":[{"id":7067,"href":"https:\/\/blogs.ua.es\/proyectosarquitectonicos\/wp-json\/wp\/v2\/pages\/6975\/revisions\/7067"}],"wp:attachment":[{"href":"https:\/\/blogs.ua.es\/proyectosarquitectonicos\/wp-json\/wp\/v2\/media?parent=6975"}],"curies":[{"name":"wp","href":"https:\/\/api.w.org\/{rel}","templated":true}]}}