{"id":233,"date":"2010-05-14T11:08:20","date_gmt":"2010-05-14T11:08:20","guid":{"rendered":"https:\/\/blogs.ua.es\/proyectosarquitectonicoscursosanteriores0\/?page_id=233"},"modified":"2010-05-14T12:07:12","modified_gmt":"2010-05-14T12:07:12","slug":"pi-curso-0001","status":"publish","type":"page","link":"https:\/\/blogs.ua.es\/proyectosarquitectonicoscursosanteriores0\/curso-20002001\/pi-curso-0001\/","title":{"rendered":"PI curso 00\/01"},"content":{"rendered":"<table style=\"height: 600px;width: 600px\" border=\"0\" cellspacing=\"0\" cellpadding=\"0\">\n<tbody>\n<tr>\n<td>A\u00f1o: 2000-2001<br \/>\nCurso: P I<br \/>\nProfesor(es): Dolores alonso + Javier Gironella<br \/>\n<a title=\"2000-2001_PI_javier+lola_01 by ProyectosArquitect\u00f3nicos EPSA UA, on Flickr\" href=\"http:\/\/www.flickr.com\/photos\/proyectosarquitectonicos\/4597729385\/in\/set-72157623914447159\/\" target=\"_blank\"><img loading=\"lazy\" decoding=\"async\" style=\"border: 0pt none\" src=\"http:\/\/farm4.static.flickr.com\/3376\/4597729385_b963257ae0_b.jpg\" alt=\"2000-2001_PI_javier+lola_01\" width=\"614\" height=\"211\" \/><\/a><\/td>\n<\/tr>\n<tr>\n<td>A\u00f1o: 2000-2001<br \/>\nCurso: P I<br \/>\nProfesor(es): Joaqu\u00edn Alvado + Javier S\u00e1ncez Merina<br \/>\n<a title=\"2000-2001_PI_alvado+merina_Jes\u00fas Oliavares by ProyectosArquitect\u00f3nicos EPSA UA, on Flickr\" href=\"http:\/\/www.flickr.com\/photos\/proyectosarquitectonicos\/4598346910\/in\/set-72157623914447159\/\" target=\"_blank\"><img loading=\"lazy\" decoding=\"async\" style=\"border: 0pt none\" src=\"http:\/\/farm2.static.flickr.com\/1391\/4598346910_8ca7784c14_b.jpg\" alt=\"2000-2001_PI_alvado+merina_Jes\u00fas Oliavares\" width=\"614\" height=\"168\" \/><\/a><\/td>\n<\/tr>\n<\/tbody>\n<\/table>\n","protected":false},"excerpt":{"rendered":"<p>A\u00f1o: 2000-2001 Curso: P I Profesor(es): Dolores alonso + Javier Gironella A\u00f1o: 2000-2001 Curso: P I Profesor(es): Joaqu\u00edn Alvado + Javier S\u00e1ncez Merina<\/p>\n","protected":false},"author":1583,"featured_media":0,"parent":73,"menu_order":0,"comment_status":"open","ping_status":"open","template":"","meta":{"footnotes":""},"class_list":["post-233","page","type-page","status-publish","hentry"],"_links":{"self":[{"href":"https:\/\/blogs.ua.es\/proyectosarquitectonicoscursosanteriores0\/wp-json\/wp\/v2\/pages\/233","targetHints":{"allow":["GET"]}}],"collection":[{"href":"https:\/\/blogs.ua.es\/proyectosarquitectonicoscursosanteriores0\/wp-json\/wp\/v2\/pages"}],"about":[{"href":"https:\/\/blogs.ua.es\/proyectosarquitectonicoscursosanteriores0\/wp-json\/wp\/v2\/types\/page"}],"author":[{"embeddable":true,"href":"https:\/\/blogs.ua.es\/proyectosarquitectonicoscursosanteriores0\/wp-json\/wp\/v2\/users\/1583"}],"replies":[{"embeddable":true,"href":"https:\/\/blogs.ua.es\/proyectosarquitectonicoscursosanteriores0\/wp-json\/wp\/v2\/comments?post=233"}],"version-history":[{"count":9,"href":"https:\/\/blogs.ua.es\/proyectosarquitectonicoscursosanteriores0\/wp-json\/wp\/v2\/pages\/233\/revisions"}],"predecessor-version":[{"id":237,"href":"https:\/\/blogs.ua.es\/proyectosarquitectonicoscursosanteriores0\/wp-json\/wp\/v2\/pages\/233\/revisions\/237"}],"up":[{"embeddable":true,"href":"https:\/\/blogs.ua.es\/proyectosarquitectonicoscursosanteriores0\/wp-json\/wp\/v2\/pages\/73"}],"wp:attachment":[{"href":"https:\/\/blogs.ua.es\/proyectosarquitectonicoscursosanteriores0\/wp-json\/wp\/v2\/media?parent=233"}],"curies":[{"name":"wp","href":"https:\/\/api.w.org\/{rel}","templated":true}]}}