{"id":164,"date":"2018-12-04T13:25:53","date_gmt":"2018-12-04T13:25:53","guid":{"rendered":"https:\/\/blogs.ua.es\/psicologiadelasalud\/?page_id=164"},"modified":"2019-09-17T12:01:26","modified_gmt":"2019-09-17T12:01:26","slug":"introduccion-a-la-psicologia","status":"publish","type":"page","link":"https:\/\/blogs.ua.es\/psicologiadelasalud\/videos\/introduccion-a-la-psicologia\/","title":{"rendered":"Introducci\u00f3n a la Psicolog\u00eda"},"content":{"rendered":"<p style=\"text-align: center\">Los Procesos Psicol\u00f3gicos B\u00e1sicos son la parte de la psicolog\u00eda que tiene como funci\u00f3n fundamental producir conocimientos nuevos acerca de los fen\u00f3menos psicol\u00f3gicos. En este tema se pretende introducir al alumnado al estudio del procesamiento cognitivo humano, aportando una idea global de qu\u00e9 es Psicolog\u00eda como ciencia y de sus caracter\u00edsticas. Se realizar\u00e1 un recorrido por los or\u00edgenes y escuelas fundacionales de dicha disciplina, as\u00ed como por las distintas \u00e1reas de acci\u00f3n, aportando una informaci\u00f3n global tanto de los contenidos como sobre los m\u00e9todos cient\u00edficos utilizados en Psicolog\u00eda.<\/p>\n<p><a href=\"https:\/\/www.dailymotion.com\/video\/x7vil2\">https:\/\/www.dailymotion.com\/video\/x7vil2<\/a><\/p>\n<p><iframe loading=\"lazy\" title=\"Historia de la Psicolog\u00eda: Sigmund Freud &quot;An\u00e1lisis de una mente&quot;\" width=\"604\" height=\"453\" src=\"https:\/\/www.youtube.com\/embed\/4_6aZlwK8C4?feature=oembed\" frameborder=\"0\" allow=\"accelerometer; autoplay; clipboard-write; encrypted-media; gyroscope; picture-in-picture; web-share\" referrerpolicy=\"strict-origin-when-cross-origin\" allowfullscreen><\/iframe><\/p>\n<p><iframe loading=\"lazy\" title=\"Historia de la Psicolog\u00eda: John B. Watson\" width=\"604\" height=\"453\" src=\"https:\/\/www.youtube.com\/embed\/4-Cg9VIRJRI?feature=oembed\" frameborder=\"0\" allow=\"accelerometer; autoplay; clipboard-write; encrypted-media; gyroscope; picture-in-picture; web-share\" referrerpolicy=\"strict-origin-when-cross-origin\" allowfullscreen><\/iframe><\/p>\n<p><iframe loading=\"lazy\" title=\"Wundt, padre de la Psicologia Cientifica\" width=\"604\" height=\"453\" src=\"https:\/\/www.youtube.com\/embed\/uuclor9gCoE?feature=oembed\" frameborder=\"0\" allow=\"accelerometer; autoplay; clipboard-write; encrypted-media; gyroscope; picture-in-picture; web-share\" referrerpolicy=\"strict-origin-when-cross-origin\" allowfullscreen><\/iframe><\/p>\n<p><a href=\"https:\/\/www.dailymotion.com\/video\/xak5h4\">https:\/\/www.dailymotion.com\/video\/xak5h4<\/a><\/p>\n","protected":false},"excerpt":{"rendered":"<p>Los Procesos Psicol\u00f3gicos B\u00e1sicos son la parte de la psicolog\u00eda que tiene como funci\u00f3n fundamental producir conocimientos nuevos acerca de los fen\u00f3menos psicol\u00f3gicos. En este tema se pretende introducir al alumnado al estudio del procesamiento cognitivo humano, aportando una idea global de qu\u00e9 es Psicolog\u00eda como ciencia y de sus caracter\u00edsticas. Se realizar\u00e1 un recorrido &hellip; <a href=\"https:\/\/blogs.ua.es\/psicologiadelasalud\/videos\/introduccion-a-la-psicologia\/\" class=\"more-link\">Continue reading <span class=\"screen-reader-text\">Introducci\u00f3n a la Psicolog\u00eda<\/span> <span class=\"meta-nav\">&rarr;<\/span><\/a><\/p>\n","protected":false},"author":4330,"featured_media":0,"parent":45,"menu_order":1,"comment_status":"closed","ping_status":"closed","template":"","meta":{"footnotes":""},"class_list":["post-164","page","type-page","status-publish","hentry"],"_links":{"self":[{"href":"https:\/\/blogs.ua.es\/psicologiadelasalud\/wp-json\/wp\/v2\/pages\/164","targetHints":{"allow":["GET"]}}],"collection":[{"href":"https:\/\/blogs.ua.es\/psicologiadelasalud\/wp-json\/wp\/v2\/pages"}],"about":[{"href":"https:\/\/blogs.ua.es\/psicologiadelasalud\/wp-json\/wp\/v2\/types\/page"}],"author":[{"embeddable":true,"href":"https:\/\/blogs.ua.es\/psicologiadelasalud\/wp-json\/wp\/v2\/users\/4330"}],"replies":[{"embeddable":true,"href":"https:\/\/blogs.ua.es\/psicologiadelasalud\/wp-json\/wp\/v2\/comments?post=164"}],"version-history":[{"count":4,"href":"https:\/\/blogs.ua.es\/psicologiadelasalud\/wp-json\/wp\/v2\/pages\/164\/revisions"}],"predecessor-version":[{"id":368,"href":"https:\/\/blogs.ua.es\/psicologiadelasalud\/wp-json\/wp\/v2\/pages\/164\/revisions\/368"}],"up":[{"embeddable":true,"href":"https:\/\/blogs.ua.es\/psicologiadelasalud\/wp-json\/wp\/v2\/pages\/45"}],"wp:attachment":[{"href":"https:\/\/blogs.ua.es\/psicologiadelasalud\/wp-json\/wp\/v2\/media?parent=164"}],"curies":[{"name":"wp","href":"https:\/\/api.w.org\/{rel}","templated":true}]}}