{"id":224,"date":"2018-12-06T10:45:24","date_gmt":"2018-12-06T10:45:24","guid":{"rendered":"https:\/\/blogs.ua.es\/psicologiadelasalud\/?page_id=224"},"modified":"2018-12-06T11:15:47","modified_gmt":"2018-12-06T11:15:47","slug":"memoria","status":"publish","type":"page","link":"https:\/\/blogs.ua.es\/psicologiadelasalud\/videos\/memoria\/","title":{"rendered":"Memoria"},"content":{"rendered":"<p>La memoria es el almac\u00e9n de la mente, el dep\u00f3sito de los conocimientos acumulados. La memoria es cualquier indicio de que el aprendizaje ha persistido a lo largo del tiempo. Es nuestra capacidad de almacenar y recuperar informaci\u00f3n.\u00a0 En este tema veremos c\u00f3mo se codifica, almacena y recupera la informaci\u00f3n o porqu\u00e9 se produce el fen\u00f3meno del olvido. Tambi\u00e9n estudiaremos los principales m\u00e9todos para mejorar la memoria y los aspectos aplicados de la psicolog\u00eda de la memoria, y un \u00faltimo apartado sobre los trastornos de memoria.<\/p>\n<p>https:\/\/www.dailymotion.com\/video\/x1os0oe<\/p>\n<p>https:\/\/www.dailymotion.com\/video\/x9a6n3<\/p>\n<p>https:\/\/www.dailymotion.com\/video\/xv0mdw<\/p>\n","protected":false},"excerpt":{"rendered":"<p>La memoria es el almac\u00e9n de la mente, el dep\u00f3sito de los conocimientos acumulados. La memoria es cualquier indicio de que el aprendizaje ha persistido a lo largo del tiempo. Es nuestra capacidad de almacenar y recuperar informaci\u00f3n.\u00a0 En este tema veremos c\u00f3mo se codifica, almacena y recupera la informaci\u00f3n o porqu\u00e9 se produce el &hellip; <a href=\"https:\/\/blogs.ua.es\/psicologiadelasalud\/videos\/memoria\/\" class=\"more-link\">Continue reading <span class=\"screen-reader-text\">Memoria<\/span> <span class=\"meta-nav\">&rarr;<\/span><\/a><\/p>\n","protected":false},"author":4330,"featured_media":0,"parent":45,"menu_order":6,"comment_status":"closed","ping_status":"closed","template":"","meta":{"footnotes":""},"class_list":["post-224","page","type-page","status-publish","hentry"],"_links":{"self":[{"href":"https:\/\/blogs.ua.es\/psicologiadelasalud\/wp-json\/wp\/v2\/pages\/224","targetHints":{"allow":["GET"]}}],"collection":[{"href":"https:\/\/blogs.ua.es\/psicologiadelasalud\/wp-json\/wp\/v2\/pages"}],"about":[{"href":"https:\/\/blogs.ua.es\/psicologiadelasalud\/wp-json\/wp\/v2\/types\/page"}],"author":[{"embeddable":true,"href":"https:\/\/blogs.ua.es\/psicologiadelasalud\/wp-json\/wp\/v2\/users\/4330"}],"replies":[{"embeddable":true,"href":"https:\/\/blogs.ua.es\/psicologiadelasalud\/wp-json\/wp\/v2\/comments?post=224"}],"version-history":[{"count":3,"href":"https:\/\/blogs.ua.es\/psicologiadelasalud\/wp-json\/wp\/v2\/pages\/224\/revisions"}],"predecessor-version":[{"id":249,"href":"https:\/\/blogs.ua.es\/psicologiadelasalud\/wp-json\/wp\/v2\/pages\/224\/revisions\/249"}],"up":[{"embeddable":true,"href":"https:\/\/blogs.ua.es\/psicologiadelasalud\/wp-json\/wp\/v2\/pages\/45"}],"wp:attachment":[{"href":"https:\/\/blogs.ua.es\/psicologiadelasalud\/wp-json\/wp\/v2\/media?parent=224"}],"curies":[{"name":"wp","href":"https:\/\/api.w.org\/{rel}","templated":true}]}}