{"id":253,"date":"2018-12-06T17:51:00","date_gmt":"2018-12-06T17:51:00","guid":{"rendered":"https:\/\/blogs.ua.es\/psicologiadelasalud\/?page_id=253"},"modified":"2020-06-23T11:40:12","modified_gmt":"2020-06-23T11:40:12","slug":"personalidad","status":"publish","type":"page","link":"https:\/\/blogs.ua.es\/psicologiadelasalud\/videos\/personalidad\/","title":{"rendered":"Personalidad"},"content":{"rendered":"<p>La psicolog\u00eda de la personalidad pretende profundizar en el conocimiento del ser humano, analizar las causas de su comportamiento y hacer predicciones sobre el mismo. La personalidad es una de las cuestiones fundamentales a la que se han enfrentado los fil\u00f3sofos ya con anterioridad a Hip\u00f3crates. La dificultad con la que nos encontramos a la hora de responder a esta cuesti\u00f3n de la personalidad humana se debe a la multitud de variables o factores que comporta la elaboraci\u00f3n de una definici\u00f3n precisa de la misma.<\/p>\n<p>https:\/\/www.dailymotion.com\/video\/xhl3jx<\/p>\n<p>https:\/\/www.dailymotion.com\/video\/xh6036<\/p>\n<p>https:\/\/www.dailymotion.com\/video\/x9nvst<\/p>\n<p><iframe loading=\"lazy\" title=\"Teor\u00eda de la Personalidad de Freud: Yo, Supery\u00f3 y Ello\" width=\"604\" height=\"340\" src=\"https:\/\/www.youtube.com\/embed\/v2hDEhQnCzA?feature=oembed\" frameborder=\"0\" allow=\"accelerometer; autoplay; clipboard-write; encrypted-media; gyroscope; picture-in-picture; web-share\" referrerpolicy=\"strict-origin-when-cross-origin\" allowfullscreen><\/iframe><\/p>\n","protected":false},"excerpt":{"rendered":"<p>La psicolog\u00eda de la personalidad pretende profundizar en el conocimiento del ser humano, analizar las causas de su comportamiento y hacer predicciones sobre el mismo. La personalidad es una de las cuestiones fundamentales a la que se han enfrentado los fil\u00f3sofos ya con anterioridad a Hip\u00f3crates. La dificultad con la que nos encontramos a la &hellip; <a href=\"https:\/\/blogs.ua.es\/psicologiadelasalud\/videos\/personalidad\/\" class=\"more-link\">Continue reading <span class=\"screen-reader-text\">Personalidad<\/span> <span class=\"meta-nav\">&rarr;<\/span><\/a><\/p>\n","protected":false},"author":4330,"featured_media":0,"parent":45,"menu_order":11,"comment_status":"closed","ping_status":"closed","template":"","meta":{"footnotes":""},"class_list":["post-253","page","type-page","status-publish","hentry"],"_links":{"self":[{"href":"https:\/\/blogs.ua.es\/psicologiadelasalud\/wp-json\/wp\/v2\/pages\/253","targetHints":{"allow":["GET"]}}],"collection":[{"href":"https:\/\/blogs.ua.es\/psicologiadelasalud\/wp-json\/wp\/v2\/pages"}],"about":[{"href":"https:\/\/blogs.ua.es\/psicologiadelasalud\/wp-json\/wp\/v2\/types\/page"}],"author":[{"embeddable":true,"href":"https:\/\/blogs.ua.es\/psicologiadelasalud\/wp-json\/wp\/v2\/users\/4330"}],"replies":[{"embeddable":true,"href":"https:\/\/blogs.ua.es\/psicologiadelasalud\/wp-json\/wp\/v2\/comments?post=253"}],"version-history":[{"count":2,"href":"https:\/\/blogs.ua.es\/psicologiadelasalud\/wp-json\/wp\/v2\/pages\/253\/revisions"}],"predecessor-version":[{"id":473,"href":"https:\/\/blogs.ua.es\/psicologiadelasalud\/wp-json\/wp\/v2\/pages\/253\/revisions\/473"}],"up":[{"embeddable":true,"href":"https:\/\/blogs.ua.es\/psicologiadelasalud\/wp-json\/wp\/v2\/pages\/45"}],"wp:attachment":[{"href":"https:\/\/blogs.ua.es\/psicologiadelasalud\/wp-json\/wp\/v2\/media?parent=253"}],"curies":[{"name":"wp","href":"https:\/\/api.w.org\/{rel}","templated":true}]}}