{"id":289,"date":"2018-12-06T18:54:39","date_gmt":"2018-12-06T18:54:39","guid":{"rendered":"https:\/\/blogs.ua.es\/psicologiadelasalud\/?page_id=289"},"modified":"2018-12-07T11:11:31","modified_gmt":"2018-12-07T11:11:31","slug":"scopus","status":"publish","type":"page","link":"https:\/\/blogs.ua.es\/psicologiadelasalud\/bibliografia\/scopus\/","title":{"rendered":"Scopus"},"content":{"rendered":"<p>Scopus es una base de datos bibliogr\u00e1fica de res\u00famenes y citas de art\u00edculos de revistas cient\u00edficas. Cubre aproximadamente 18.000 t\u00edtulos de m\u00e1s de 5.000 editores internacionales, incluyendo la cobertura de 16.500 revistas revisadas por pares de las \u00e1reas de ciencias, tecnolog\u00eda, medicina y ciencias sociales, incluyendo artes y humanidades.<\/p>\n<p><a href=\"https:\/\/www.scopus.com\/search\/form.uri?display=basic\">Pinche aqu\u00ed para acceder a Scopus<\/a><\/p>\n","protected":false},"excerpt":{"rendered":"<p>Scopus es una base de datos bibliogr\u00e1fica de res\u00famenes y citas de art\u00edculos de revistas cient\u00edficas. Cubre aproximadamente 18.000 t\u00edtulos de m\u00e1s de 5.000 editores internacionales, incluyendo la cobertura de 16.500 revistas revisadas por pares de las \u00e1reas de ciencias, tecnolog\u00eda, medicina y ciencias sociales, incluyendo artes y humanidades. Pinche aqu\u00ed para acceder a Scopus<\/p>\n","protected":false},"author":4330,"featured_media":0,"parent":48,"menu_order":3,"comment_status":"closed","ping_status":"closed","template":"","meta":{"footnotes":""},"class_list":["post-289","page","type-page","status-publish","hentry"],"_links":{"self":[{"href":"https:\/\/blogs.ua.es\/psicologiadelasalud\/wp-json\/wp\/v2\/pages\/289","targetHints":{"allow":["GET"]}}],"collection":[{"href":"https:\/\/blogs.ua.es\/psicologiadelasalud\/wp-json\/wp\/v2\/pages"}],"about":[{"href":"https:\/\/blogs.ua.es\/psicologiadelasalud\/wp-json\/wp\/v2\/types\/page"}],"author":[{"embeddable":true,"href":"https:\/\/blogs.ua.es\/psicologiadelasalud\/wp-json\/wp\/v2\/users\/4330"}],"replies":[{"embeddable":true,"href":"https:\/\/blogs.ua.es\/psicologiadelasalud\/wp-json\/wp\/v2\/comments?post=289"}],"version-history":[{"count":2,"href":"https:\/\/blogs.ua.es\/psicologiadelasalud\/wp-json\/wp\/v2\/pages\/289\/revisions"}],"predecessor-version":[{"id":293,"href":"https:\/\/blogs.ua.es\/psicologiadelasalud\/wp-json\/wp\/v2\/pages\/289\/revisions\/293"}],"up":[{"embeddable":true,"href":"https:\/\/blogs.ua.es\/psicologiadelasalud\/wp-json\/wp\/v2\/pages\/48"}],"wp:attachment":[{"href":"https:\/\/blogs.ua.es\/psicologiadelasalud\/wp-json\/wp\/v2\/media?parent=289"}],"curies":[{"name":"wp","href":"https:\/\/api.w.org\/{rel}","templated":true}]}}