{"id":294,"date":"2018-12-07T11:14:02","date_gmt":"2018-12-07T11:14:02","guid":{"rendered":"https:\/\/blogs.ua.es\/psicologiadelasalud\/?page_id=294"},"modified":"2018-12-14T10:50:58","modified_gmt":"2018-12-14T10:50:58","slug":"web-of-science","status":"publish","type":"page","link":"https:\/\/blogs.ua.es\/psicologiadelasalud\/bibliografia\/web-of-science\/","title":{"rendered":"Web of Science"},"content":{"rendered":"<p>Web of Science es un servicio en l\u00ednea de informaci\u00f3n cient\u00edfica, suministrado por el <em>Institute for Scientific Information<\/em>, grupo integrado en Thomson Reuters. Facilita el acceso a un conjunto de bases de datos bibliogr\u00e1ficas y otros recursos que abarcan todos los campos del conocimiento acad\u00e9mico.<\/p>\n<p><a href=\"https:\/\/apps.webofknowledge.com\/UA_GeneralSearch_input.do?product=UA&amp;search_mode=GeneralSearch&amp;SID=E5l9X2eFixEQjZstVsw&amp;preferencesSaved=\">Pinche aqu\u00ed para acceder a Web of Science<\/a><\/p>\n","protected":false},"excerpt":{"rendered":"<p>Web of Science es un servicio en l\u00ednea de informaci\u00f3n cient\u00edfica, suministrado por el Institute for Scientific Information, grupo integrado en Thomson Reuters. Facilita el acceso a un conjunto de bases de datos bibliogr\u00e1ficas y otros recursos que abarcan todos los campos del conocimiento acad\u00e9mico. Pinche aqu\u00ed para acceder a Web of Science<\/p>\n","protected":false},"author":4330,"featured_media":0,"parent":48,"menu_order":4,"comment_status":"closed","ping_status":"closed","template":"","meta":{"footnotes":""},"class_list":["post-294","page","type-page","status-publish","hentry"],"_links":{"self":[{"href":"https:\/\/blogs.ua.es\/psicologiadelasalud\/wp-json\/wp\/v2\/pages\/294","targetHints":{"allow":["GET"]}}],"collection":[{"href":"https:\/\/blogs.ua.es\/psicologiadelasalud\/wp-json\/wp\/v2\/pages"}],"about":[{"href":"https:\/\/blogs.ua.es\/psicologiadelasalud\/wp-json\/wp\/v2\/types\/page"}],"author":[{"embeddable":true,"href":"https:\/\/blogs.ua.es\/psicologiadelasalud\/wp-json\/wp\/v2\/users\/4330"}],"replies":[{"embeddable":true,"href":"https:\/\/blogs.ua.es\/psicologiadelasalud\/wp-json\/wp\/v2\/comments?post=294"}],"version-history":[{"count":4,"href":"https:\/\/blogs.ua.es\/psicologiadelasalud\/wp-json\/wp\/v2\/pages\/294\/revisions"}],"predecessor-version":[{"id":349,"href":"https:\/\/blogs.ua.es\/psicologiadelasalud\/wp-json\/wp\/v2\/pages\/294\/revisions\/349"}],"up":[{"embeddable":true,"href":"https:\/\/blogs.ua.es\/psicologiadelasalud\/wp-json\/wp\/v2\/pages\/48"}],"wp:attachment":[{"href":"https:\/\/blogs.ua.es\/psicologiadelasalud\/wp-json\/wp\/v2\/media?parent=294"}],"curies":[{"name":"wp","href":"https:\/\/api.w.org\/{rel}","templated":true}]}}