{"id":2,"date":"2010-03-31T10:15:47","date_gmt":"2010-03-31T10:15:47","guid":{"rendered":""},"modified":"2022-02-20T06:43:23","modified_gmt":"2022-02-20T06:43:23","slug":"informacion","status":"publish","type":"page","link":"https:\/\/blogs.ua.es\/psicologiaeducacio\/informacion\/","title":{"rendered":"1.- Prensentaci\u00f3"},"content":{"rendered":"<p style=\"text-align: justify\">Este bloc ens servir\u00e0 com a recolzament de les activitats pr\u00e0ctiques que anem desenvolupant a les classe de Psicologia Evolutiva i de l&#8217;Educaci\u00f3. T\u00e9 la intenci\u00f3 de servir de punt de trovada virtual, entre tots els alumnes dels grups de pr\u00e0ctiques implicats en la seua construcci\u00f3. Des de ac\u00ed els docents que\u00a0 col\u00b7labore&#8217;m per a coordinar esta activitat vos animem a participar amb les vostres aportacions.<\/p>\n<p style=\"text-align: justify\">Salutacions a tots.<\/p>\n<p style=\"text-align: center\"><a href=\"https:\/\/blogs.ua.es\/psicologiaeducacio\/2015\/06\/08\/1798\/la-mano-ua-web\/\" rel=\"attachment wp-att-17\"><img loading=\"lazy\" decoding=\"async\" class=\"aligncenter size-full wp-image-17\" src=\"https:\/\/blogs.ua.es\/psicologiaeducacio\/files\/2010\/12\/La-Mano-UA-WEB.jpg\" alt=\"\" width=\"280\" height=\"455\" \/><\/a><\/p>\n<p style=\"text-align: justify\">Les assignatures de Psicologia Evolutiva i de l\u2019Educaci\u00f3 en la Universitat d\u2019Alacant, formen part del primer curs del Grau de Mestre tant en l\u2019especialitat d\u2019Educaci\u00f3 Infantil com en la d\u2019Educaci\u00f3 Prim\u00e0ria, son assignatures de les denominades B\u00e0siques, com\u00fa a tots els t\u00edtols de Grau de Mestre de la Comunitat Europea.<\/p>\n<p lang=\"ca-ES\" style=\"text-align: justify\">La Psicologia com a disciplina cient\u00edfica estudia l\u2019activitat ps\u00edquica i el comportament dels individus, incloent els processos cognitius. Durant les \u00faltimes d\u00e8cades del segle XX la Psicologia s\u2019ha consolidat i els estudiosos del comportament hum\u00e0 complixen en l\u2019actualitat un paper molt important en la promoci\u00f3 de la salut mental, la prevenci\u00f3 de trastorns mentals i de la conducta, el benestar i la qualitat de vida de les persones, l\u2019educaci\u00f3 i la intervenci\u00f3 social.<\/p>\n<p style=\"text-align: justify\">La Psicologia Evolutiva \u00e9s l\u2019\u00e0rea de la psicologia que es s\u2019ocupa d\u2019estudiar els processos de canvi psicol\u00f2gic que li ocurrixen a les persones al llarg de la seua vida. Els seus objectius principals consistixen en descriure els canvis psicol\u00f2gics i tractar d\u2019explicar el per qu\u00e8 es donen, tant com presentar evidencies de les diferencies existents entre unes i altres persones, i assentar les bases per a els distints tipus d\u2019intervenci\u00f3 psicoeducativa. La psicologia evolutiva ens permetr\u00e0 entendre l\u2019evoluci\u00f3 dels nostres alumnes i el per qu\u00e8 de la import\u00e0ncia de sistematitzar els processos d\u2019ensenyan\u00e7a i aprenentatge, a m\u00e9s de recon\u00e8ixer la necessitat i import\u00e0ncia de individualitzar la nostra doc\u00e8ncia a les caracter\u00edstiques peculiars de cada individu i el seu moment evolutiu.<\/p>\n<p lang=\"ca-ES\" style=\"text-align: justify\">La Psicologia de l\u2019Educaci\u00f3 \u00e9s l\u2019\u00e0rea de la psicologia que es dedica a l\u2019estudi de l\u2019ensenyan\u00e7a humana dins dels centres educatius; compr\u00e9n, per tant, l\u2019an\u00e0lisi de les formes d\u2019aprendre i d\u2019ensenyar, l\u2019efectivitat de les intervencions educatives amb l\u2019objecte de millorar el proc\u00e9s, l\u2019aplicaci\u00f3 de la psicologia a eixos fins i l\u2019aplicaci\u00f3 dels principis de la psicologia social en aquelles organitzacions el fi de les quals \u00e9s instruir. La psicologia de l\u2019educaci\u00f3 estudia com els estudiants aprenen i es desenrotllen, a vegades focalitzant l\u2019atenci\u00f3 en subgrups com ara xiquets superdotats o aquells subjectes que patixen d\u2019alguna dificultat espec\u00edfica.<\/p>\n","protected":false},"excerpt":{"rendered":"<p>Este bloc ens servir\u00e0 com a recolzament de les activitats pr\u00e0ctiques que anem desenvolupant a les classe de Psicologia Evolutiva i de l&#8217;Educaci\u00f3. T\u00e9 la intenci\u00f3 de servir de punt de trovada virtual, entre tots els alumnes dels grups de pr\u00e0ctiques implicats en la seua construcci\u00f3. Des de ac\u00ed els docents que\u00a0 col\u00b7labore&#8217;m per a [&hellip;]<\/p>\n","protected":false},"author":1687,"featured_media":0,"parent":0,"menu_order":0,"comment_status":"closed","ping_status":"open","template":"","meta":{"footnotes":""},"class_list":["post-2","page","type-page","status-publish","hentry"],"_links":{"self":[{"href":"https:\/\/blogs.ua.es\/psicologiaeducacio\/wp-json\/wp\/v2\/pages\/2","targetHints":{"allow":["GET"]}}],"collection":[{"href":"https:\/\/blogs.ua.es\/psicologiaeducacio\/wp-json\/wp\/v2\/pages"}],"about":[{"href":"https:\/\/blogs.ua.es\/psicologiaeducacio\/wp-json\/wp\/v2\/types\/page"}],"author":[{"embeddable":true,"href":"https:\/\/blogs.ua.es\/psicologiaeducacio\/wp-json\/wp\/v2\/users\/1687"}],"replies":[{"embeddable":true,"href":"https:\/\/blogs.ua.es\/psicologiaeducacio\/wp-json\/wp\/v2\/comments?post=2"}],"version-history":[{"count":23,"href":"https:\/\/blogs.ua.es\/psicologiaeducacio\/wp-json\/wp\/v2\/pages\/2\/revisions"}],"predecessor-version":[{"id":5,"href":"https:\/\/blogs.ua.es\/psicologiaeducacio\/wp-json\/wp\/v2\/pages\/2\/revisions\/5"}],"wp:attachment":[{"href":"https:\/\/blogs.ua.es\/psicologiaeducacio\/wp-json\/wp\/v2\/media?parent=2"}],"curies":[{"name":"wp","href":"https:\/\/api.w.org\/{rel}","templated":true}]}}