{"id":224,"date":"2011-02-02T17:24:10","date_gmt":"2011-02-02T17:24:10","guid":{"rendered":"https:\/\/blogs.ua.es\/psicologiaeducacio\/"},"modified":"2022-02-20T06:45:15","modified_gmt":"2022-02-20T06:45:15","slug":"materials-audiovisuals-psicologia-evolutiva","status":"publish","type":"page","link":"https:\/\/blogs.ua.es\/psicologiaeducacio\/materials-audiovisuals-psicologia-evolutiva\/","title":{"rendered":"3.- Materials Audio-visuals Psicologia Evolutiva"},"content":{"rendered":"<p style=\"text-align: justify\">A continuaci\u00f3, disposem d&#8217;una s\u00e8rie de documentals que tracten el desenvolupament hum\u00e0 des de diferents \u00e0mbits, ja siga el mot\u00f2ric, relacional o emocionals. Aquestos materials audiovisuals poden ajudar-nos a entendre molt millor una etapa del desenvolupament fonamental en el conjunt de l&#8217;evoluci\u00f3 del individu.<\/p>\n<p style=\"text-align: center\"><strong>Baby Human &#8211; Caminar<\/strong><\/p>\n<p><iframe loading=\"lazy\" title=\"baby human caminar WAV\" width=\"600\" height=\"450\" src=\"https:\/\/www.youtube.com\/embed\/agAuMe4jN_A?feature=oembed\" frameborder=\"0\" allow=\"accelerometer; autoplay; clipboard-write; encrypted-media; gyroscope; picture-in-picture; web-share\" referrerpolicy=\"strict-origin-when-cross-origin\" allowfullscreen><\/iframe><\/p>\n<p style=\"text-align: center\">&#8212;<\/p>\n<p style=\"text-align: center\"><strong>Baby Human &#8211; Hablar<\/strong><\/p>\n<p>https:\/\/www.youtube.com\/watch?v=AWsaKZS_ZKY<\/p>\n<p style=\"text-align: center\">&#8212;<\/p>\n<p style=\"text-align: center\"><strong>Ba<\/strong><strong>by Human &#8211; Pensar<\/strong><\/p>\n<p><iframe loading=\"lazy\" title=\"Baby Human - 02 - Pensar\" width=\"600\" height=\"450\" src=\"https:\/\/www.youtube.com\/embed\/EHZ8cS7s1vY?feature=oembed\" frameborder=\"0\" allow=\"accelerometer; autoplay; clipboard-write; encrypted-media; gyroscope; picture-in-picture; web-share\" referrerpolicy=\"strict-origin-when-cross-origin\" allowfullscreen><\/iframe><\/p>\n<p style=\"text-align: center\">&#8212;<\/p>\n<p style=\"text-align: center\"><strong>Baby Human &#8211; Relacionarse<\/strong><\/p>\n<p><iframe loading=\"lazy\" title=\"Baby Human - 05 - Relacionarse\" width=\"600\" height=\"338\" src=\"https:\/\/www.youtube.com\/embed\/r-RLTPBAZAA?feature=oembed\" frameborder=\"0\" allow=\"accelerometer; autoplay; clipboard-write; encrypted-media; gyroscope; picture-in-picture; web-share\" referrerpolicy=\"strict-origin-when-cross-origin\" allowfullscreen><\/iframe><\/p>\n<p style=\"text-align: center\">&#8212;<\/p>\n<p style=\"text-align: center\"><strong>Baby Human &#8211; Sentir<\/strong><\/p>\n<p>https:\/\/www.youtube.com\/watch?v=gKAeocn9cMA<\/p>\n<p style=\"text-align: center\">&#8212;<\/p>\n<p style=\"text-align: center\"><strong>Desenvolupament psicol\u00f2gic &#8211; Biologia o ambient<\/strong><\/p>\n<p style=\"text-align: justify\">Qu\u00e8 juga un paper m\u00e9s determinant al desenvolupament hum\u00e0, la biologia del individu o la cultura que l&#8217;estimula? el presente material audiovisual versa entorn a aquestos punts de vista, en ocasions, enfrontats.<\/p>\n<p style=\"text-align: center\"><a href=\"https:\/\/vertice.cpd.ua.es\/11825\" target=\"_blank\" rel=\"noopener noreferrer\"><strong>Material audiovisual<\/strong><\/a><\/p>\n<p style=\"text-align: center\">&#8212;<\/p>\n<p style=\"text-align: center\"><strong>A prop\u00f3sito de Schmidt<\/strong><\/p>\n<p>Material de treball a partir del qual podem observar els diferents canvis que es donen a les \u00faltimes etapes del desenvolupament hum\u00e0 a nivell f\u00edsic, emocional i social.<\/p>\n<p style=\"text-align: center\"><strong><a href=\"https:\/\/zebra.cpd.ua.es\/vertice\/11845\" target=\"_blank\" rel=\"noopener noreferrer\">Material audiovisual<\/a><\/strong><\/p>\n<p style=\"text-align: center\"><strong>&#8212;<\/strong><\/p>\n<p style=\"text-align: justify\">Altre gran documental de Tres14, aquest en concret, tracta de boca de professionals cl\u00ednics de gran renom, els problemes que poden\u00a0 surtir durant la gestaci\u00f3 d&#8217;un xiquet i que a la seua vida com a infant\/adult poden tindre grans repercussions en el seu desenvolupament, el seu aprenentatge i la seua capacitat per a integrar-se i formar part de la societat fent \u00fas de tot el seu potencial. En la majoria dels casos que es descriuen al documental, els factors teratol\u00f2gics son determinats en la cerca d&#8217;un desencadenant de les dificultats que puga presentar en neonato.<\/p>\n<p style=\"text-align: center\"><strong><a href=\"http:\/\/www.rtve.es\/television\/20090921\/bebes-tres14-septiembre\/293280.shtml\" target=\"_blank\" rel=\"noopener noreferrer\">Beb\u00e9s<\/a><\/strong><\/p>\n<p style=\"text-align: center\"><strong><br \/>\n&#8212;<\/strong><\/p>\n<p style=\"text-align: center\"><strong>Recordando a Henry<\/strong><\/p>\n<p style=\"text-align: justify\">Utilitzarem la pel\u00b7l\u00edcula <em>Recordando a Henry<\/em> per a observar alguns dels aspectes fonamentals en el desenvolupament hum\u00e0, mitjan\u00e7ant la seua recuperaci\u00f3 d&#8217;una lesi\u00f3 que li resta part de les seues capacitats i com amb el recolzament de l&#8217;estimulaci\u00f3 f\u00edsica i cognitiva recupera part de les aptituds perdudes.<\/p>\n<p style=\"text-align: center\"><a href=\"http:\/\/vertice.cpd.ua.es\/28666\">Material audiovisual<\/a><\/p>\n","protected":false},"excerpt":{"rendered":"<p>A continuaci\u00f3, disposem d&#8217;una s\u00e8rie de documentals que tracten el desenvolupament hum\u00e0 des de diferents \u00e0mbits, ja siga el mot\u00f2ric, relacional o emocionals. Aquestos materials audiovisuals poden ajudar-nos a entendre molt millor una etapa del desenvolupament fonamental en el conjunt de l&#8217;evoluci\u00f3 del individu. Baby Human &#8211; Caminar &#8212; Baby Human &#8211; Hablar https:\/\/www.youtube.com\/watch?v=AWsaKZS_ZKY &#8212; [&hellip;]<\/p>\n","protected":false},"author":1687,"featured_media":0,"parent":0,"menu_order":0,"comment_status":"open","ping_status":"closed","template":"","meta":{"footnotes":""},"class_list":["post-224","page","type-page","status-publish","hentry"],"_links":{"self":[{"href":"https:\/\/blogs.ua.es\/psicologiaeducacio\/wp-json\/wp\/v2\/pages\/224","targetHints":{"allow":["GET"]}}],"collection":[{"href":"https:\/\/blogs.ua.es\/psicologiaeducacio\/wp-json\/wp\/v2\/pages"}],"about":[{"href":"https:\/\/blogs.ua.es\/psicologiaeducacio\/wp-json\/wp\/v2\/types\/page"}],"author":[{"embeddable":true,"href":"https:\/\/blogs.ua.es\/psicologiaeducacio\/wp-json\/wp\/v2\/users\/1687"}],"replies":[{"embeddable":true,"href":"https:\/\/blogs.ua.es\/psicologiaeducacio\/wp-json\/wp\/v2\/comments?post=224"}],"version-history":[{"count":43,"href":"https:\/\/blogs.ua.es\/psicologiaeducacio\/wp-json\/wp\/v2\/pages\/224\/revisions"}],"predecessor-version":[{"id":2144,"href":"https:\/\/blogs.ua.es\/psicologiaeducacio\/wp-json\/wp\/v2\/pages\/224\/revisions\/2144"}],"wp:attachment":[{"href":"https:\/\/blogs.ua.es\/psicologiaeducacio\/wp-json\/wp\/v2\/media?parent=224"}],"curies":[{"name":"wp","href":"https:\/\/api.w.org\/{rel}","templated":true}]}}