{"id":534,"date":"2011-03-09T12:50:57","date_gmt":"2011-03-09T12:50:57","guid":{"rendered":"https:\/\/blogs.ua.es\/psicologiaeducacio\/"},"modified":"2022-02-20T06:45:42","modified_gmt":"2022-02-20T06:45:42","slug":"7-projecte-dinvestigacio-tgd-i-tdah","status":"publish","type":"page","link":"https:\/\/blogs.ua.es\/psicologiaeducacio\/7-projecte-dinvestigacio-tgd-i-tdah\/","title":{"rendered":"5.- Projecte d&#8217;investigaci\u00f3 TEA i TDAH-TDA"},"content":{"rendered":"<p style=\"text-align: justify\"><a href=\"https:\/\/blogs.ua.es\/psicologiaeducacio\/7-projecte-dinvestigacio-tgd-i-tdah\/autismo\/\" rel=\"attachment wp-att-541\"><img loading=\"lazy\" decoding=\"async\" class=\"alignleft size-full wp-image-541\" src=\"https:\/\/blogs.ua.es\/psicologiaeducacio\/files\/2011\/03\/Autismo.jpg\" alt=\"\" width=\"260\" height=\"194\" srcset=\"https:\/\/blogs.ua.es\/psicologiaeducacio\/files\/2011\/03\/Autismo.jpg 260w, https:\/\/blogs.ua.es\/psicologiaeducacio\/files\/2011\/03\/Autismo-150x111.jpg 150w\" sizes=\"auto, (max-width: 260px) 100vw, 260px\" \/><\/a>Des de la Facultat d&#8217;Educaci\u00f3 de la Universitat d&#8217;Alacant i dintre del marc Europeu d&#8217;Educaci\u00f3 Superior, estem desenvolupant diferents projectes pilots per a millorar la nostra doc\u00e8ncia.<\/p>\n<p style=\"text-align: justify\">Entre els diferents projectes, es troba el disseny d&#8217;assignatures en les quals preval la import\u00e0ncia i el desenvolupament de compet\u00e8ncies relacionades amb la pr\u00e0ctica professional dels futurs graduats. Entre aquestes compet\u00e8ncies es troben el treball col\u00b7laboratiu en equips multidisciplinars i les habilitats de comunicaci\u00f3 oral. A m\u00e9s, per a aconseguir arribar a tals prop\u00f2sits, s&#8217;ha dissenyat una doc\u00e8ncia centrada en l&#8217;aprenentatge a trav\u00e9s de projectes d&#8217;investigaci\u00f3, partint de l&#8217;estudi de diversos trastorns del desenvolupament i comportamentals que poden tenir una incid\u00e8ncia significativa en entorns educatius. S\u2019han escollit TGD i TDAH per a elaborar de forma col\u00b7laborativa (un grup d&#8217;alumnes de Psicopedagogia juntament amb un grup d&#8217;alumnes d&#8217;Enginyeria Inform\u00e0tica) una plataforma <em>on line<\/em>, que facilite la comunicaci\u00f3 entre els diferents contextos participants de l\u2019educaci\u00f3 dels xiquets que pateixen mencionats trastorns (fam\u00edlia, centre escolar, professionals cl\u00ednics i professionals de serveis de suport extraescolar).<a href=\"https:\/\/blogs.ua.es\/psicologiaeducacio\/7-projecte-dinvestigacio-tgd-i-tdah\/tdah\/\" rel=\"attachment wp-att-542\"><img loading=\"lazy\" decoding=\"async\" class=\"alignright size-full wp-image-542\" src=\"https:\/\/blogs.ua.es\/psicologiaeducacio\/files\/2011\/03\/TDAH.jpg\" alt=\"\" width=\"224\" height=\"175\" srcset=\"https:\/\/blogs.ua.es\/psicologiaeducacio\/files\/2011\/03\/TDAH.jpg 224w, https:\/\/blogs.ua.es\/psicologiaeducacio\/files\/2011\/03\/TDAH-150x117.jpg 150w\" sizes=\"auto, (max-width: 224px) 100vw, 224px\" \/><\/a><\/p>\n<p style=\"text-align: justify\">Aquesta plataforma contindr\u00e0, una vegada finalitzada la seva elaboraci\u00f3 i posterior avaluaci\u00f3, una s\u00e8rie d&#8217;instruments de recollida d&#8217;informaci\u00f3 que facilitar\u00e0 que els professionals encarregats del diagn\u00f2stic i de les conseg\u00fcents intervencions terap\u00e8utiques, obtinguin r\u00e0pidament informaci\u00f3 per a desenvolupar el seu treball. A m\u00e9s, utilitzant t\u00e8cniques inform\u00e0tiques basades en intel\u00b7lig\u00e8ncia artificial, la aplicaci\u00f3, despr\u00e9s de l&#8217;avaluaci\u00f3 de les respostes aconseguides des dels diversos \u00e0mbits, permetr\u00e0 l&#8217;orientaci\u00f3 en el diagn\u00f2stic als distints professionals.<\/p>\n<p style=\"text-align: justify\">En aquesta p\u00e0gina del bloc penjarem materials que poden ajudar-nos a assolit m\u00e9s coneixements a prop del trastorns treballats. A m\u00e9s, podeu consultar la nostra <strong><a href=\"http:\/\/pruebapilotoua.wikispaces.com\/\" target=\"_blank\" rel=\"noopener\">wiki<\/a><\/strong>, eina que hem fet servir com a plataforma per a compartir informaci\u00f3 durant el proces d&#8217;investigaci\u00f3.<\/p>\n<p style=\"text-align: center\"><a href=\"http:\/\/www.lukor.com\/hogarysalud\/05022402.htm\" target=\"_blank\" rel=\"noopener\"><strong>Noticia TGD i TDAH (Europa Press)<\/strong><\/a><\/p>\n<p style=\"text-align: justify\"><strong>TEA<\/strong> (TGD &#8211; Autisme &#8211; Aspergir &#8211; Rett)<\/p>\n<p style=\"text-align: justify\">El seg\u00fcent llibre descriu de forma senzilla i clara com un xiquet amb S\u00edndrome d&#8217;Aspergir ent\u00e9n el m\u00f3n que l&#8217;envolta. Este material a sigut utilitzat a l&#8217;escoles per a que els companys d&#8217;un alumne comprenguen millor els comportaments, a voltes fora de la norma, d&#8217;un company amb un trastorn similar.<\/p>\n<p style=\"text-align: center\"><a href=\"http:\/\/www.conecta.org.es\/descargas\/Mark%20Haddon%20-%20El%20curioso%20incidente%20del%20perro%20a%20medianoche.pdf\" target=\"_blank\" rel=\"noopener\">El curioso incidente del perro a media noche<\/a><\/p>\n<p style=\"text-align: center\"><a href=\"https:\/\/blogs.ua.es\/psicologiaeducacio\/7-projecte-dinvestigacio-tgd-i-tdah\/el-curioso-incidente\/\" rel=\"attachment wp-att-562\"><img loading=\"lazy\" decoding=\"async\" class=\"alignnone size-full wp-image-562\" src=\"https:\/\/blogs.ua.es\/psicologiaeducacio\/files\/2011\/03\/El-curioso-incidente.jpg\" alt=\"\" width=\"160\" height=\"257\" srcset=\"https:\/\/blogs.ua.es\/psicologiaeducacio\/files\/2011\/03\/El-curioso-incidente.jpg 160w, https:\/\/blogs.ua.es\/psicologiaeducacio\/files\/2011\/03\/El-curioso-incidente-93x150.jpg 93w\" sizes=\"auto, (max-width: 160px) 100vw, 160px\" \/><\/a><\/p>\n<p style=\"text-align: center\">&#8212;<\/p>\n<p style=\"text-align: center\">Mi hermanito de la luna<\/p>\n<p style=\"text-align: center\"><code>[kml_flashembed movie=\"http:\/\/www.youtube.com\/v\/0HRD310kVOY\" width=\"450\" height=\"375\" wmode=\"transparent\" \/]<\/code><\/p>\n<p style=\"text-align: center\">&#8212;<\/p>\n<p style=\"text-align: center\"><a href=\"https:\/\/zebra.cpd.ua.es\/vertice\/12445\" target=\"_blank\" rel=\"noopener\">Temple Grandin<\/a><\/p>\n<p>Aquesta pel\u00b7l\u00edcula narra la historia del cas especial d&#8217;una dona afectada per la S\u00edndrome d&#8217;Aspergir que es supera a s\u00ed mateixa fins arribar a sorprendre a tots els que la coneixen. Temple ha arribat a ser docent universit\u00e0ria, escriptora, inventora i acostuma a oferir els seus servicis com a conferenciant en temes relacionats amb autisme.<\/p>\n<p style=\"text-align: center\">&#8212;<\/p>\n<p style=\"text-align: center\"><a href=\"https:\/\/zebra.cpd.ua.es\/vertice\/12425\" target=\"_blank\" rel=\"noopener\">Maria y yo<br \/>\n<\/a><\/p>\n<p style=\"text-align: justify\">Pel\u00b7l\u00edcula-documental que tracta la conviv\u00e8ncia familiar quan tens un fill que peteix autisme.<\/p>\n<p style=\"text-align: center\">&#8212;<\/p>\n<p style=\"text-align: center\">Entrevista a Mercedes Belinch\u00f3n<\/p>\n<p style=\"text-align: center\"><a href=\"http:\/\/www.infocop.es\/view_article.asp?id=1871\" target=\"_blank\" rel=\"noopener\">&#8220;El espectro autista, avances en el di\u00e1gnostico&#8221;<\/a><\/p>\n<p style=\"text-align: center\">&#8212;<\/p>\n<p style=\"text-align: center\">Asociaci\u00f3n Proyecto Autista ASPAU<\/p>\n<p style=\"text-align: center\"><a href=\"http:\/\/www.proyectoautista.org\/videos.html\" target=\"_blank\" rel=\"noopener\">Recull de materials audiovisuals<\/a><\/p>\n<p style=\"text-align: center\">&#8212;<\/p>\n<p style=\"text-align: center\"><strong>O\u2019Pelouro<\/strong><\/p>\n<p style=\"text-align: justify\">O\u2019Pelouro es una escola singular, que no hem d\u2019entendre-la com l\u2019escola ordin\u00e0ria que podem extreure del nostre ideari. Es una escola que ha aconseguit trencar amb l\u2019educaci\u00f3 estandarditzada, homog\u00e8nia, com\u00fa del nostre sistema educatiu. L\u2019objectiu pel que lluiten des de O\u2019Pelouro es el de mostrar que es viable que l\u2019escola es convertisca en la clau per a que els alumnes visquen experi\u00e8ncies educatives enriquidores, alliberada de estigmes classistes, on es promulga una educaci\u00f3 igualit\u00e0ria, des de el respecte i evitant les alienacions d\u2019un sistema educatiu uniforme.<\/p>\n<p style=\"text-align: center\"><a href=\"https:\/\/zebra.cpd.ua.es\/vertice\/11985\">Todos diferentes, todos iguales<\/a><\/p>\n<p style=\"text-align: center\">&#8212;<\/p>\n<p style=\"text-align: justify\">El tractament biol\u00f2gic com una alternativa possible per a la cura dels casos d&#8217;autisme que presenten la seua base en una intoxicaci\u00f3 per metall pesats.<\/p>\n<p style=\"text-align: center\"><code>[kml_flashembed movie=\"http:\/\/www.youtube.com\/v\/YfMMj0E7oJg\" width=\"450\" height=\"375\" wmode=\"transparent\" \/]<\/code><\/p>\n<p><code>[kml_flashembed movie=\"http:\/\/www.youtube.com\/v\/gtkdu4xJOsk\" width=\"450\" height=\"375\" wmode=\"transparent\" \/]<\/code><\/p>\n<p style=\"text-align: center\">&#8212;<\/p>\n<p style=\"text-align: justify\">Prova de Coeficient d&#8217;Espectre Autista que t\u00e9 per objectiu quantificar els trets autistes en xiquets entre 4 i 11 anys i est\u00e0 pensat per a que el complimenten els pares o cuidadors.<\/p>\n<p style=\"text-align: center\"><a href=\"http:\/\/espectroautista.info\/tests\/espectro-autista\/infantil\/AQC\" target=\"_blank\" rel=\"noopener\">AQC<\/a><\/p>\n<p style=\"text-align: center\">&#8212;<\/p>\n<p>Test Infantil de la S\u00edndrome d&#8217;Aspergir. Es considera \u00fatil com a prova per a identificar de forma primerenca, en edats compreses entre 4 i 11 anys, la S\u00edndrome d&#8217;Aspergir.<\/p>\n<p style=\"text-align: center\"><a href=\"http:\/\/espectroautista.info\/tests\/espectro-autista\/infantil\/CAST\" target=\"_blank\" rel=\"noopener\">CAST<\/a><\/p>\n<p style=\"text-align: center\">&#8212;<\/p>\n<p style=\"text-align: center\">\u00a0<strong>TDAH &#8211; TDA<\/strong><\/p>\n<p style=\"text-align: justify\">Informaci\u00f3 des des diferents perspectives de la medicaci\u00f3 m\u00e9s habitual per al tractament cl\u00ednic del TDAH i TDA:<\/p>\n<p style=\"text-align: center\"><code>[kml_flashembed movie=\"http:\/\/www.youtube.com\/v\/ie9Iu-kLxd4\" width=\"450\" height=\"375\" wmode=\"transparent\" \/]<\/code><\/p>\n<p style=\"text-align: center\">&#8212;<\/p>\n<p style=\"text-align: center\"><a href=\"https:\/\/zebra.cpd.ua.es\/vertice\/12446\" target=\"_blank\" rel=\"noopener\">Neur\u00f2leg Fred Baughman<\/a><\/p>\n<p style=\"text-align: justify\">El neur\u00f2leg Fred Baughman intenta demostrar que no hi han investigacions suficients com per a afirmar que els tractaments farmacol\u00f2gics amb metilfenidato suposa m\u00e9s solucions que contraindicacions per als afectats de TDAH. El material te molt de temps, tant els nostres coneximents del trastorn com el tractament farmacol\u00f2gic han evolucionat, per\u00f2 si que es cert que mostra com els laboratoris farmac\u00e8utics, poden influir en les creences dels professionals de la medecina.<\/p>\n<p style=\"text-align: center\">&#8212;<\/p>\n<p style=\"text-align: center\"><code>[kml_flashembed movie=\"http:\/\/www.youtube.com\/v\/jJxqb-hpY5g\" width=\"450\" height=\"375\" wmode=\"transparent\" \/]<\/code><\/p>\n<p style=\"text-align: center\">&#8212;<\/p>\n<p style=\"text-align: justify\">Exemple d&#8217;un xiquet que presenta simptomatologia pr\u00f2pia del TDAH.<\/p>\n<p style=\"text-align: center\"><code>[kml_flashembed movie=\"http:\/\/www.youtube.com\/v\/R6fmAnxKFcg\" width=\"450\" height=\"375\" wmode=\"transparent\" \/]<\/code><\/p>\n<p style=\"text-align: center\">&#8212;<\/p>\n<p style=\"text-align: center\"><strong>El sistema educativo es anacr\u00f3nico<\/strong><\/p>\n<p>En els \u00faltims 50 anys les esferes econ\u00f2mica, cultural i personal han donat un tomb al m\u00f3n sencer. I no obstant aix\u00f2, els sistemes educatius no han mogut un \u00e0pex els seus programes i els seus objectius. Per qu\u00e8 s&#8217;avorrixen els xiquets i xiquetes a l&#8217;escola? Per qu\u00e8 arriben al m\u00f3n adult sense tindre idea dels seus propis talents i capacitats? Podria ser esta l&#8217;arrel del preocupant increment del diagn\u00f2stic de TDAH i TDA?<\/p>\n<p><code>[kml_flashembed movie=\"http:\/\/blip.tv\/play\/%2B3KCqdp%2BAg\" type=\"application\/x-shockwave-flash\" width=\"480\" height=\"300\" allowscriptaccess=\"always\" allowfullscreen=\"true\"&gt;&lt;!--\" width=\"475\" height=\"425\" wmode=\"transparent\" \/]<\/code><\/p>\n<p style=\"text-align: center\">&#8212;<\/p>\n<p style=\"text-align: center\"><a href=\"https:\/\/blogs.ua.es\/psicologiaeducacio\/7-projecte-dinvestigacio-tgd-i-tdah\/guia-practica-para-educadores-el-alumno-con-tdah\/\" rel=\"attachment wp-att-995\">Gu\u00eda Pr\u00e1ctica para Educadores. El Alumno con TDAH<\/a> &#8211; Fundaci\u00f3n ADANA<\/p>\n<p style=\"text-align: justify\"><a href=\"https:\/\/blogs.ua.es\/psicologiaeducacio\/7-projecte-dinvestigacio-tgd-i-tdah\/guia-tdah\/\" rel=\"attachment wp-att-545 noopener\" target=\"_blank\"><img loading=\"lazy\" decoding=\"async\" class=\"size-full wp-image-545 aligncenter\" src=\"https:\/\/blogs.ua.es\/psicologiaeducacio\/files\/2011\/03\/Guia-Tdah.jpg\" alt=\"\" width=\"116\" height=\"168\" srcset=\"https:\/\/blogs.ua.es\/psicologiaeducacio\/files\/2011\/03\/Guia-Tdah.jpg 116w, https:\/\/blogs.ua.es\/psicologiaeducacio\/files\/2011\/03\/Guia-Tdah-103x150.jpg 103w\" sizes=\"auto, (max-width: 116px) 100vw, 116px\" \/><\/a><\/p>\n<p style=\"text-align: center\">&#8212;<\/p>\n<p style=\"text-align: center\"><a href=\"https:\/\/zebra.cpd.ua.es\/vertice\/12226\" target=\"_blank\" rel=\"noopener\">Pon\u00e8ncia al Congr\u00e9s<\/a><\/p>\n<p style=\"text-align: justify\">Segundo Coloquio Nacional de Estudios Cognitivos de Chile. Aportes Actuales de la Ciencia Cognitiva a la Educaci\u00f3n.<\/p>\n<p style=\"text-align: justify\">Francisco Aboitiz ens presenta el TDAH des de una perspectiva biologicista i ens parla dels \u00faltims avan\u00e7os m\u00e8dics.<\/p>\n<p style=\"text-align: center\">&#8212;<\/p>\n<p style=\"text-align: center\"><a href=\"http:\/\/www.bibliopsiquis.com\/bibliopsiquis\/bitstream\/10401\/871\/1\/11COF2345603.pdf\" target=\"_blank\" rel=\"noopener\">Hablemos de aquello que parece TDAH y no es TDAH<\/a><\/p>\n<p style=\"text-align: justify\">Interessant article que versa entorn als resultats d&#8217;una investigaci\u00f3 que certifica que, en un nombre significativament important, hi han diagn\u00f2stics de TDAH que responen a un altre trastorn. Els resultats de la investigaci\u00f3 destaquen qu\u00e9 altres diagn\u00f2stics poden presentar s\u00edmptomes similars als al TDAH, per a facilitar un diagn\u00f2stic diferencial exit\u00f2s.<\/p>\n<p style=\"text-align: center\">&#8212;<\/p>\n<p style=\"text-align: justify\">Al fil del que vam parlar a classe a prop de la mediaci\u00f3 i els des\u00f3rdens psicol\u00f2gics.<\/p>\n<p style=\"text-align: center\"><code>[kml_flashembed movie=\"http:\/\/www.youtube.com\/v\/wIWuEAFlg1Y\" width=\"475\" height=\"400\" wmode=\"transparent\" \/]<\/code><\/p>\n<p style=\"text-align: center\">&#8212;<\/p>\n<p style=\"text-align: center\"><a href=\"https:\/\/blogs.ua.es\/psicologiaeducacio\/7-projecte-dinvestigacio-tgd-i-tdah\/10-cosas-que-todo-nino-con-autismo-quisiera-que-supieras\/\" rel=\"attachment wp-att-919\">10 cosas que todo ni\u00f1o con autismo quisiera que supieras<\/a><\/p>\n<p style=\"text-align: center\">&#8212;<\/p>\n<p style=\"text-align: center\"><a href=\"https:\/\/blogs.ua.es\/psicologiaeducacio\/7-projecte-dinvestigacio-tgd-i-tdah\/sindrome-de-asperger-estrategias-practicas-para-la-clase-una-guia-para-profesores\/\" rel=\"attachment wp-att-992\">S\u00edndrome de Asperger. Estrategias pr\u00e1cticas para la clase. Una gu\u00eda para profesores<\/a><\/p>\n<p style=\"text-align: center\">&#8212;<\/p>\n<p style=\"text-align: center\">P\u00f2ster presentat al Congres d&#8217;Investigaci\u00f3 en Doc\u00e8ncia Universit\u00e0ria de la Universitat d&#8217;Alacant.<\/p>\n<p style=\"text-align: center\"><a href=\"https:\/\/blogs.ua.es\/psicologiaeducacio\/7-projecte-dinvestigacio-tgd-i-tdah\/posteralumnos\/\" rel=\"attachment wp-att-1081\"><img loading=\"lazy\" decoding=\"async\" class=\"alignnone size-full wp-image-1081\" src=\"https:\/\/blogs.ua.es\/psicologiaeducacio\/files\/2011\/03\/POSTERALUMNOS.jpg\" alt=\"\" width=\"614\" height=\"1024\" srcset=\"https:\/\/blogs.ua.es\/psicologiaeducacio\/files\/2011\/03\/POSTERALUMNOS.jpg 614w, https:\/\/blogs.ua.es\/psicologiaeducacio\/files\/2011\/03\/POSTERALUMNOS-179x300.jpg 179w\" sizes=\"auto, (max-width: 614px) 100vw, 614px\" \/><\/a><\/p>\n<p style=\"text-align: center\">\n<p style=\"text-align: justify\">\n","protected":false},"excerpt":{"rendered":"<p>Des de la Facultat d&#8217;Educaci\u00f3 de la Universitat d&#8217;Alacant i dintre del marc Europeu d&#8217;Educaci\u00f3 Superior, estem desenvolupant diferents projectes pilots per a millorar la nostra doc\u00e8ncia. Entre els diferents projectes, es troba el disseny d&#8217;assignatures en les quals preval la import\u00e0ncia i el desenvolupament de compet\u00e8ncies relacionades amb la pr\u00e0ctica professional dels futurs graduats. [&hellip;]<\/p>\n","protected":false},"author":1687,"featured_media":0,"parent":0,"menu_order":0,"comment_status":"open","ping_status":"closed","template":"","meta":{"footnotes":""},"class_list":["post-534","page","type-page","status-publish","hentry"],"_links":{"self":[{"href":"https:\/\/blogs.ua.es\/psicologiaeducacio\/wp-json\/wp\/v2\/pages\/534","targetHints":{"allow":["GET"]}}],"collection":[{"href":"https:\/\/blogs.ua.es\/psicologiaeducacio\/wp-json\/wp\/v2\/pages"}],"about":[{"href":"https:\/\/blogs.ua.es\/psicologiaeducacio\/wp-json\/wp\/v2\/types\/page"}],"author":[{"embeddable":true,"href":"https:\/\/blogs.ua.es\/psicologiaeducacio\/wp-json\/wp\/v2\/users\/1687"}],"replies":[{"embeddable":true,"href":"https:\/\/blogs.ua.es\/psicologiaeducacio\/wp-json\/wp\/v2\/comments?post=534"}],"version-history":[{"count":82,"href":"https:\/\/blogs.ua.es\/psicologiaeducacio\/wp-json\/wp\/v2\/pages\/534\/revisions"}],"predecessor-version":[{"id":2146,"href":"https:\/\/blogs.ua.es\/psicologiaeducacio\/wp-json\/wp\/v2\/pages\/534\/revisions\/2146"}],"wp:attachment":[{"href":"https:\/\/blogs.ua.es\/psicologiaeducacio\/wp-json\/wp\/v2\/media?parent=534"}],"curies":[{"name":"wp","href":"https:\/\/api.w.org\/{rel}","templated":true}]}}