{"id":9,"date":"2010-12-18T11:28:39","date_gmt":"2010-12-18T11:28:39","guid":{"rendered":"https:\/\/blogs.ua.es\/psicologiaeducacio\/"},"modified":"2022-02-20T06:44:43","modified_gmt":"2022-02-20T06:44:43","slug":"materials-audio-visuals","status":"publish","type":"page","link":"https:\/\/blogs.ua.es\/psicologiaeducacio\/materials-audio-visuals\/","title":{"rendered":"2.- Materials Audio-visuals Psicologia de l&#8217;Educaci\u00f3"},"content":{"rendered":"<p>Els seg\u00fcents materials audio-visuals els farem servir com a complementaris per algunes de les activitats pr\u00e0ctiques.<\/p>\n<p style=\"text-align: center\"><strong>ADIOS, BARBIANA<\/strong><\/p>\n<p style=\"text-align: justify\">A Barbiana, una pedania rural italiana, va haver una escola dirigida per un cura que impartia una doc\u00e8ncia molt caracter\u00edstica. Com organitzava les classes, la relaci\u00f3 que mantenia amb els seus alumnes, com facilitava la integraci\u00f3 de tots i cadascun d&#8217;ells, com els motivava per a aprendre, es tot un exemple per a qualsevol docent, siga qual siga el nivell educatiu del que participe.<\/p>\n<p style=\"text-align: center\"><a href=\"https:\/\/vertice.cpd.ua.es\/vertice\/11805\" target=\"_blank\" rel=\"noopener\"><strong>Barbiana<\/strong><\/a><\/p>\n<p style=\"text-align: center\">&#8212;<\/p>\n<p style=\"text-align: center\"><strong>El caso de Gennie<\/strong><\/p>\n<p style=\"text-align: justify\">A finals del segle passat, este va ser un cas molt sonat. Jenny va ser trobada per una treballadora social tancada a una habitaci\u00f3, esta apenes vocalitzava cap paraula, li costava mantrindr\u00e9s de peu, caminar, presentava el desenvolupament cognitiu d&#8217;un xiquet de no m\u00e9s de dos anys. Les darreres investigacions van obrir el debat de si existix en el desenvolupament hum\u00e0 un &#8220;per\u00edode critic&#8221;, en el que han de donar-se una serie d&#8217;aprenentatges, que superat mencionat per\u00edode s&#8217;assoliran amb molt\u00edssima dificultat i mai amb el mateix nivell de desenvolupament. A este cap\u00edtol de Documentos TV es presenta tota l&#8217;evoluci\u00f3 de Jenny des de ser alliberada de la seua fam\u00edlia.<\/p>\n<p style=\"text-align: center\"><a href=\"https:\/\/vertice.cpd.ua.es\/vertice\/11785\" target=\"_blank\" rel=\"noopener\"><strong>Gennie<\/strong><\/a><\/p>\n<p style=\"text-align: center\">&#8212;<\/p>\n<p style=\"text-align: center\"><strong>L&#8217;adolescencia<\/strong><\/p>\n<p style=\"text-align: justify\">L&#8217;adolesc\u00e8ncia, que sabem d&#8217;ella? quan es dona i per a qu\u00e8? que em de tindre en compte per a treballar amb adolescents? quines son les claus dels canvis entre xiquets i adolescents? Amb aquest documental, Tres14 presenta una visi\u00f3 de l&#8217;adolesc\u00e8ncia des de els aspectes m\u00e9s socials.<\/p>\n<p style=\"text-align: center\"><strong><a href=\"http:\/\/www.rtve.es\/television\/20101220\/adolescencia-tres14\/388422.shtml\" target=\"_blank\" rel=\"noopener\">Documental<br \/>\n<\/a><\/strong><\/p>\n<p style=\"text-align: center\">&#8212;<\/p>\n<p style=\"text-align: center\"><strong>Aprenentatge<\/strong><\/p>\n<p style=\"text-align: justify\">Present i passat de l&#8217;educaci\u00f3. Perspectives a prop del que entenem per aprenentatge, per educaci\u00f3 i com ha de progressar esta per a adaptar-se a les exig\u00e8ncies del\u00a0 m\u00f3n actual. Este documental de Tres14 ens fa reflexionar a prop de com la neurodid\u00e0ctica, la pedagogia i les noves tecnologies guanyen una gran import\u00e0ncia com a punta de llan\u00e7a dels canvis m\u00e9s que necessaris , que presenta una educaci\u00f3 tradicional en plena obsolesc\u00e8ncia.<\/p>\n<p style=\"text-align: center\"><strong><a href=\"http:\/\/www.rtve.es\/television\/20110124\/aprendizaje-tres14\/397694.shtml\" target=\"_blank\" rel=\"noopener\">Documental<\/a><\/strong><\/p>\n<p style=\"text-align: center\">&#8212;<\/p>\n<p style=\"text-align: center\"><strong>Pensant en els altres<\/strong><\/p>\n<p style=\"text-align: justify\">Es possible el treball de l&#8217;intel\u00b7lig\u00e8ncia emocional des de l&#8217;escola, sense deixar de treballar els aspectes m\u00e9s acad\u00e8mics? Si hi han proves evidents de que un adult competent, a m\u00e9s de coneiximents te\u00f2rics i t\u00e8cnics, ha de mostrar compet\u00e8ncies emocionals\u00a0 per a treballar, aprendre i progressar amb els dem\u00e9s, per qu\u00e8 no es sistematitza l&#8217;estimulaci\u00f3 de la intel\u00b7lig\u00e8ncia emocional a les nostres escoles? Per a comen\u00e7ar un projecte com este, fa falta un formaci\u00f3 especial per part dels professional intervinents? Este documental pot donar resposta a algunes d&#8217;aquestes preguntes, a m\u00e9s de ajudar-nos a formular altres q\u00fcestions al respecte.<\/p>\n<p style=\"text-align: center\"><a href=\"https:\/\/vertice.cpd.ua.es\/vertice\/11885\" target=\"_blank\" rel=\"noopener\"><strong>Documental<\/strong><\/a><\/p>\n<p style=\"text-align: center\">&#8212;<\/p>\n<p style=\"text-align: center\"><strong>O&#8217;Pelouro<\/strong><\/p>\n<p style=\"text-align: justify\">O&#8217;Pelouro es una escola singular, que no hem d&#8217;entendre-la com l&#8217;escola ordin\u00e0ria que podem extreure del nostre ideari. Es una escola que ha aconseguit trencar amb l&#8217;educaci\u00f3 estandarditzada, homog\u00e8nia, com\u00fa del nostre sistema educatiu. L&#8217;objectiu pel que lluiten des de O&#8217;Pelouro es el de mostrar que es viable que l&#8217;escola es convertisca en la clau per a que els alumnes visquen experi\u00e8ncies educatives enriquidores, alliberada de estigmes classistes, on es promulga una educaci\u00f3 igualit\u00e0ria, des de el respecte i evitant les alienacions d&#8217;un sistema educatiu uniforme.<\/p>\n<p style=\"text-align: center\"><a href=\"https:\/\/vertice.cpd.ua.es\/vertice\/11985\" target=\"_blank\" rel=\"noopener\"><strong>Todos diferentes, todos iguales<\/strong><\/a><\/p>\n<p style=\"text-align: center\">&#8212;<\/p>\n<p style=\"text-align: center\"><strong>Las escuelas matan la creatividad<\/strong><\/p>\n<p style=\"text-align: justify\">Sir Ken Robins participa a trav\u00e9s d&#8217;una breu confer\u00e8ncia al congres internacional d&#8217;educaci\u00f3 a Calif\u00f2rnia. En aquest presenta la seua percepci\u00f3 de com els sistemes educatius poden fer perillar el desenvolupament de la creativitat en els nostres alumnes. A partir d&#8217;un discurs din\u00e0mic i fins i tot c\u00f2mic, podem reflexionar a prop de la rigidesa que en ocasions planteja el nostre curr\u00edculum escolar, a m\u00e9s ens dona una bona l&#8217;oportunitat de replantejar-nos opcions valides per a fomentar la creativitat a les nostres aules.<\/p>\n<p style=\"text-align: center\"><a href=\"https:\/\/vertice.cpd.ua.es\/vertice\/12085\" target=\"_blank\" rel=\"noopener\"><strong>Pon\u00e8ncia<\/strong><\/a><\/p>\n<p style=\"text-align: center\">&#8212;<\/p>\n<p style=\"text-align: center\"><strong>Mentes Peligrosas<br \/>\n<\/strong><\/p>\n<p style=\"text-align: justify\">La pel\u00b7l\u00edcula Mentes Peligrosas pot suposar un bon exemple d&#8217;aula, on l&#8217;aplicaci\u00f3 d&#8217;unes estrat\u00e8gies adequades per a modificar l&#8217;actitud i millorar la implicaci\u00f3 en l&#8217;aprenentatge d&#8217;un grup d&#8217;alumnes, es fonamental per a la millora del seu rendiment. Esta ens servir\u00e0 com a cas pr\u00e0ctic, a partir de la qual plantejar com posar en pr\u00e0ctica els continguts treballats al llarg de l&#8217;assignatura.<\/p>\n<p style=\"text-align: center\"><strong><a href=\"https:\/\/vertice.cpd.ua.es\/vertice\/13986\" target=\"_blank\" rel=\"noopener\">Material audiovisual<\/a><\/strong><\/p>\n<p style=\"text-align: center\"><strong>&#8212;<\/strong><\/p>\n<p style=\"text-align: justify\">Jos\u00e9 Mar\u00eda Toro ens oferix una visi\u00f3 distinta del que ell ent\u00e9n per educaci\u00f3, de com deurien de funcionar les escoles i de quin es el paper que juguen els docents en eixe canvi. Per a ell, educar es molt m\u00e9s que aprendre continguts, es molt m\u00e9s que assolir objectius curriculars, es cr\u00e9ixer com a \u00e9ssers humans. Per aconseguir aquest lloable objectiu, els docents necessiten una formaci\u00f3 molt m\u00e9s complexa de la que reben, no nom\u00e9s a nivell t\u00e8cnic, sin\u00f3 a nivell motivacional. Els docents de l&#8217;actual societat han de sentir-se implicats amb la seua tasca, han d&#8217;assumir la seua responsabilitat amb la societat i les noves generacions.<\/p>\n<p style=\"text-align: center\"><strong><a href=\"http:\/\/vimeo.com\/17282719\" target=\"_blank\" rel=\"noopener\">Educar con el Co-Raz\u00f3n<\/a><\/strong><\/p>\n<p style=\"text-align: center\"><strong><br \/>\n&#8212;<\/strong><\/p>\n<p style=\"text-align: center\"><strong>La Clase<\/strong><\/p>\n<p style=\"text-align: justify\">La classe es una pel\u00b7l\u00edcula que presenta des de una perspectiva molt realista, com els docents de secundaria han de lidiar amb la diversitat cultural, d&#8217;interessos, d&#8217;implicaci\u00f3, preocupacions, etc. que poden trobar-se al aula. La realitat dels nostres centres, demana docents amb amplis coneixements en pedagogia, ja que ara mateix el docent que nom\u00e9s es un contenidor de coneixements i no sap arribar als seus alumnes, t\u00e9 poques possibilitats de triomfar com a professional de l&#8217;educaci\u00f3.<\/p>\n<p style=\"text-align: center\"><strong><a href=\"http:\/\/vertice.cpd.ua.es\/22705\" target=\"_blank\" rel=\"noopener\">La Clase<\/a><\/strong><\/p>\n<p style=\"text-align: center\">&#8212;<\/p>\n<p style=\"text-align: center\"><strong>Rebeli\u00f3n en las aulas<\/strong><\/p>\n<p style=\"text-align: justify\">Thackeray, enginyer de color que hi es a l\u2019atur, accepta un treball com a professor de secundaria a un curs d\u2019estudiants blancs i rebels, en una escola de la perif\u00e8ria, als barris baixos de Londres. Fent-li un primer cop d\u2019ull als seus alumnes, son un grup de xics desordenats, insolents i grossers, encara que al con\u00e8ixer-los descobreix quer es tracta de joves amb bons sentiments que, no son entesos pels adults i de igual manera no entenen el que els adults esperen d\u2019ells. En un principi, Thackeray intenta imposar-se com a docent utilitzant el m\u00e8todes tradicionals que ell mateix ha viscut, per\u00f2 no tard\u00e0 molt en adonar-se de que no son efectius i canvia d\u2019estrat\u00e8gia per aconseguir motivar-los, implicar-los en el treball que fan al aula i fer pinya entre tot l\u2019alumnat i ell.<\/p>\n<p style=\"text-align: center\"><a href=\"http:\/\/vertice.cpd.ua.es\/22685\" target=\"_blank\" rel=\"noopener\"><strong>Rebeli\u00f3n en las aulas<\/strong><\/a><\/p>\n<p style=\"text-align: center\">&#8212;<\/p>\n<p style=\"text-align: center\"><strong>Diario de la calle<\/strong><\/p>\n<p style=\"text-align: justify\">La hist\u00f2ria de com una jove professora, sense experi\u00e8ncia per\u00f2 molt implicada i somiadora, \u00e9s capa\u00e7 de motivar per l&#8217;estudi de la literatura a un grup d&#8217;alumnes considerats dif\u00edcils i conflictius. El seu argument presenta molt\u00edssimes similituds amb &#8220;Rebeli\u00f3n en las Aulas&#8221;, \u00fanicament que aquesta pel\u00b7licula es m\u00e9s actual.<\/p>\n<p style=\"text-align: center\"><strong><a href=\"http:\/\/vertice.cpd.ua.es\/24405\" target=\"_blank\" rel=\"noopener\">Diario de la calle<\/a><\/strong><\/p>\n<p style=\"text-align: center\">&#8212;<\/p>\n<p style=\"text-align: center\"><strong>Programa: Para todos la 2<\/strong><\/p>\n<p style=\"text-align: justify\">Se plantea el programa con una cuesti\u00f3n inicial: \u00bfUno es inteligencia desde que nace hasta que muere? Se explica la Teor\u00eda de la Inteligencia M\u00faltiples de Howard Gardner. Se explica el modelo de inteligencia y aprendizaje seg\u00fan el modelo de desarrollo de la 8 inteligencias: Inteligencia ling\u00fc\u00edstica, Inteligencia l\u00f3gico-matem\u00e1tica, inteligencia espacial-kinest\u00e9sica, inteligencia visual-espacial, Inteligencia musical, Inteligencia naturalista, Inteligencia Interpersonal e Inteligencia intrapersonal.<br \/>\nAdem\u00e1s nos permite observa a modo de ejemplo la aplicaci\u00f3n en un Centro educativo en sus diferentes niveles (Infantil, Primaria y Secundaria).<br \/>\nSe plantea el programa con una cuesti\u00f3n inicial: \u00bfUno es inteligencia desde que nace hasta que muere? Se explica la Teor\u00eda de la Inteligencia M\u00faltiples de Howard Gardner. Se explica el modelo de inteligencia y aprendizaje seg\u00fan el modelo de desarrollo de la 8 inteligencias: Inteligencia ling\u00fc\u00edstica, Inteligencia l\u00f3gico-matem\u00e1tica, inteligencia espacial-kinest\u00e9sica, inteligencia visual-espacial, Inteligencia musical, Inteligencia naturalista, Inteligencia Interpersonal e Inteligencia intrapersonal.<br \/>\nAdem\u00e1s nos permite observa a modo de ejemplo la aplicaci\u00f3n en un Centro educativo en sus diferentes niveles (Infantil, Primaria y Secundaria).<\/p>\n<p style=\"text-align: center\"><strong><a href=\"http:\/\/www.rtve.es\/alacarta\/videos\/para-todos-la-2\/para-todos-2-debate-inteligencias\/1280660\/\" target=\"_blank\" rel=\"noopener\">Debat a prop de les intel\u00b7lig\u00e8ncies m\u00faltiples<\/a><\/strong><\/p>\n<p style=\"text-align: center\">&#8212;<\/p>\n<p style=\"text-align: justify\">El documento recoge momentos de una entrevista con Howard Gardner (Profesor de Cognici\u00f3n y Educaci\u00f3n en la Universidad de Harvard). Se trata de un coloquio centrado en la concepci\u00f3n de inteligencia, las estrategias para su evaluaci\u00f3n, la evaluaci\u00f3n de la misma como algo modificable y mejorable con el trabajo y desarrollo. Se aborda desde la \u00f3ptica del modelo de las inteligencias m\u00faltiple dise\u00f1ado por Gardner y su equipo. Dicho modelo tiene una clara implicaci\u00f3n en la metodolog\u00eda educativa, en la manera de entender el aprendizaje a lo largo de toda la vida teniendo en cuenta que si todos somos distintos hay que dar una formaci\u00f3n distinta a cada uno y utilizar todos los recursos humanos y tecnol\u00f3gicos que nos sirven de ayuda.<\/p>\n<p style=\"text-align: center\"><strong><a href=\"http:\/\/www.rtve.es\/television\/20111209\/inteligencias-multiples-educacion-personalizada\/480968.shtml\" target=\"_blank\" rel=\"noopener\">REDES: Entrevista a Howard Gardner<\/a><\/strong><\/p>\n<p style=\"text-align: center\">&#8212;<\/p>\n<p style=\"text-align: center\"><strong>Documental Intel\u00b7lig\u00e8ncia Emocional<\/strong><\/p>\n<p>Import\u00e0ncia del treball en Intel\u00b7lig\u00e8ncia Emocional. Aportacions de diversos experts en el tema. Programa de Canal Sud. Durada 8,26 &#8216;<\/p>\n<p>Aportacions d&#8217;experts en el tema sobre la import\u00e0ncia del desenvolupament en l&#8217;etapa formativa de la Intel\u00b7lig\u00e8ncia Emociona. Es recullen reflexions sobre la transcend\u00e8ncia en l&#8217;adaptaci\u00f3 de l&#8217;individu als diferents entorns socials, acad\u00e8mics i professionals.<\/p>\n<p style=\"text-align: center\"><strong><a href=\"http:\/\/vertice.cpd.ua.es\/37267\" target=\"_blank\" rel=\"noopener\">Intel\u00b7lig\u00e8ncia Emocional<\/a><\/strong><\/p>\n<p style=\"text-align: center\">&#8212;<\/p>\n<p style=\"text-align: center\"><strong>\u00a0Documental a prop d&#8217;una experi\u00e8ncia pr\u00e0ctica amb estrat\u00e8gies per a desenvolupar la intel\u00b7lig\u00e8ncia emocional<\/strong><\/p>\n<p style=\"text-align: justify\">Experi\u00e8ncia sobre el treball a l&#8217;aula de la Intel\u00b7lig\u00e8ncia Emocional a Infantil.<\/p>\n<p style=\"text-align: justify\">Descripci\u00f3 de manera breu d&#8217;una experi\u00e8ncia duta a terme en aules d&#8217;Infantil. S&#8217;hi estimula el desenvolupament de la Intel\u00b7lig\u00e8ncia emocional com habilitat necess\u00e0ria per a la millor adaptaci\u00f3 del nen o la nena al seu entorn social i acad\u00e8mic m\u00e9s proper, en aquesta etapa.<\/p>\n<p style=\"text-align: center\"><strong><a href=\"http:\/\/vertice.cpd.ua.es\/37265\" target=\"_blank\" rel=\"noopener\">Yo soy la estrella<\/a><\/strong><\/p>\n<p style=\"text-align: center\">&#8212;<\/p>\n<p style=\"text-align: center\"><strong>Hoy empieza todo<\/strong><\/p>\n<p style=\"text-align: justify\">Aquesta pel\u00b7l\u00edcula tracta la problem\u00e0tica habitual en els centres escolars situats en barriades socialment deteriorades. Un exemple molt semblant en quant a condicions de treball es el que, es troben a diari els Centre d&#8217;Acci\u00f3 Educativa Singular, coneguts com CAES. Aquestos centres fins i tot funcionen amb unes condicions de r\u00e0tio especials per a fer possible un treball efectiu, les seues dotacions econ\u00f2miques son superiors als centres ordinari, amb la finalitat de cobrir les necessitats b\u00e0siques no cobertes per les fam\u00edlies i els efectius d&#8217;especialistes molt superiors al que estem habituats.<\/p>\n<p><iframe loading=\"lazy\" title=\"Hoy empieza todo (Bertrand Tavernier; 1999)\" width=\"600\" height=\"338\" src=\"https:\/\/www.youtube.com\/embed\/fGAo-TsumXg?feature=oembed\" frameborder=\"0\" allow=\"accelerometer; autoplay; clipboard-write; encrypted-media; gyroscope; picture-in-picture; web-share\" referrerpolicy=\"strict-origin-when-cross-origin\" allowfullscreen><\/iframe><\/p>\n","protected":false},"excerpt":{"rendered":"<p>Els seg\u00fcents materials audio-visuals els farem servir com a complementaris per algunes de les activitats pr\u00e0ctiques. ADIOS, BARBIANA A Barbiana, una pedania rural italiana, va haver una escola dirigida per un cura que impartia una doc\u00e8ncia molt caracter\u00edstica. Com organitzava les classes, la relaci\u00f3 que mantenia amb els seus alumnes, com facilitava la integraci\u00f3 de [&hellip;]<\/p>\n","protected":false},"author":1687,"featured_media":0,"parent":0,"menu_order":0,"comment_status":"open","ping_status":"open","template":"","meta":{"footnotes":""},"class_list":["post-9","page","type-page","status-publish","hentry"],"_links":{"self":[{"href":"https:\/\/blogs.ua.es\/psicologiaeducacio\/wp-json\/wp\/v2\/pages\/9","targetHints":{"allow":["GET"]}}],"collection":[{"href":"https:\/\/blogs.ua.es\/psicologiaeducacio\/wp-json\/wp\/v2\/pages"}],"about":[{"href":"https:\/\/blogs.ua.es\/psicologiaeducacio\/wp-json\/wp\/v2\/types\/page"}],"author":[{"embeddable":true,"href":"https:\/\/blogs.ua.es\/psicologiaeducacio\/wp-json\/wp\/v2\/users\/1687"}],"replies":[{"embeddable":true,"href":"https:\/\/blogs.ua.es\/psicologiaeducacio\/wp-json\/wp\/v2\/comments?post=9"}],"version-history":[{"count":128,"href":"https:\/\/blogs.ua.es\/psicologiaeducacio\/wp-json\/wp\/v2\/pages\/9\/revisions"}],"predecessor-version":[{"id":2143,"href":"https:\/\/blogs.ua.es\/psicologiaeducacio\/wp-json\/wp\/v2\/pages\/9\/revisions\/2143"}],"wp:attachment":[{"href":"https:\/\/blogs.ua.es\/psicologiaeducacio\/wp-json\/wp\/v2\/media?parent=9"}],"curies":[{"name":"wp","href":"https:\/\/api.w.org\/{rel}","templated":true}]}}