{"id":7,"date":"2014-11-28T10:18:07","date_gmt":"2014-11-28T10:18:07","guid":{"rendered":"https:\/\/blogs.ua.es\/quattrocentoitaliano\/?page_id=7"},"modified":"2014-12-04T18:18:07","modified_gmt":"2014-12-04T18:18:07","slug":"antecedentes-culturales","status":"publish","type":"page","link":"https:\/\/blogs.ua.es\/quattrocentoitaliano\/antecedentes-culturales\/","title":{"rendered":"Antecedentes Culturales"},"content":{"rendered":"<p><span style=\"font-size: medium\">Realmente la cultura que hoy conocemos como cl\u00e1sica nunca desapareci\u00f3 por completo, sino que pas\u00f3 por distintas fases mientras se iba transformando a medida que eran adoptadas nuevas ideas y nuevas poblaciones en el continente europeo.<\/span><\/p>\n<p><span style=\"font-size: medium\">La raz\u00f3n por la que esta cultura sobrevivi\u00f3 a todos los grandes cambios pol\u00edticos, sociales, econ\u00f3micos y religiosos que se produjeron desde la ca\u00edda del Imperio Romano de Occidente es que \u00e9ste imperio fue recordado con admiraci\u00f3n por todas las capas sociales productoras de cultura.<\/span><\/p>\n<p><span style=\"font-size: medium\">Para las poblaciones \u201cb\u00e1rbaras\u201d la cultura y la organizaci\u00f3n pol\u00edtica del Imperio Romano eran incuestionablemente m\u00e1s sofisticadas que las suyas propias, por lo que en la mayor\u00eda de los casos sus \u00e9lites trataron de copiar ese sistema en sus territorios reci\u00e9n conquistados; para el clero, Roma y su imperio eran considerados sagrados, por algo era esta ciudad considerada, al menos te\u00f3ricamente, como cuna de la Iglesia, y su ca\u00edda en manos de las poblaciones h\u00e9rulas, a pesar de haber sido estas poblaciones convertidas al cristianismo, desat\u00f3 una gran conmoci\u00f3n en los cl\u00e9rigos de toda Europa, quienes preservaron y copiaron afanosamente los textos cl\u00e1sicos, incluyendo los de car\u00e1cter pagano; dentro de la nobleza y la realeza altomedieval persisti\u00f3 hasta siglos m\u00e1s tarde de la toma de Roma por Odoacro el deseo de recuperar la unidad y el poder de la \u00e9poca altoimperial, siendo el intento de Carlomagno, conocido como \u201cRenacimiento Carolingio\u201d, en el siglo IX el m\u00e1s destacado de ellos. <\/span><\/p>\n<p><span style=\"font-size: medium\">En la mitad superviviente del imperio, en la parte oriental cuya capital era Constantinopla, no solo se mantuvo la identidad romana sino que se produjo adem\u00e1s una recuperaci\u00f3n de enormes dimensiones de la cultura helen\u00edstica, ya que el historiogr\u00e1ficamente conocido como Imperio Bizantino encontraba sus ra\u00edces m\u00e1s cerca de la Grecia Cl\u00e1sica y Postcl\u00e1sica que de la Roma Imperial. <\/span><\/p>\n<p><span style=\"font-size: medium\">Incluso un pueblo como el \u00e1rabe, en cuya historia no hab\u00eda tenido especial trato ni pol\u00edtico ni cultural con las civilizaciones occidentales, se interes\u00f3 por la filosof\u00eda cl\u00e1sica, especialmente por la de Arist\u00f3teles, y tradujo sus textos, en gran parte olvidados por los propios cristianos.<\/span><\/p>\n<p><span style=\"font-size: medium\">Es, por tanto, incorrecto decir que la cultura greco-latina renaci\u00f3 a partir del siglo XIV, ya que para renacer, primero deber\u00eda haber muerto, y eso nunca ocurri\u00f3. M\u00e1s bien se tratar\u00eda de un resurgimiento de car\u00e1cter m\u00e1s general, pues lo que ocurri\u00f3 realmente fue que esta cultura cay\u00f3 en un letargo de varios siglos en el que a pesar de permanecer en el conocimiento de las clases cultas, s\u00ed que cay\u00f3 en el olvido para las clases populares, especialmente para los campesinos que habitaban el mundo rural (y que eran por mucho la mayor parte de la sociedad, todo sea dicho). Lo que marc\u00f3 la diferencia entre el renacimiento del quattrocento y el resto de renacimientos acaecidos durante la Edad Media, y que le permiti\u00f3 pasar a la posteridad como el Renacimiento por excelencia, fue el hecho de que durante el siglo XV la cultura cl\u00e1sica se generaliz\u00f3 en muchas ciudades italianas, pasando un siglo m\u00e1s tarde a generalizarse por el resto de Europa, cosa que nunca antes hab\u00eda sucedido con tal fuerza. <\/span><\/p>\n<p><span style=\"font-size: medium\">Fue a partir de los siglos XIII y XIV, cuando el conocimiento sobre el arte cl\u00e1sico ya estaba bastante m\u00e1s generalizado entre las clases cultas italianas, que empez\u00f3 a decirse de los buenos artistas que sus obras eran tan grandes como las de los antiguos. Fue a partir de entonces cuando, intencionada o desintencionadamente, los artistas empezaron a reproducir de nuevo los viejos esquemas e incluso a mejorarlos con aportaciones t\u00e9cnicas modernas. <\/span><\/p>\n<p><span style=\"font-size: medium\">Lo que hizo el Renacimiento fue sacar de nuevo a la luz una cultura y una cosmovisi\u00f3n antropoc\u00e9ntrica que llevaban muchos siglos recluidas en los monasterios para pasar a mostrarse en el interior y en las fachadas de las iglesias, en los edificios p\u00fablicos, en las plazas, en los palacios, o incluso en los hospitales (como es el caso del famoso Hospital de los Inocentes de Brunelleschi), extendi\u00e9ndose no solo a trav\u00e9s del arte sino tambi\u00e9n de la literatura o de la ciencia. Siendo muy revelador el hecho de que incluso la antigua mitolog\u00eda romana pasara a popularizarse y a ser conocida por la poblaci\u00f3n casi tan bien como los relatos b\u00edblicos, siendo el tema escogido por innumerables artistas de la \u00e9poca para sus obras, algo completamente impensable tan solo unos cuantos siglos atr\u00e1s, lo cual nos da una idea de hasta que punto alcanz\u00f3 la cultura romana su expansi\u00f3n por el nuevo mundo moderno. <\/span><\/p>\n<p>&nbsp;<\/p>\n<p>&nbsp;<\/p>\n","protected":false},"excerpt":{"rendered":"<p>Realmente la cultura que hoy conocemos como cl\u00e1sica nunca desapareci\u00f3 por completo, sino que pas\u00f3 por distintas fases mientras se iba transformando a medida que eran adoptadas nuevas ideas y nuevas poblaciones en el continente europeo. La raz\u00f3n por la que esta cultura sobrevivi\u00f3 a todos los grandes cambios pol\u00edticos, sociales, econ\u00f3micos y religiosos que &hellip; <a href=\"https:\/\/blogs.ua.es\/quattrocentoitaliano\/antecedentes-culturales\/\" class=\"more-link\">Continue reading <span class=\"screen-reader-text\">Antecedentes Culturales<\/span> <span class=\"meta-nav\">&rarr;<\/span><\/a><\/p>\n","protected":false},"author":2909,"featured_media":0,"parent":0,"menu_order":0,"comment_status":"open","ping_status":"open","template":"","meta":{"footnotes":""},"class_list":["post-7","page","type-page","status-publish","hentry"],"_links":{"self":[{"href":"https:\/\/blogs.ua.es\/quattrocentoitaliano\/wp-json\/wp\/v2\/pages\/7","targetHints":{"allow":["GET"]}}],"collection":[{"href":"https:\/\/blogs.ua.es\/quattrocentoitaliano\/wp-json\/wp\/v2\/pages"}],"about":[{"href":"https:\/\/blogs.ua.es\/quattrocentoitaliano\/wp-json\/wp\/v2\/types\/page"}],"author":[{"embeddable":true,"href":"https:\/\/blogs.ua.es\/quattrocentoitaliano\/wp-json\/wp\/v2\/users\/2909"}],"replies":[{"embeddable":true,"href":"https:\/\/blogs.ua.es\/quattrocentoitaliano\/wp-json\/wp\/v2\/comments?post=7"}],"version-history":[{"count":6,"href":"https:\/\/blogs.ua.es\/quattrocentoitaliano\/wp-json\/wp\/v2\/pages\/7\/revisions"}],"predecessor-version":[{"id":90,"href":"https:\/\/blogs.ua.es\/quattrocentoitaliano\/wp-json\/wp\/v2\/pages\/7\/revisions\/90"}],"wp:attachment":[{"href":"https:\/\/blogs.ua.es\/quattrocentoitaliano\/wp-json\/wp\/v2\/media?parent=7"}],"curies":[{"name":"wp","href":"https:\/\/api.w.org\/{rel}","templated":true}]}}