{"id":30,"date":"2015-05-11T22:07:18","date_gmt":"2015-05-11T22:07:18","guid":{"rendered":"https:\/\/blogs.ua.es\/quintas\/?page_id=30"},"modified":"2015-05-30T14:49:02","modified_gmt":"2015-05-30T14:49:02","slug":"antecedentes-historicos","status":"publish","type":"page","link":"https:\/\/blogs.ua.es\/quintas\/antecedentes-historicos\/","title":{"rendered":"Contexto Hist\u00f3rico"},"content":{"rendered":"<p style=\"text-align: justify\">Para comprender mejor el periodo que vamos abordar en nuestro trabajo (1912-1927), pasaremos a analizar brevemente los <strong>acontecimientos hist\u00f3ricos<\/strong> que han ocasionado ese <strong>mal estar social<\/strong> \u00a0y <strong>antimilitarismo<\/strong>. Por lo que abarcaremos los sucesos m\u00e1s destacables\u00a0durante el periodo de \u00a0la <strong>Restauraci\u00f3n Borb\u00f3nica<\/strong>\u00a0 (1874 -1931).<\/p>\n<p style=\"text-align: justify\">Comenzaremos por el gran <span style=\"text-decoration: underline\"><strong>desastre colonial de 1898<\/strong>.<\/span> Que se trat\u00f3 en realidad de una \u00a0devasta\u00a0Guerra hispano-cubano-norteamericana. Es decir,\u00a0un conflicto b\u00e9lico que enfrent\u00f3 a Espa\u00f1a y a los Estados Unidos , resultado de la intervenci\u00f3n estadounidense en la\u00a0<strong>Guerra de Independencia cubana<\/strong>.\u00a0Al final del conflicto Espa\u00f1a \u00a0quedo derrotada perdiendo<strong> Cuba<\/strong> adem\u00e1s de\u00a0<strong>Puerto Rico<\/strong>, <strong>Filipinas<\/strong> y <strong>Guam<\/strong>.<\/p>\n<p>&nbsp;<\/p>\n<p style=\"text-align: center\"><a href=\"https:\/\/blogs.ua.es\/quintas\/files\/2015\/05\/3479e-soldados-espac3b1oles-en-la-guerra-de-cuba.jpg\"><img loading=\"lazy\" decoding=\"async\" class=\"  wp-image-156 aligncenter\" src=\"https:\/\/blogs.ua.es\/quintas\/files\/2015\/05\/3479e-soldados-espac3b1oles-en-la-guerra-de-cuba-300x233.jpg\" alt=\"3479e-soldados-espac3b1oles-en-la-guerra-de-cuba\" width=\"376\" height=\"292\" srcset=\"https:\/\/blogs.ua.es\/quintas\/files\/2015\/05\/3479e-soldados-espac3b1oles-en-la-guerra-de-cuba-300x233.jpg 300w, https:\/\/blogs.ua.es\/quintas\/files\/2015\/05\/3479e-soldados-espac3b1oles-en-la-guerra-de-cuba.jpg 622w\" sizes=\"auto, (max-width: 376px) 100vw, 376px\" \/><\/a><em>\u00a0(Soldados Espa\u00f1oles en la Guerra de Cuba)<\/em><\/p>\n<p style=\"text-align: justify\">Pero por si <strong>Espa\u00f1a<\/strong> no tuviera \u00a0poco con \u00a0ese verdadero <strong>drama<\/strong>, le sucede un <strong>desastre<\/strong> que se vuelve de una envergadura a\u00fan mayor para la sociedad espa\u00f1ola, se produce durante la <span style=\"text-decoration: underline\"><strong>Guerra de Melilla<\/strong> de <strong>1909<\/strong><\/span> <em>(Conflicto que enfrent\u00f3 a tropas espa\u00f1olas con las cabilas rife\u00f1as en los alrededores de la ciudad de Melilla entre julio y diciembre de 1909)<\/em> el <strong>desastre del Barranco del Lobo<\/strong> donde las tropas espa\u00f1olas fueron derrotadas por los rife\u00f1os. Esto provoco un estallido de\u00a0<strong>protestas<\/strong>\u00a0contra el env\u00edo de tropas desde la pen\u00ednsula, especialmente de reservistas, cosa que \u00a0en<strong> Barcelona<\/strong> y en buena parte de Catalu\u00f1a provoca \u00a0la <strong><u>Semana Tr\u00e1gica<\/u><\/strong>, que desemboco en un profundo\u00a0<strong><u>rechazo social al reclutamiento<\/u><\/strong>. Este <strong>rechazo<\/strong> y <strong>conflictos sociales<\/strong> lo podemos ver claramente a trav\u00e9s de esta frase que gritaban los hombres y mujeres durante la <strong>Semana Tr\u00e1gica<\/strong>:<\/p>\n<p style=\"text-align: center\">\u00a0 \u00a0 \u00a0 \u00a0 \u00a0 \u00a0 \u00a0 \u00a0 \u00a0 \u00a0 \u00a0 \u00a0\u00a1<strong>Abajo la guerra! \u00a1Que vayan los ricos! \u00a1Todos o ninguno!<\/strong><\/p>\n<p style=\"text-align: justify\">O a trav\u00e9s de <span style=\"text-decoration: underline\"><strong>coplillas<\/strong><\/span> populares como esta que se difundieron durante muchos a\u00f1os:<\/p>\n<p style=\"text-align: center\"><i>En el <strong>Barranco del Lobo<\/strong><\/i><br \/>\n<i>hay una fuente que mana<\/i><br \/>\n<i><strong>sangre<\/strong> de los <strong>espa\u00f1oles<\/strong><\/i><br \/>\n<i>que <strong>murieron<\/strong> por <strong>Espa\u00f1a<\/strong>.<\/i><\/p>\n<p style=\"text-align: center\"><i>\u00a1Pobrecitas <strong>madres<\/strong>,<\/i><br \/>\n<i>cu\u00e1nto llorar\u00e1n,<\/i><br \/>\n<i>al ver que sus <strong>hijos<\/strong><\/i><br \/>\n<i>a la <strong>guerra<\/strong> van!\u00a0<\/i><\/p>\n<p style=\"text-align: center\"><a href=\"https:\/\/blogs.ua.es\/quintas\/files\/2015\/05\/estampas_guerra_del_rif.jpg\"><img loading=\"lazy\" decoding=\"async\" class=\"alignnone  wp-image-157\" src=\"https:\/\/blogs.ua.es\/quintas\/files\/2015\/05\/estampas_guerra_del_rif-300x150.jpg\" alt=\"estampas_guerra_del_rif\" width=\"512\" height=\"256\" srcset=\"https:\/\/blogs.ua.es\/quintas\/files\/2015\/05\/estampas_guerra_del_rif-300x150.jpg 300w, https:\/\/blogs.ua.es\/quintas\/files\/2015\/05\/estampas_guerra_del_rif.jpg 646w\" sizes=\"auto, (max-width: 512px) 100vw, 512px\" \/><\/a><\/p>\n<p style=\"text-align: center\"><em>(Valencianos tomando rumbo de la Guerra del Rif)<\/em><\/p>\n<p style=\"text-align: center\"><a href=\"https:\/\/blogs.ua.es\/quintas\/files\/2015\/05\/huos2d.jpg\"><img loading=\"lazy\" decoding=\"async\" class=\"alignnone  wp-image-159\" src=\"https:\/\/blogs.ua.es\/quintas\/files\/2015\/05\/huos2d-300x218.jpg\" alt=\"huos2d\" width=\"273\" height=\"198\" srcset=\"https:\/\/blogs.ua.es\/quintas\/files\/2015\/05\/huos2d-300x218.jpg 300w, https:\/\/blogs.ua.es\/quintas\/files\/2015\/05\/huos2d.jpg 550w\" sizes=\"auto, (max-width: 273px) 100vw, 273px\" \/><\/a><a href=\"https:\/\/blogs.ua.es\/quintas\/files\/2015\/05\/hc3a9roes-anc3b3nimos-del-barranco-del-lobo.jpg\"><img loading=\"lazy\" decoding=\"async\" class=\"alignnone  wp-image-158\" src=\"https:\/\/blogs.ua.es\/quintas\/files\/2015\/05\/hc3a9roes-anc3b3nimos-del-barranco-del-lobo-300x225.jpg\" alt=\"hc3a9roes-anc3b3nimos-del-barranco-del-lobo\" width=\"264\" height=\"198\" srcset=\"https:\/\/blogs.ua.es\/quintas\/files\/2015\/05\/hc3a9roes-anc3b3nimos-del-barranco-del-lobo-300x225.jpg 300w, https:\/\/blogs.ua.es\/quintas\/files\/2015\/05\/hc3a9roes-anc3b3nimos-del-barranco-del-lobo.jpg 800w\" sizes=\"auto, (max-width: 264px) 100vw, 264px\" \/><\/a><\/p>\n<p style=\"text-align: center\"><em>(Tras el\u00a0deseaste\u00a0del barranco del lobo \u00a0) (Restos de soldados\u00a0an\u00f3nimos\u00a0del Barranco del Lobo)<\/em><\/p>\n<p style=\"text-align: center\">Un General (Pintos), 17 Jefes y oficiales y 136 soldados han encontrado la muerte en el barranco. Adem\u00e1s de 599 heridos espa\u00f1oles.<\/p>\n<p style=\"text-align: center\"><em>\u201c<span style=\"text-decoration: underline\"><strong>Melilla<\/strong><\/span> ya no es Melilla;<\/em><br \/>\n<em>Melilla es un <span style=\"text-decoration: underline\"><strong>matadero<\/strong><\/span>,<\/em><br \/>\n<em>donde van los <span style=\"text-decoration: underline\"><strong>espa\u00f1oles<\/strong><\/span><\/em><br \/>\n<em>a morir como corderos\u201d.<\/em><\/p>\n<p style=\"text-align: justify\">Todo esto se junto adem\u00e1s en un periodo en el que en Espa\u00f1a estaba agonizando a la poblaci\u00f3n la <span style=\"text-decoration: underline\"><strong>gran epidemia de gripe de 1918<\/strong><\/span>. Pero en fin, todas esas suplicas de los afectados no consiguieron su objetivo de acabar con los reclutamientos ya que durante los a\u00f1os <span style=\"text-decoration: underline\"><strong>1911<\/strong> y <strong>1927<\/strong> <\/span>\u00a0se desencadeno otra Guerra, la \u00a0<span style=\"text-decoration: underline\"><strong>Guerra de Rif\u00a0<\/strong><\/span>\u00a0que fue un devasto enfrentamiento originado por la sublevaci\u00f3n de las tribus rife\u00f1as<em> (de la regi\u00f3n monta\u00f1osa del norte de Marruecos)<\/em> contra las autoridades coloniales espa\u00f1oles\u00a0y francesas. Como bien sabemos, la<strong> colonizaci\u00f3n<\/strong> implica que todo el poder pol\u00edtico, econ\u00f3mico y militar se encuentre en manos de las autoridades de la potencia <em>protectora<\/em> y de un n\u00famero creciente de colonos europeos que intervienen activamente en la pol\u00edtica colonial. Pero al mismo tiempo, dado que se trata oficialmente de un <strong>protectorado<\/strong>, se mantienen formalmente algunas estructuras de poder preexistentes, que en la pr\u00e1ctica no tienen competencia alguna m\u00e1s que cierta capacidad de intervenci\u00f3n parcial en asuntos religiosos. De este modo, el sult\u00e1n se mantiene simb\u00f3licamente como m\u00e1xima autoridad marroqu\u00ed <em>(firma las leyes impuestas por el protectorado)<\/em> y es representado en la zona espa\u00f1ola por un vicario. Por lo que era cuesti\u00f3n de tiempo que esta <strong>Guerra<\/strong> en el <strong>Rif<\/strong> <em>(protectorado espa\u00f1ol)<\/em> explotase. La Guerra se puso en marcha y estallo desastrosa-mente para una Espa\u00f1a extremadamente sensible por aquel entonces, cuando en julio de\u00a0 <span style=\"text-decoration: underline\"><strong>1921<\/strong><\/span>, las tropas espa\u00f1olas sufrieron un grave <span style=\"text-decoration: underline\"><strong>desastre<\/strong><\/span> en <span style=\"text-decoration: underline\"><strong>Annual<\/strong><\/span>.\u00a0\u00a0Fue una derrota militar espa\u00f1ola ante los rife\u00f1os comandados por <strong>Abd el-Krim<\/strong>,\u00a0que supuso una redefinici\u00f3n de la pol\u00edtica colonial de Espa\u00f1a en la <strong>Guerra del Rif<\/strong>.\u00a0La <strong>crisis pol\u00edtica<\/strong> que provoc\u00f3 esta derrota fue una de las m\u00e1s importantes de las muchas que socavaron los cimientos de la\u00a0<strong>monarqu\u00eda liberal de Alfonso XIII<\/strong>. As\u00ed, los problemas generados por <strong>Annual<\/strong> fueron causa directa del <strong>golpe de Estado<\/strong> y la\u00a0<span style=\"text-decoration: underline\"><strong>dictadura<\/strong> de <strong>Miguel Primo de Rivera\u00a0(1923-1930)<\/strong><\/span><\/p>\n<p style=\"text-align: center\"><a href=\"https:\/\/blogs.ua.es\/quintas\/files\/2015\/05\/Ultima_hora.tif_.jpg\"><img loading=\"lazy\" decoding=\"async\" class=\" size-medium wp-image-118 aligncenter\" src=\"https:\/\/blogs.ua.es\/quintas\/files\/2015\/05\/Ultima_hora.tif_-300x239.jpg\" alt=\"Ultima_hora.tif\" width=\"300\" height=\"239\" srcset=\"https:\/\/blogs.ua.es\/quintas\/files\/2015\/05\/Ultima_hora.tif_-300x239.jpg 300w, https:\/\/blogs.ua.es\/quintas\/files\/2015\/05\/Ultima_hora.tif_.jpg 800w\" sizes=\"auto, (max-width: 300px) 100vw, 300px\" \/><\/a>(<em>El Soldado de N\u00e1poles (met\u00e1fora de la gripe espa\u00f1ola en Espa\u00f1a). Artista: Lorenzo Aguirre. Fuente: El F\u00edgaro, 25 de sept. de 1918)<\/em><\/p>\n<p style=\"text-align: center\"><a href=\"https:\/\/blogs.ua.es\/quintas\/files\/2015\/05\/abdelkrim.jpg\"><img loading=\"lazy\" decoding=\"async\" class=\"alignnone size-medium wp-image-160\" src=\"https:\/\/blogs.ua.es\/quintas\/files\/2015\/05\/abdelkrim-225x300.jpg\" alt=\"abdelkrim\" width=\"225\" height=\"300\" srcset=\"https:\/\/blogs.ua.es\/quintas\/files\/2015\/05\/abdelkrim-225x300.jpg 225w, https:\/\/blogs.ua.es\/quintas\/files\/2015\/05\/abdelkrim.jpg 357w\" sizes=\"auto, (max-width: 225px) 100vw, 225px\" \/><\/a><\/p>\n<p style=\"text-align: center\"><em>(Abd el-Krim, caudillo rife\u00f1o)<\/em><\/p>\n<p style=\"text-align: center\"><a href=\"https:\/\/blogs.ua.es\/quintas\/files\/2015\/05\/aaaa.jpg\"><img loading=\"lazy\" decoding=\"async\" class=\"alignnone  wp-image-161\" src=\"https:\/\/blogs.ua.es\/quintas\/files\/2015\/05\/aaaa-300x196.jpg\" alt=\"aaaa\" width=\"407\" height=\"265\" srcset=\"https:\/\/blogs.ua.es\/quintas\/files\/2015\/05\/aaaa-300x196.jpg 300w, https:\/\/blogs.ua.es\/quintas\/files\/2015\/05\/aaaa.jpg 800w\" sizes=\"auto, (max-width: 407px) 100vw, 407px\" \/><\/a><\/p>\n<p style=\"text-align: center\"><em>(En la fotograf\u00eda aparece el \u00a0Suboficial de Caballer\u00eda Segundo Tercero Carre\u00f1o, en el centro con gorra, rodeado de un grupo de Sargentos del Rgto. Alc\u00e1ntara. <span style=\"text-decoration: underline\"><strong>Todos los que tienen la cruz murieron en las acciones del<\/strong><\/span>\u00a0 <span style=\"text-decoration: underline\"><strong>Regimiento del a\u00f1o 1921 durante el desastre de Annual<\/strong><\/span>. La fotograf\u00eda fue hecha en fecha pr\u00f3xima a los hechos).<\/em><\/p>\n<p style=\"text-align: right\"><a href=\"https:\/\/blogs.ua.es\/quintas\/files\/2015\/05\/Bundesarchiv_Bild_102-09412_Primo_de_Rivera_und_der_K\u00f6nig_von_Spanien.jpg\"><img loading=\"lazy\" decoding=\"async\" class=\"alignnone  wp-image-38 aligncenter\" src=\"https:\/\/blogs.ua.es\/quintas\/files\/2015\/05\/Bundesarchiv_Bild_102-09412_Primo_de_Rivera_und_der_K\u00f6nig_von_Spanien-241x300.jpg\" alt=\"Bundesarchiv_Bild_102-09412,_Primo_de_Rivera_und_der_K\u00f6nig_von_Spanien\" width=\"251\" height=\"314\" srcset=\"https:\/\/blogs.ua.es\/quintas\/files\/2015\/05\/Bundesarchiv_Bild_102-09412_Primo_de_Rivera_und_der_K\u00f6nig_von_Spanien-241x300.jpg 241w, https:\/\/blogs.ua.es\/quintas\/files\/2015\/05\/Bundesarchiv_Bild_102-09412_Primo_de_Rivera_und_der_K\u00f6nig_von_Spanien.jpg 640w\" sizes=\"auto, (max-width: 251px) 100vw, 251px\" \/><\/a><\/p>\n<p style=\"text-align: center\">\u00a0 <em>(Alfonso XIII (en medio), con Miguel Primo de Rivera \u00a0(primero a la izquierda) y otros militares, 1930. Fuente de la imagen: <a href=\"http:\/\/es.wikipedia.org\/wiki\/Militarismo_en_Espa%C3%B1a\">http:\/\/es.wikipedia.org\/wiki\/Militarismo_en_Espa%C3%B1a<\/a>)<\/em><\/p>\n<p style=\"text-align: justify\">Por \u00faltimo, cabe resaltar que es durante esta Guerra del Rif, en el a\u00f1o <span style=\"text-decoration: underline\"><strong>1912<\/strong> <\/span>cuando se promulga la <span style=\"text-decoration: underline\"><strong>nueva ley de \u00a0reclutamiento y\u00a0remplazo<\/strong><\/span> que establece la <strong>obligatoriedad del servicio militar<\/strong> <strong>prohibiendo a pagar al Estado<\/strong>\u00a0<strong>para no hacer el servicio militar obligatorio <\/strong><em>(redenci\u00f3n a met\u00e1lico);<\/em> as\u00ed como la<strong> compra particular de otra persona por parte del soldado <\/strong><em>(sustituci\u00f3n hombre por hombre)<\/em><strong>.<\/strong>\u00a0No obstante, y debido a la imposibilidad de poder mantener econ\u00f3micamente a los soldados tres a\u00f1os en los acuartelamientos, se implanta una f\u00f3rmula llamada <span style=\"text-decoration: underline\"><strong>\u201ccuotas\u201d<\/strong><\/span>, en que las personas, pese a realizar el servicio militar obligatorio, estaban menos tiempo seg\u00fan la cantidad que aportasen a las arcas del Estado.\u00a0As\u00ed se puede comprobar que en 1912, los soldados que pagaban una cantidad de 1000 pesetas hac\u00edan 10 meses de servicio al Ej\u00e9rcito, los que pagaban 2000 pesetas hac\u00edan s\u00f3lo 5 meses; frente a los que no pagaban nada y estaban 3 a\u00f1os. Sabemos que estas cuotas dejan de ser fijas y en <strong>1925 <\/strong>pasan a ser proporcionales a las rentas de las personas, existiendo dos cuotas de 5000 y 1000 pesetas; en este a\u00f1o, el tiempo de servicio normal es de 2 a\u00f1os frente a los que se acogen al sistema de cuotas, que es de 9 meses.<\/p>\n<p style=\"text-align: justify\">As\u00ed que hay que resaltar que\u00a0durante los a\u00f1os <strong><u>1912 al 1933,<\/u><\/strong> el n\u00famero de j\u00f3venes incorporado fue casi el mismo que el de no incorporados; valga como ejemplo que en el Ej\u00e9rcito de Tierra tuvieron que incorporarse 4.805.261 y no se incorporaron a filas 2.025.761. Es decir un <span style=\"text-decoration: underline\"><strong>43% de los llamados a filas no se incorporaron<\/strong><\/span>.<\/p>\n<p style=\"text-align: center\"><em>Art. 2.\u00ba &#8220;La obligaci\u00f3n personal del servicio militar, impuesta<\/em><\/p>\n<p style=\"text-align: center\"><em>por el art\u00edculo <\/em><em>l.\u00ba <\/em><em>de la ley, alcanza \u00e1 todos los:<\/em><\/p>\n<p style=\"text-align: center\"><em>espa\u00f1oles, cualquiera que sea la provincia \u00f3 pueblo por<\/em><\/p>\n<p style=\"text-align: center\"><em>que cubran cupo, sin limitaci\u00f3n ni privilegios de ninguna.<\/em><\/p>\n<p style=\"text-align: center\"><em>clase, <\/em><em>y <\/em><em>sin otras excepciones que las expresamente. consignadas en la ley&#8221;.<\/em><\/p>\n<p style=\"text-align: center\">(Art\u00edculo 2 de la ley de reclutamiento y reemplazo)<\/p>\n<p style=\"text-align: center\"><strong>\u00a0 \u00a0 \u00a0 \u00a0 BIBLIOGRAF\u00cdA:<\/strong><\/p>\n<p style=\"text-align: center\">\u00a0 \u00a0 \u00a0 \u00a0 \u00a0 \u00a0<a href=\"https:\/\/blogs.ua.es\/quintas\/files\/2015\/05\/x.jpg\"><img loading=\"lazy\" decoding=\"async\" class=\"alignnone size-medium wp-image-129\" src=\"https:\/\/blogs.ua.es\/quintas\/files\/2015\/05\/x-300x118.jpg\" alt=\"x\" width=\"300\" height=\"118\" srcset=\"https:\/\/blogs.ua.es\/quintas\/files\/2015\/05\/x-300x118.jpg 300w, https:\/\/blogs.ua.es\/quintas\/files\/2015\/05\/x-1024x401.jpg 1024w, https:\/\/blogs.ua.es\/quintas\/files\/2015\/05\/x.jpg 1217w\" sizes=\"auto, (max-width: 300px) 100vw, 300px\" \/><\/a><\/p>\n<p style=\"text-align: justify\">REVISTA DIGITALIZADA:<\/p>\n<p style=\"text-align: justify\">Ministerio de la Guerra. 1912. Reales Ordenes del Estado mayor central del Ej\u00e9rcito: Reclutamiento y Reemplazo del Ejercito. <em>Diario Oficial del Ministerio de la Guerra.<\/em> [ En l\u00ednea].Tomo I. Pp. 267- 286.\u00a0[Consultado: 17\/05\/2015]. Disponible en:\u00a0<a href=\"http:\/\/www.boe.es\/buscar\/act.php?id=BOE-A-1912-1123\">http:\/\/www.boe.es\/buscar\/act.php?id=BOE-A-1912-1123<\/a><\/p>\n<p style=\"text-align: justify\">LIBROS:<\/p>\n<ul>\n<li>Pando Despierto, Juan. <i>Historia secreta de Annual<\/i>. Ediciones Temas de Hoy, S.A., Madrid 1999, 423 p\u00e1gs. ISBN 84-7880-971-6<\/li>\n<li>Jes\u00fas F. Salafranca (2001). <i>El sistema colonial espa\u00f1ol en \u00c1frica<\/i>. M\u00e1laga: Ed. Algazara. ISBN 84-87999-71-9.<\/li>\n<li><span id=\"CITAREFLeguineche.2C_Manuel1997\" class=\"citation libro\">Leguineche, Manuel (1997). \u00abAnnual 1921: el desastre de Espa\u00f1a en el Rif\u00bb. <i>Ed. Alfaguara<\/i>. <small>ISBN\u00a084-204-8235-8<\/small>.<\/span><\/li>\n<\/ul>\n<p>&nbsp;<\/p>\n<p>SITIOS WEB:<\/p>\n<p>Colaboradores de Wikipedia. 2015.\u00a0 Desastre del Barranco del Lobo. En <em>Wikipedia, la enciclopedia libre<\/em>.[ En l\u00ednea]. [Consultado: 11\/05\/2015]. Disponible en:\u00a0<a href=\"http:\/\/es.wikipedia.org\/wiki\/Desastre_del_Barranco_del_Lobo\">http:\/\/es.wikipedia.org\/wiki\/Desastre_del_Barranco_del_Lobo<\/a><\/p>\n<p>Colaboradores de Wikipedia. 2015. Guerra del Rif.\u00a0 En <em>Wikipedia, la enciclopedia libre<\/em>.[ En l\u00ednea]. [Consultado: 17\/05\/2015]. Disponible en: <a href=\"http:\/\/es.wikipedia.org\/wiki\/Guerra_del_Rif\">\u00a0http:\/\/es.wikipedia.org\/wiki\/Guerra_del_Rif<\/a><\/p>\n<p>&nbsp;<\/p>\n<p>-FUENTES DE LAS FOTOGRAF\u00cdAS:<\/p>\n<p><a href=\"https:\/\/spanienkaputt.wordpress.com\">https:\/\/spanienkaputt.wordpress.com<\/a><\/p>\n<p><a href=\"http:\/\/www.rifito.com\/2013\/11\/el-rif-la-guerra-de-los-pobres.html\">http:\/\/www.rifito.com\/2013\/11\/el-rif-la-guerra-de-los-pobres.html<\/a><\/p>\n<p><a href=\"http:\/\/elalminardemelilla.com\/2014\/12\/23\/el-barranco-del-lobo\/heroes-anonimos-del-barranco-del-lobo-2\/\">http:\/\/elalminardemelilla.com\/2014\/12\/23\/el-barranco-del-lobo\/heroes-anonimos-del-barranco-del-lobo-2\/<\/a><\/p>\n<p><a href=\"http:\/\/mundosgm.com\/categoria-general\/batallas-desesperadas\/390\/\">http:\/\/mundosgm.com\/categoria-general\/batallas-desesperadas\/390\/<\/a><\/p>\n<p><a href=\"http:\/\/estudioscruzdecaravaca.es\/El-entorno-del-robo%3A--la-II-Rep%FAblica.php\">http:\/\/estudioscruzdecaravaca.es\/El-entorno-del-robo%3A&#8211;la-II-Rep%FAblica.php<\/a><\/p>\n<p><a href=\"http:\/\/m.forocoches.com\/foro\/showthread.php?t=2315373\">http:\/\/m.forocoches.com\/foro\/showthread.php?t=2315373<\/a><\/p>\n","protected":false},"excerpt":{"rendered":"<p>Para comprender mejor el periodo que vamos abordar en nuestro trabajo (1912-1927), pasaremos a analizar brevemente los acontecimientos hist\u00f3ricos que han ocasionado ese mal estar social \u00a0y antimilitarismo. Por lo que abarcaremos los sucesos m\u00e1s destacables\u00a0durante el periodo de \u00a0la Restauraci\u00f3n Borb\u00f3nica\u00a0 (1874 -1931). Comenzaremos por el gran desastre colonial de 1898. Que se trat\u00f3 [&hellip;]<\/p>\n","protected":false},"author":3353,"featured_media":37,"parent":0,"menu_order":3,"comment_status":"open","ping_status":"open","template":"","meta":{"footnotes":""},"class_list":["post-30","page","type-page","status-publish","has-post-thumbnail","hentry"],"_links":{"self":[{"href":"https:\/\/blogs.ua.es\/quintas\/wp-json\/wp\/v2\/pages\/30","targetHints":{"allow":["GET"]}}],"collection":[{"href":"https:\/\/blogs.ua.es\/quintas\/wp-json\/wp\/v2\/pages"}],"about":[{"href":"https:\/\/blogs.ua.es\/quintas\/wp-json\/wp\/v2\/types\/page"}],"author":[{"embeddable":true,"href":"https:\/\/blogs.ua.es\/quintas\/wp-json\/wp\/v2\/users\/3353"}],"replies":[{"embeddable":true,"href":"https:\/\/blogs.ua.es\/quintas\/wp-json\/wp\/v2\/comments?post=30"}],"version-history":[{"count":14,"href":"https:\/\/blogs.ua.es\/quintas\/wp-json\/wp\/v2\/pages\/30\/revisions"}],"predecessor-version":[{"id":165,"href":"https:\/\/blogs.ua.es\/quintas\/wp-json\/wp\/v2\/pages\/30\/revisions\/165"}],"wp:featuredmedia":[{"embeddable":true,"href":"https:\/\/blogs.ua.es\/quintas\/wp-json\/wp\/v2\/media\/37"}],"wp:attachment":[{"href":"https:\/\/blogs.ua.es\/quintas\/wp-json\/wp\/v2\/media?parent=30"}],"curies":[{"name":"wp","href":"https:\/\/api.w.org\/{rel}","templated":true}]}}