{"id":41,"date":"2015-05-17T10:17:13","date_gmt":"2015-05-17T10:17:13","guid":{"rendered":"https:\/\/blogs.ua.es\/quintas\/?page_id=41"},"modified":"2015-05-20T13:08:02","modified_gmt":"2015-05-20T13:08:02","slug":"metodologia","status":"publish","type":"page","link":"https:\/\/blogs.ua.es\/quintas\/metodologia\/","title":{"rendered":"Metodolog\u00eda"},"content":{"rendered":"<p>La <span style=\"text-decoration: underline\"><strong>metodolog\u00eda<\/strong><\/span> que voy a seguir para realizar este trabajo va ser conseguir los datos m\u00e1s b\u00e1sicos de todos los a\u00f1os (de 1912 a 1927) como:<\/p>\n<p><em>* <strong><u>Alistamiento Inicial<\/u><\/strong><\/em><\/p>\n<p><em>* Excluidos por estar <strong><u>fallecidos<\/u><\/strong><\/em><\/p>\n<p><em>*Excluidos por pertenecer a la <strong><u>inscripci\u00f3n mar\u00edtima<\/u><\/strong><\/em><\/p>\n<p><em>* <strong><u>Acta de rectificaci\u00f3n definitiva y cierre del alistamiento<\/u><\/strong><\/em><\/p>\n<p><em>*Del acta de rectificaci\u00f3n definitiva y cierre de los documentos, los que son declarados <strong><u>pr\u00f3fugos<\/u><\/strong><\/em><\/p>\n<p><em>* Del acta de rectificaci\u00f3n definitiva y cierre de los documentos los que son <strong><u>excluidos<\/u><\/strong> del servicio militar por padecer alguna discapacidad que le impide realizar el servicio.<\/em><\/p>\n<p><em>* Del acta de rectificaci\u00f3n definitiva y cierre de los documentos, las <strong><u>excepciones<\/u><\/strong> (como por estar a cargo de una madre viuda y pobre o padre discapacitado, por encontrarse fuera y no poder entregar la documentaci\u00f3n en el plazo correspondiente\u2026.) para al menos temporalmente no hacer la mili.<\/em><\/p>\n<p><em>*Los que son declarados definitivamente <strong><u>\u00fatiles<\/u><\/strong> y por tanto <strong><u>soldados<\/u><\/strong><\/em><\/p>\n<p>Adem\u00e1s realizare un<span style=\"text-decoration: underline\"><strong> estudio, de altura y peso<\/strong> <\/span>de los mozos que se prestaron para la talla durante el reemplazo de <span style=\"text-decoration: underline\"><strong>1912<\/strong><\/span>.<\/p>\n<p>Para luego sustraer <strong>conclusiones<\/strong> que nos acercar\u00edan \u00a0m\u00e1s a cuestiones como un <span style=\"text-decoration: underline\"><strong>alto \u00edndice de emigraci\u00f3n<\/strong><\/span>, <span style=\"text-decoration: underline\"><strong>alto \u00edndice de mozos pertenecientes a la inscripci\u00f3n mar\u00edtima<\/strong><\/span>, el <span style=\"text-decoration: underline\"><strong>peso muy bajo en funci\u00f3n de altura<\/strong><\/span> que indica desnutrici\u00f3n, cosa que nos refleja indirectamente <span style=\"text-decoration: underline\"><strong>escasez de recursos<\/strong><\/span>.<\/p>\n","protected":false},"excerpt":{"rendered":"<p>La metodolog\u00eda que voy a seguir para realizar este trabajo va ser conseguir los datos m\u00e1s b\u00e1sicos de todos los a\u00f1os (de 1912 a 1927) como: * Alistamiento Inicial * Excluidos por estar fallecidos *Excluidos por pertenecer a la inscripci\u00f3n mar\u00edtima * Acta de rectificaci\u00f3n definitiva y cierre del alistamiento *Del acta de rectificaci\u00f3n definitiva [&hellip;]<\/p>\n","protected":false},"author":3353,"featured_media":47,"parent":0,"menu_order":4,"comment_status":"open","ping_status":"open","template":"","meta":{"footnotes":""},"class_list":["post-41","page","type-page","status-publish","has-post-thumbnail","hentry"],"_links":{"self":[{"href":"https:\/\/blogs.ua.es\/quintas\/wp-json\/wp\/v2\/pages\/41","targetHints":{"allow":["GET"]}}],"collection":[{"href":"https:\/\/blogs.ua.es\/quintas\/wp-json\/wp\/v2\/pages"}],"about":[{"href":"https:\/\/blogs.ua.es\/quintas\/wp-json\/wp\/v2\/types\/page"}],"author":[{"embeddable":true,"href":"https:\/\/blogs.ua.es\/quintas\/wp-json\/wp\/v2\/users\/3353"}],"replies":[{"embeddable":true,"href":"https:\/\/blogs.ua.es\/quintas\/wp-json\/wp\/v2\/comments?post=41"}],"version-history":[{"count":1,"href":"https:\/\/blogs.ua.es\/quintas\/wp-json\/wp\/v2\/pages\/41\/revisions"}],"predecessor-version":[{"id":42,"href":"https:\/\/blogs.ua.es\/quintas\/wp-json\/wp\/v2\/pages\/41\/revisions\/42"}],"wp:featuredmedia":[{"embeddable":true,"href":"https:\/\/blogs.ua.es\/quintas\/wp-json\/wp\/v2\/media\/47"}],"wp:attachment":[{"href":"https:\/\/blogs.ua.es\/quintas\/wp-json\/wp\/v2\/media?parent=41"}],"curies":[{"name":"wp","href":"https:\/\/api.w.org\/{rel}","templated":true}]}}