{"id":55,"date":"2015-05-27T23:32:07","date_gmt":"2015-05-27T23:32:07","guid":{"rendered":"https:\/\/blogs.ua.es\/quintasorihuelaalicante\/?page_id=55"},"modified":"2015-05-31T10:10:44","modified_gmt":"2015-05-31T10:10:44","slug":"presentacion-3","status":"publish","type":"page","link":"https:\/\/blogs.ua.es\/quintasorihuelaalicante\/presentacion-3\/","title":{"rendered":"Presentaci\u00f3n"},"content":{"rendered":"<p style=\"text-align: justify\">Este blog es un trabajo de la asignatura de <strong>FUENTES Y DOCUMENTOS: ENTRE LA TRADICI\u00d3N Y RENOVACI\u00d3N,<\/strong> realizado por los alumnos Jes\u00fas Villalgordo Saura, del\u00a0 2\u00ba curso del Grado de Historia de la Universidad de Alicante y tiene como objetivo saber el impacto que tuvo en los municipios de la provincia de Alicante, el reclutamiento de soldados durante una etapa convulsa en la Historia de Espa\u00f1a, entre los a\u00f1os 1898 y 1927.<\/p>\n<p style=\"text-align: justify\">El a\u00f1o 1898 represent\u00f3 uno de los momentos culminantes de la historia contempor\u00e1nea de Espa\u00f1a, no tanto por las consecuencias directas de la independencia de las \u00faltimas colonias, sino, sobre todo, por las repercusiones pol\u00edticas y culturales de la derrota colonial (p\u00e9rdida de Cuba y Filipinas). Los conflictos pol\u00edticos de los siguientes a\u00f1os, comienzan con la Guerra de Melilla de 1909; Guerra de Marruecos (Guerra del Rif: 1911-1927) y entre ellos, el desastre de Annual (julio 1921). Supondr\u00e1n en el \u00e1mbito sociopol\u00edtico, a\u00f1os de dificultades, durante los cuales, la ciudadan\u00eda en Espa\u00f1a se ver\u00e1 afectada e implicada en los acontecimientos, de muchas formas, una de ella la que tratamos de presentar en este trabajo, con el an\u00e1lisis y tratamiento de datos del archivo hist\u00f3rico municipal del Ayuntamiento de Orihuela, de los reemplazos militares de los a\u00f1os anteriormente mencionados (1912-1927) donde las circunstancias exig\u00edan un alto n\u00famero de contingentes militares (cupos).<\/p>\n<p style=\"text-align: justify\">Esperamos con ello conocer y dar a conocer la historia de nuestros pueblos y como no la, de nuestros compatriotas espa\u00f1oles, y que ello sea de utilidad.<\/p>\n<p style=\"text-align: justify\">Gracias por seguirnos!!!<\/p>\n","protected":false},"excerpt":{"rendered":"<p>Este blog es un trabajo de la asignatura de FUENTES Y DOCUMENTOS: ENTRE LA TRADICI\u00d3N Y RENOVACI\u00d3N, realizado por los alumnos Jes\u00fas Villalgordo Saura, del\u00a0 2\u00ba curso del Grado de Historia de la Universidad de Alicante y tiene como objetivo saber el impacto que tuvo en los municipios de la provincia de Alicante, el reclutamiento [&hellip;]<\/p>\n","protected":false},"author":2977,"featured_media":0,"parent":0,"menu_order":1,"comment_status":"open","ping_status":"open","template":"","meta":{"footnotes":""},"class_list":["post-55","page","type-page","status-publish","hentry"],"_links":{"self":[{"href":"https:\/\/blogs.ua.es\/quintasorihuelaalicante\/wp-json\/wp\/v2\/pages\/55","targetHints":{"allow":["GET"]}}],"collection":[{"href":"https:\/\/blogs.ua.es\/quintasorihuelaalicante\/wp-json\/wp\/v2\/pages"}],"about":[{"href":"https:\/\/blogs.ua.es\/quintasorihuelaalicante\/wp-json\/wp\/v2\/types\/page"}],"author":[{"embeddable":true,"href":"https:\/\/blogs.ua.es\/quintasorihuelaalicante\/wp-json\/wp\/v2\/users\/2977"}],"replies":[{"embeddable":true,"href":"https:\/\/blogs.ua.es\/quintasorihuelaalicante\/wp-json\/wp\/v2\/comments?post=55"}],"version-history":[{"count":8,"href":"https:\/\/blogs.ua.es\/quintasorihuelaalicante\/wp-json\/wp\/v2\/pages\/55\/revisions"}],"predecessor-version":[{"id":178,"href":"https:\/\/blogs.ua.es\/quintasorihuelaalicante\/wp-json\/wp\/v2\/pages\/55\/revisions\/178"}],"wp:attachment":[{"href":"https:\/\/blogs.ua.es\/quintasorihuelaalicante\/wp-json\/wp\/v2\/media?parent=55"}],"curies":[{"name":"wp","href":"https:\/\/api.w.org\/{rel}","templated":true}]}}