{"id":89,"date":"2012-12-26T08:43:06","date_gmt":"2012-12-26T08:43:06","guid":{"rendered":"https:\/\/blogs.ua.es\/rafaelaltamiraycrevea\/?page_id=89"},"modified":"2013-01-07T09:29:26","modified_gmt":"2013-01-07T09:29:26","slug":"metodologia","status":"publish","type":"page","link":"https:\/\/blogs.ua.es\/rafaelaltamiraycrevea\/metodologia\/","title":{"rendered":"Valoraci\u00f3n personal"},"content":{"rendered":"<p style=\"text-align: justify\">Gracias a la realizaci\u00f3n de este trabajo hemos podido conocer y apreciar la grandeza de Rafael Altamira, un historiador con may\u00fasculas que trabaj\u00f3 incansablemente para impulsar la historiograf\u00eda en Espa\u00f1a. Demostr\u00f3 en vida tener una gran fe en los poderes de la educaci\u00f3n, como la defensa m\u00e1s consistente en la prevenci\u00f3n de nuevos conflictos armados; en una \u00e9poca convulsa de terror\u00edficas guerras. Defendi\u00f3 y promovi\u00f3 una educaci\u00f3n para las clases m\u00e1s populares y una pedagog\u00eda con gran sentido moral. Con tales fundamentos se justifica el respeto y la admiraci\u00f3n que hoy en d\u00eda se sigue mostrando a la figura de Rafael Altamira a pesar de haber fallecido hace m\u00e1s de medio siglo.<\/p>\n<p style=\"text-align: justify\">Por ser una figura con un legado tan extenso, ha resultado sencillo encontrar toda la informaci\u00f3n que hemos deseado de su persona, al igual que la posibilidad de adquirir sus obras en las diferentes bibliotecas de la Universidad. Gracias a estas facilidades, hemos podido trabajar con mayor holgura y tranquilidad respecto a otros compa\u00f1eros que no tuvieron la fortuna de escoger a un autor con tanta notoriedad como Rafael Altamira.<\/p>\n","protected":false},"excerpt":{"rendered":"<p>Gracias a la realizaci\u00f3n de este trabajo hemos podido conocer y apreciar la grandeza de Rafael Altamira, un historiador con may\u00fasculas que trabaj\u00f3 incansablemente para impulsar la historiograf\u00eda en Espa\u00f1a. Demostr\u00f3 en vida tener una gran fe en los poderes &hellip; <a href=\"https:\/\/blogs.ua.es\/rafaelaltamiraycrevea\/metodologia\/\">Continue reading <span class=\"meta-nav\">&rarr;<\/span><\/a><\/p>\n","protected":false},"author":2947,"featured_media":0,"parent":0,"menu_order":0,"comment_status":"open","ping_status":"open","template":"","meta":{"footnotes":""},"class_list":["post-89","page","type-page","status-publish","hentry"],"_links":{"self":[{"href":"https:\/\/blogs.ua.es\/rafaelaltamiraycrevea\/wp-json\/wp\/v2\/pages\/89","targetHints":{"allow":["GET"]}}],"collection":[{"href":"https:\/\/blogs.ua.es\/rafaelaltamiraycrevea\/wp-json\/wp\/v2\/pages"}],"about":[{"href":"https:\/\/blogs.ua.es\/rafaelaltamiraycrevea\/wp-json\/wp\/v2\/types\/page"}],"author":[{"embeddable":true,"href":"https:\/\/blogs.ua.es\/rafaelaltamiraycrevea\/wp-json\/wp\/v2\/users\/2947"}],"replies":[{"embeddable":true,"href":"https:\/\/blogs.ua.es\/rafaelaltamiraycrevea\/wp-json\/wp\/v2\/comments?post=89"}],"version-history":[{"count":6,"href":"https:\/\/blogs.ua.es\/rafaelaltamiraycrevea\/wp-json\/wp\/v2\/pages\/89\/revisions"}],"predecessor-version":[{"id":122,"href":"https:\/\/blogs.ua.es\/rafaelaltamiraycrevea\/wp-json\/wp\/v2\/pages\/89\/revisions\/122"}],"wp:attachment":[{"href":"https:\/\/blogs.ua.es\/rafaelaltamiraycrevea\/wp-json\/wp\/v2\/media?parent=89"}],"curies":[{"name":"wp","href":"https:\/\/api.w.org\/{rel}","templated":true}]}}