{"id":94,"date":"2012-12-26T08:46:06","date_gmt":"2012-12-26T08:46:06","guid":{"rendered":"https:\/\/blogs.ua.es\/rafaelaltamiraycrevea\/?page_id=94"},"modified":"2013-01-14T19:01:08","modified_gmt":"2013-01-14T19:01:08","slug":"metodologia-2","status":"publish","type":"page","link":"https:\/\/blogs.ua.es\/rafaelaltamiraycrevea\/metodologia-2\/","title":{"rendered":"Metodolog\u00eda"},"content":{"rendered":"<p style=\"text-align: justify\">Nuestra intenci\u00f3n en este apartado, es explicar brevemente la metodolog\u00eda que hemos utilizado para confeccionar nuestro blog, sobre la figura de Rafael Altamira.<\/p>\n<p style=\"text-align: justify\">Para su elaboraci\u00f3n, hemos seguido las pautas que nos ense\u00f1aron en la asignatura <em>Fuentes y Documentos para la Historia<\/em>. De manera que hemos aplicado los diferentes recursos aprendidos y, mediante b\u00fasquedas avanzadas a trav\u00e9s de recursos electr\u00f3nicos de la Universidad de Alicante, nos han facilitado la localizaci\u00f3n de la informaci\u00f3n u obras del historiador alicantino.<\/p>\n<p style=\"text-align: justify\">En su totalidad, las entradas proceden de las fuentes escritas publicadas por el autor alicantino a lo largo de su prol\u00edfera carrera como escritor e historiador.<\/p>\n<p style=\"text-align: justify\">Las entradas comienzan con la respectiva referencia bibliogr\u00e1fica de la fuente consultada siguiendo la regla ISO 690. Posteriormente hemos a\u00f1adido una breve rese\u00f1a sobre los contenidos de dichas fuentes, insertando tambi\u00e9n un documento gr\u00e1fico a cada entrada.<\/p>\n<p style=\"text-align: justify\">Las obras seleccionadas han sido elegidas arbitrariamente sin seguir ning\u00fan criterio espec\u00edfico.<\/p>\n<p>&nbsp;<\/p>\n<p>&nbsp;<\/p>\n<p>&nbsp;<\/p>\n","protected":false},"excerpt":{"rendered":"<p>Nuestra intenci\u00f3n en este apartado, es explicar brevemente la metodolog\u00eda que hemos utilizado para confeccionar nuestro blog, sobre la figura de Rafael Altamira. Para su elaboraci\u00f3n, hemos seguido las pautas que nos ense\u00f1aron en la asignatura Fuentes y Documentos para &hellip; <a href=\"https:\/\/blogs.ua.es\/rafaelaltamiraycrevea\/metodologia-2\/\">Continue reading <span class=\"meta-nav\">&rarr;<\/span><\/a><\/p>\n","protected":false},"author":2947,"featured_media":0,"parent":0,"menu_order":0,"comment_status":"open","ping_status":"open","template":"","meta":{"footnotes":""},"class_list":["post-94","page","type-page","status-publish","hentry"],"_links":{"self":[{"href":"https:\/\/blogs.ua.es\/rafaelaltamiraycrevea\/wp-json\/wp\/v2\/pages\/94","targetHints":{"allow":["GET"]}}],"collection":[{"href":"https:\/\/blogs.ua.es\/rafaelaltamiraycrevea\/wp-json\/wp\/v2\/pages"}],"about":[{"href":"https:\/\/blogs.ua.es\/rafaelaltamiraycrevea\/wp-json\/wp\/v2\/types\/page"}],"author":[{"embeddable":true,"href":"https:\/\/blogs.ua.es\/rafaelaltamiraycrevea\/wp-json\/wp\/v2\/users\/2947"}],"replies":[{"embeddable":true,"href":"https:\/\/blogs.ua.es\/rafaelaltamiraycrevea\/wp-json\/wp\/v2\/comments?post=94"}],"version-history":[{"count":6,"href":"https:\/\/blogs.ua.es\/rafaelaltamiraycrevea\/wp-json\/wp\/v2\/pages\/94\/revisions"}],"predecessor-version":[{"id":125,"href":"https:\/\/blogs.ua.es\/rafaelaltamiraycrevea\/wp-json\/wp\/v2\/pages\/94\/revisions\/125"}],"wp:attachment":[{"href":"https:\/\/blogs.ua.es\/rafaelaltamiraycrevea\/wp-json\/wp\/v2\/media?parent=94"}],"curies":[{"name":"wp","href":"https:\/\/api.w.org\/{rel}","templated":true}]}}