{"id":116,"date":"2009-07-14T14:08:41","date_gmt":"2009-07-14T13:08:41","guid":{"rendered":"https:\/\/blogs.ua.es\/raqueltomas\/?page_id=116"},"modified":"2009-07-14T14:08:41","modified_gmt":"2009-07-14T13:08:41","slug":"articulo-relacionado","status":"publish","type":"page","link":"https:\/\/blogs.ua.es\/raqueltomas\/articulo-relacionado\/","title":{"rendered":"ARTICULO RELACIONADO"},"content":{"rendered":"<p><em>Articulo relacionado con las monedas del siglo XVI a fecha 9 de Junio de 2009, perteneciente a la pagina web <span style=\"text-decoration: underline\">Antigua y Medieval<\/span>:<\/em><\/p>\n<p>\u00a0<\/p>\n<h3 style=\"text-align: center\"><em>Hallan una moneda del siglo XVI junto a la iglesia de Baiona<\/em><\/h3>\n<p align=\"center\"><em>El arque\u00f3logo contratado por la empresa Gas Galicia para el control de las obras de ampliaci\u00f3n de servicios en la plaza de Santa Liberata de Baiona ha descubierto una moneda acu\u00f1ada en Lisboa entre los a\u00f1os 1495 y 1521 en un aceptable estado de conservaci\u00f3n.<br \/>\nLa pieza apareci\u00f3 durante la excavaci\u00f3n de una de las zanjas que se est\u00e1n realizando en uno de los laterales de la antigua Colegiata de Santa Mar\u00eda. Estaba a noventa cent\u00edmetros de profundidad junto a los restos de un cr\u00e1neo que se supone que es de la misma antig\u00fcedad, por lo que ser\u00edan los restos de un baion\u00e9s m\u00e1s antiguos que se han documentado.<br \/>\nLa moneda es equivalente a seis reales de plata, y es una de las pocas que han podido localizarse en Galicia. Hace cuatro a\u00f1os apareci\u00f3 una similar en unas excavaciones que se llevaron a cabo en Santiago de Compostela.<br \/>\nEl anverso representa un castillo y varias olas del mar, que son el s\u00edmbolo de la ciudad de Ceuta, que por aquella \u00e9poca era portuguesa y la joya de las colonias de ese pa\u00eds hasta 1580.<br \/>\nDe ah\u00ed le viene el nombre a la moneda de Ceuta o Ceit\u00ed, seg\u00fan explica el arque\u00f3logo de Adro Arqueol\u00f3xica, Lino Gorgoso. En el reverso queda grabado el escudo de armas de la corona portuguesa. Fue acu\u00f1ada durante el per\u00edodo de gobierno del rey Manuel Primero \u00abO afortunado\u00bb, de la segunda dinast\u00eda portuguesa. Pese a ser una moneda for\u00e1nea, tambi\u00e9n era de curso legal.<br \/>\nLa aparici\u00f3n de esta moneda supone uno de los hallazgos arqueol\u00f3gicos m\u00e1s interesantes de los \u00faltimos a\u00f1os en Baiona y ha sido posible gracias a la preocupaci\u00f3n de la empresa Gas Galicia por el patrimonio gallego.<br \/>\nLos controles arqueol\u00f3gicos en la calle han sacado a la luz m\u00e1s restos mortales durante los \u00faltimos d\u00edas.<br \/>\nM\u00e1s cuerpos<br \/>\nLos expertos que trabajan en la zona han contabilizado ya m\u00e1s de una veintena de esqueletos, la mayor parte de ellos parciales y muy descompuestos. Todos continuar\u00e1n bajo tierra protegidos de las tuber\u00edas por una capa geotextil y otra de arena, dentro de la pr\u00e1ctica que se conoce como \u00abarqueolog\u00eda preventiva\u00bb.<br \/>\nAdem\u00e1s ha salido a la superficie otra l\u00e1pida grabada que fue utilizada en un rito funerario religioso, que se suman a las siete que fueron identificadas la semana pasada por la arque\u00f3loga municipal Rosa Villar y que podr\u00edan estar datados en la Edad Media, seg\u00fan una valoraci\u00f3n inicial. Otro de los elementos de inter\u00e9s ha sido un peque\u00f1o cencerro de cobre en el entorno de la explanada de Santa Liberata, donde desde los tiempos m\u00e1s remotos de la fundaci\u00f3n de la villa se celebra y contin\u00faa manteni\u00e9ndose la feria de San Cosme y San Dami\u00e1n. A\u00fan est\u00e1 pendiente un estudio para determinar la cronolog\u00eda de este utensilio, si bien su localizaci\u00f3n servir\u00e1 para realizar una hip\u00f3tesis sobre los l\u00edmites del cementerio primitivo de Baiona, olvidado hasta ahora.<br \/>\nLas excavaciones se van a ampliar a lo largo de los pr\u00f3ximos d\u00edas. Los expertos trabajan con una gran minuciosidad limpiando todos los elementos de inter\u00e9s que van apareciendo cada vez que extraen la tierra para la apertura de zanjas por donde discurrir\u00e1n las tuber\u00edas subterr\u00e1neas del gas. El casco antiguo del municipio de Baiona posee una gran riqueza arqueol\u00f3gica.<\/em><\/p>\n<p align=\"center\"><em>\u00a0<\/em><\/p>\n","protected":false},"excerpt":{"rendered":"<p>Articulo relacionado con las monedas del siglo XVI a fecha 9 de Junio de 2009, perteneciente a la pagina web Antigua y Medieval: \u00a0 Hallan una moneda del siglo XVI junto a la iglesia de Baiona El arque\u00f3logo contratado por la empresa Gas Galicia para el control de las obras de ampliaci\u00f3n de servicios en [&hellip;]<\/p>\n","protected":false},"author":1091,"featured_media":0,"parent":0,"menu_order":0,"comment_status":"open","ping_status":"open","template":"","meta":{"footnotes":""},"class_list":["post-116","page","type-page","status-publish","hentry"],"_links":{"self":[{"href":"https:\/\/blogs.ua.es\/raqueltomas\/wp-json\/wp\/v2\/pages\/116","targetHints":{"allow":["GET"]}}],"collection":[{"href":"https:\/\/blogs.ua.es\/raqueltomas\/wp-json\/wp\/v2\/pages"}],"about":[{"href":"https:\/\/blogs.ua.es\/raqueltomas\/wp-json\/wp\/v2\/types\/page"}],"author":[{"embeddable":true,"href":"https:\/\/blogs.ua.es\/raqueltomas\/wp-json\/wp\/v2\/users\/1091"}],"replies":[{"embeddable":true,"href":"https:\/\/blogs.ua.es\/raqueltomas\/wp-json\/wp\/v2\/comments?post=116"}],"version-history":[{"count":4,"href":"https:\/\/blogs.ua.es\/raqueltomas\/wp-json\/wp\/v2\/pages\/116\/revisions"}],"predecessor-version":[{"id":120,"href":"https:\/\/blogs.ua.es\/raqueltomas\/wp-json\/wp\/v2\/pages\/116\/revisions\/120"}],"wp:attachment":[{"href":"https:\/\/blogs.ua.es\/raqueltomas\/wp-json\/wp\/v2\/media?parent=116"}],"curies":[{"name":"wp","href":"https:\/\/api.w.org\/{rel}","templated":true}]}}