{"id":76,"date":"2007-12-16T14:19:16","date_gmt":"2007-12-16T12:19:16","guid":{"rendered":"https:\/\/blogs.ua.es\/rateta\/cafd-univ-alicante\/"},"modified":"2007-12-29T18:26:00","modified_gmt":"2007-12-29T16:26:00","slug":"cafd-univ-alicante","status":"publish","type":"page","link":"https:\/\/blogs.ua.es\/rateta\/cafd-univ-alicante","title":{"rendered":"CAFD UNIV. ALICANTE"},"content":{"rendered":"<p>20-Noviembre-2007<\/p>\n<p>Ha fecha de hoy, la weblog se esta pareciendo m\u00e1s a lo que teniamos en mente al principio. Y a\u00fan queda trabajo por hacer, pero para dos estudiantes de CAFD (Ciencias de la Actividad F\u00edsica y el Deporte) de la Universidad de Alicante, en \u00faltimo a\u00f1o de carrera, nos fatisface que gente de fuera de Alicante ya nos visite la weblog, pero a\u00fan m\u00e1s cuando vienen comentarios desde el otro lado del Atl\u00e1ntico, como ya hemos tenido la suerte.<\/p>\n<p>Asi que animo a todo el mundo que entre en nuestra weblog que nos deje sus impresiones, tanto positivas como negativas, porque ellas nos ayudar\u00e1n a mejorar la p\u00e1gina para el bien de todos.<\/p>\n<p><a href=\"https:\/\/blogs.ua.es\/rateta\/files\/2007\/11\/dsc06366.JPG\" title=\"voley playa\"><img loading=\"lazy\" decoding=\"async\" width=\"376\" src=\"https:\/\/blogs.ua.es\/rateta\/files\/2007\/11\/dsc06366.JPG\" alt=\"voley playa\" height=\"291\" \/><\/a>\u00a0Playa\u00a0San Juan,\u00a0Alicante.\u00a0<\/p>\n<p><code>[kml_flashembed movie=\"http:\/\/es.youtube.com\/v\/8YSnR5pS9PE\" width=\"425\" height=\"350\" wmode=\"transparent\" \/]<\/code><\/p>\n","protected":false},"excerpt":{"rendered":"<p>20-Noviembre-2007 Ha fecha de hoy, la weblog se esta pareciendo m\u00e1s a lo que teniamos en mente al principio. Y a\u00fan queda trabajo por hacer, pero para dos estudiantes de CAFD (Ciencias de la Actividad F\u00edsica y el Deporte) de la Universidad de Alicante, en \u00faltimo a\u00f1o de carrera, nos fatisface que gente de fuera [&hellip;]<\/p>\n","protected":false},"author":251,"featured_media":0,"parent":0,"menu_order":0,"comment_status":"open","ping_status":"open","template":"","meta":{"footnotes":""},"class_list":["post-76","page","type-page","status-publish","hentry"],"_links":{"self":[{"href":"https:\/\/blogs.ua.es\/rateta\/wp-json\/wp\/v2\/pages\/76","targetHints":{"allow":["GET"]}}],"collection":[{"href":"https:\/\/blogs.ua.es\/rateta\/wp-json\/wp\/v2\/pages"}],"about":[{"href":"https:\/\/blogs.ua.es\/rateta\/wp-json\/wp\/v2\/types\/page"}],"author":[{"embeddable":true,"href":"https:\/\/blogs.ua.es\/rateta\/wp-json\/wp\/v2\/users\/251"}],"replies":[{"embeddable":true,"href":"https:\/\/blogs.ua.es\/rateta\/wp-json\/wp\/v2\/comments?post=76"}],"version-history":[{"count":0,"href":"https:\/\/blogs.ua.es\/rateta\/wp-json\/wp\/v2\/pages\/76\/revisions"}],"wp:attachment":[{"href":"https:\/\/blogs.ua.es\/rateta\/wp-json\/wp\/v2\/media?parent=76"}],"curies":[{"name":"wp","href":"https:\/\/api.w.org\/{rel}","templated":true}]}}