{"id":10,"date":"2010-06-14T14:11:02","date_gmt":"2010-06-14T14:11:02","guid":{"rendered":"https:\/\/blogs.ua.es\/redesitis\/objetivos\/"},"modified":"2012-03-01T15:44:47","modified_gmt":"2012-03-01T15:44:47","slug":"objetivos","status":"publish","type":"page","link":"https:\/\/blogs.ua.es\/redesitis\/objetivos\/","title":{"rendered":"Objetivos"},"content":{"rendered":"<p>Los objetivos espec\u00edficos organizados por cap\u00edtulos son:<\/p>\n<p><strong>CAP\u00cdTULO 1. <\/strong><br \/>\n&#8211;\u00a0Explicar los elementos y procesos que intervienen en una comunicaci\u00f3n entre dispositivos<br \/>\n&#8211;\u00a0Describir las ventajas que ofrece una red de dispositivos<br \/>\n&#8211;\u00a0Clasificar redes de dispositivos en funci\u00f3n de su forma geom\u00e9trica, modo de conexi\u00f3n, \u00e1rea geogr\u00e1fica que ocupan, \u00e1mbito de empleo y gesti\u00f3n o forma de establecer la comunicaci\u00f3n<br \/>\n&#8211;\u00a0Describir el concepto de arquitectura de red y la comunicaci\u00f3n entre los elementos que lo constituyen<br \/>\n&#8211;\u00a0Presentar dos modelos de arquitectura de red y discutir sus diferencias: OSI\/ISO \u2013 TCP\/IP<\/p>\n<p><strong>CAP\u00cdTULO 2. <\/strong><br \/>\n&#8211;\u00a0Comentar las funciones b\u00e1sicas de la capa f\u00edsica de una arquitectura de red<br \/>\n&#8211;\u00a0Mostrar los elementos b\u00e1sicos, desde un punto de vista la capa f\u00edsica,\u00a0 intervienen en una comunicaci\u00f3n<br \/>\n&#8211;\u00a0Mostrar el modelado de se\u00f1ales que representan datos digitales mediante desarrollo en serie de Fourier<br \/>\n&#8211;\u00a0Exponer la definici\u00f3n de conceptos b\u00e1sicos como ancho de banda, ruido, ganancia, filtrado o velocidad<br \/>\n&#8211;\u00a0Definir los par\u00e1metros b\u00e1sicos que determinan las prestaciones de un medio f\u00edsico<br \/>\n&#8211;\u00a0Explicar los modos de transmisi\u00f3n en un medio f\u00edsico<br \/>\n&#8211; Describir la naturaleza de los tipos de datos que se pueden transportar en un mensaje y de las se\u00f1ales que se emplean para transmitirlos<br \/>\n&#8211;\u00a0Comentar los mecanismos para construir las se\u00f1ales que transportan datos dependiendo de la naturaleza de los datos y del medio por el cual se van a transmitir<br \/>\n&#8211;\u00a0Mostrar ejemplos de codificaciones y \u00e1mbitos de uso en redes de computadores<br \/>\n&#8211; Comentar las principales caracter\u00edsticas de los medios de transmisi\u00f3n empleados en redes de computadores<br \/>\n&#8211; Describir el principio de funcionamiento y principales tipos de medios de transmisi\u00f3n guiados: par trenzado, cable coaxial y fibra \u00f3ptica<br \/>\n&#8211; Exponer los principales medios de transmisi\u00f3n empleados en las tecnolog\u00edas de red Ethernet actuales<br \/>\n&#8211;\u00a0Clasificar y explicar el concepto de multiplexado y los m\u00e9todos de multiplexado m\u00e1s empleados en comunicaciones anal\u00f3gicas y digitales<br \/>\n&#8211;\u00a0Mostrar ejemplos de procesos de multiplexado y el uso en redes de comunicaci\u00f3n<\/p>\n<p><strong>CAP\u00cdTULO 3. <\/strong><br \/>\n&#8211;\u00a0Describir las principales funciones que ofrece el nivel de enlace y detallar los tipos de servicios que ofrece el nivel de enlace al nivel de red<br \/>\n&#8211;\u00a0Describir el formato de tramas empleados por las tecnolog\u00edas de red a nivel de enlace m\u00e1s usadas<br \/>\n&#8211; Clasificar y describir las t\u00e9cnicas que permiten a varios equipos emplear un mismo medio para transferir informaci\u00f3n: m\u00e9todos de acceso al medio de tipos contienda, reserva y selecci\u00f3n<br \/>\n&#8211; Exponer y comentar las t\u00e9cnicas de compartici\u00f3n m\u00e1s empleadas con algunas de las tecnolog\u00edas de uso m\u00e1s habitual en redes LAN<br \/>\n&#8211; Dar a conocer el objetivo de realizar un control de flujo en las arquitecturas de red<br \/>\n&#8211; Mostrar el funcionamiento del m\u00e9todo de parada espera con y sin errores y saber determinar su eficiencia<br \/>\n&#8211; Describir el funcionamiento del m\u00e9todo de ventana deslizante y saber determinar su eficiencia<br \/>\n&#8211; Explicar el funcionamiento interno de dispositivos de interconexi\u00f3n del tipo conmutador<\/p>\n<p><strong>CAP\u00cdTULO 4. <\/strong><br \/>\n&#8211; Comentar las funciones b\u00e1sicas de la capa de red de una arquitectura de comunicaciones<br \/>\n&#8211; Mostrar el tipo de servicios que la capa de red puede ofrecer a la capa de transporte en una arquitectura de comunicaciones<br \/>\n&#8211; Describir el formato de datagramas IP empleados por los protocolos de red m\u00e1s estandarizados IPv4\/IPv6<br \/>\n&#8211; Conocer las semejanzas y diferencias de IPv4\/IPv6<br \/>\n&#8211; Conocer el protocolo ICMP como mecanismo para control de errores de datagramas IP<br \/>\n&#8211; Exponer y comentar los algoritmos que permiten determinar el modo en c\u00f3mo los datos se transmiten entre redes haciendo uso de dispositivos de interconexi\u00f3n de red<br \/>\n&#8211; Clasificar los protocolos de encaminamiento<br \/>\n&#8211; Detallar las m\u00e9tricas m\u00e1s usadas que emplean los algoritmos de encaminamiento para determinar la ruta \u00f3ptima<br \/>\n&#8211; Describir la casu\u00edstica de dos algoritmos b\u00e1sicos de c\u00e1lculo de ruta: Dijkstra y Bellman-Ford<br \/>\n&#8211; Exponer y comentar el funcionamiento de protocolos para encaminamiento en redes LAN:  RIP, IGRP<\/p>\n<p><strong>CAP\u00cdTULO 5. <\/strong><br \/>\n&#8211; Comentar las funciones b\u00e1sicas de la capa de transporte en una arquitectura de comunicaciones<br \/>\n&#8211; Mostrar el tipo de servicios que la capa de transporte puede ofrecer a las capas superiores en una arquitectura de comunicaciones<br \/>\n&#8211; Describir el formato de paquetes UDP y TCP<br \/>\n&#8211; Conocer las semejanzas y diferencias de emplear UDP o TCP<br \/>\n&#8211; Dar a conocer el mecanismo de control de flujo por ventana deslizante en un protocolo de nivel de transporte como TCP<br \/>\n&#8211; Explicar c\u00f3mo TCP lleva a cabo el control de congesti\u00f3n empleando la ventana deslizante<\/p>\n<p><strong>CAP\u00cdTULO 6. <\/strong><br \/>\n&#8211; Conocer los accesos a servicios de Internet m\u00e1s implantados en la actualidad<br \/>\n&#8211; Conocer las caracter\u00edsticas de las tecnolog\u00edas m\u00e1s empleadas para conectar una LAN a una WAN<\/p>\n","protected":false},"excerpt":{"rendered":"<p>Los objetivos espec\u00edficos organizados por cap\u00edtulos son: CAP\u00cdTULO 1. &#8211;\u00a0Explicar los elementos y procesos que intervienen en una comunicaci\u00f3n entre dispositivos &#8211;\u00a0Describir las ventajas que ofrece una red de dispositivos &#8211;\u00a0Clasificar redes de dispositivos en funci\u00f3n de su forma geom\u00e9trica, modo de conexi\u00f3n, \u00e1rea geogr\u00e1fica que ocupan, \u00e1mbito de empleo y gesti\u00f3n o forma de [&hellip;]<\/p>\n","protected":false},"author":1686,"featured_media":0,"parent":0,"menu_order":1,"comment_status":"closed","ping_status":"closed","template":"","meta":{"footnotes":""},"class_list":["post-10","page","type-page","status-publish","hentry"],"_links":{"self":[{"href":"https:\/\/blogs.ua.es\/redesitis\/wp-json\/wp\/v2\/pages\/10","targetHints":{"allow":["GET"]}}],"collection":[{"href":"https:\/\/blogs.ua.es\/redesitis\/wp-json\/wp\/v2\/pages"}],"about":[{"href":"https:\/\/blogs.ua.es\/redesitis\/wp-json\/wp\/v2\/types\/page"}],"author":[{"embeddable":true,"href":"https:\/\/blogs.ua.es\/redesitis\/wp-json\/wp\/v2\/users\/1686"}],"replies":[{"embeddable":true,"href":"https:\/\/blogs.ua.es\/redesitis\/wp-json\/wp\/v2\/comments?post=10"}],"version-history":[{"count":13,"href":"https:\/\/blogs.ua.es\/redesitis\/wp-json\/wp\/v2\/pages\/10\/revisions"}],"predecessor-version":[{"id":42,"href":"https:\/\/blogs.ua.es\/redesitis\/wp-json\/wp\/v2\/pages\/10\/revisions\/42"}],"wp:attachment":[{"href":"https:\/\/blogs.ua.es\/redesitis\/wp-json\/wp\/v2\/media?parent=10"}],"curies":[{"name":"wp","href":"https:\/\/api.w.org\/{rel}","templated":true}]}}