{"id":214,"date":"2010-11-04T11:29:15","date_gmt":"2010-11-04T11:29:15","guid":{"rendered":"https:\/\/blogs.ua.es\/redesitis\/"},"modified":"2014-04-30T13:43:33","modified_gmt":"2014-04-30T13:43:33","slug":"herramientas-software-para-wifi","status":"publish","type":"page","link":"https:\/\/blogs.ua.es\/redesitis\/recursos-didacticos\/herramientas-software-para-wifi\/","title":{"rendered":"Herramientas software para WIFI"},"content":{"rendered":"<p style=\"text-align: justify\">Para analizar el espectro de se\u00f1ales con frecuencia de radio (canales, calidad e instensidad de se\u00f1al, SSID, etc.) se recomienda emplear alguna de las siguientes herramientas de libre distribuci\u00f3n:<\/p>\n<ul style=\"text-align: justify\">\n<li><strong><a title=\"Wen de NetSurveyor\" href=\"http:\/\/www.performancewifi.net\/performance-wifi\/main\/NetSurveyor.htm\" target=\"_blank\">NetSurveyor<\/a>. <\/strong>Herramienta dise\u00f1ada para trabajar con redes Wi-Fi, 802.11b\/g. Proporciona informaci\u00f3n sobre la cercan\u00eda del punto de acceso, AP, en tiempo real y de manera gr\u00e1fica. As\u00ed, permite determinar la presencia de puntos de acceso locales, intensidad de las se\u00f1ales de sus antenas, permite realizar estudios de cobertura, ubicaci\u00f3n \u00f3ptima de antenas, determinar si existen interferencias de radiofrecuencias, etc. Con \u00e9ste software se puede obtener el SSID, la MAC, el tipo de cifrado, la fuerza (medida en dB\/m) , calidad de la se\u00f1al (mW), etc. En definitiva es una herramienta \u00fatil para ayudar a entender conceptos como puntos de acceso, AP, estaciones-cliente, redes inal\u00e1mbricas o SSIDs. Puede correr sobre Windows XP y VISTA.<\/li>\n<li><strong><a title=\"Web de Inssider\" href=\"http:\/\/www.metageek.net\/products\/inssider\" target=\"_blank\">InSSider<\/a><\/strong>: Herramienta que permite controlar de modo gr\u00e1fico la intensidad de se\u00f1al de una WiFi. Al igual que la anterior detecta SSID, MAC, canal, intensidad y fuerza de radio recibida, seguridad, velocidad de la se\u00f1al, etc. Funciona en Windows XP, VISTA y 7.<\/li>\n<li><strong><a title=\"Web de Heatmapper\" href=\"http:\/\/www.ekahau.com\/products\/heatmapper\/overview.html\" target=\"_blank\">Ekahau Heatmapper<\/a>. <\/strong>Una divertida utilidad que permite dibujar un mapa de converturas de una estancia y\/o laboratorio detectando las configuraciones de seguridad, simplemente desplandose con un portatil con adaptador inal\u00e1mbrico por el \u00e1rea de la estancia. Permitie mostrar las conexiones ordenadas por potencia, seguridad, MAC, SSID o canal.Funciona en Windows XP y VISTA.<\/li>\n<li><strong><a title=\"Web de Vistumbler\" href=\"http:\/\/sourceforge.net\/projects\/vistumbler\/files\/Vistumbler%20MDB\/Vistumbler%20v10\/Vistumbler_v10.exe\/download\">Vistumbler<\/a>. <\/strong>Otra divertida herramienta que permite escanear se\u00f1ales WiFi dentro del \u00e1mbito de cobertura e modo que se puedan ubicar en una posici\u00f3n aproximada mediante Google Maps. Funciona en Windows VISTA y 7. La versi\u00f3n para Windows XP se denomina <a title=\"Web de Netstumbler\" href=\"http:\/\/www.netstumbler.com\/downloads\/\">Netstumbler<\/a>.<\/li>\n<li><strong><a title=\"Web de Sistr\" href=\"http:\/\/www.dnsoft.be\/dn_software\/dn_freeware\/dn_info_freeware\/wifisis\/index.htm\">WiFi SiStr<\/a><\/strong>. Es una peque\u00f1a utilidad bastante simple que permite determinar la intensidad de se\u00f1al de una red inal\u00e1mbrica. Funciona en Windows 2000 y XP.<\/li>\n<\/ul>\n<ul>\n<li style=\"text-align: justify\"><strong><a title=\"Web Acrylic WiFi free\" href=\"https:\/\/www.acrylicwifi.com\/acrylic-wifi-gratuito\/\">Acrylic WiFi versi\u00f3n Free<\/a><\/strong>. Es un software que en su versi\u00f3n &#8216;gratuita&#8217; permite analizar el nivel de se\u00f1al, los canales usados para transmitir y nivel de seguridad de redes de comunicaciones WiFi. Dispone de una interfaz gr\u00e1fica clara e intuitiva para visualizar los dispositivos de comunicaciones existentes. Funciona en Windows Vista, 7 y 8.<\/li>\n<\/ul>\n<p style=\"text-align: justify\">Para analizar tr\u00e1fico de una red Ethernet, Wireshark requiere la librer\u00eda winpcap sobre windows. Si se desea analizar el tr\u00e1fico de una red Wi-Fi en Windows, 802.11, Wireshark necesita de otra librer\u00eda denominada airpacap. No obstante esta librer\u00eda no es de libre distribuci\u00f3n. En caso de que queramos analizar tramas 802.11 con Wireshark sin disponer de esa librer\u00eda, obtendremos paquetes no interpretables encapusalos dentro de tramas 802.3 (Ethernet), cuando en realidad no son tramas de este tipo. Para poder analizar la transmisi\u00f3n de datos en redes 802.11 sobre Windows, se requiere un analizador que soporte el driver del dispositivo inal\u00e1mbrico que se vaya usar (hay gran variedad de fabricantes y modelos). Por su gran variedad de drivers inal\u00e1mbricos soportados se recomienda el empleo de alguna de las siguientes herramientas en su versi\u00f3n trial o de evaluaci\u00f3n:<\/p>\n<ul style=\"text-align: justify\">\n<li><strong><a title=\"Web de commwifi\" href=\"http:\/\/www.tamos.com\/products\/commwifi\/\">Comview<\/a><\/strong>. Es una familia de monitores de red para diferentes necesidades. La versi\u00f3n Comview for WiFi permite analizar difentes protocolos de redes WLAN. Funciona en XP, Vista y 7.<\/li>\n<li><strong><a href=\"http:\/\/www.paessler.com\/prtg\/download\">PRTG Network Monitor<\/a><\/strong>.<\/li>\n<\/ul>\n<p style=\"text-align: justify\">Tambi\u00e9n hay otros monitores de red menos potentes y con menos dispositivos inal\u00e1mbricos detectados pero que pueden estar disponibles gratuitamente mediante licencia GNU. Entre ellos se recomienda <a href=\"http:\/\/www.kismetwireless.net\/\">Kismet<\/a> porque permite grabar la captura en formato compatible com <strong>tcpdump<\/strong> y <strong>Wireshark<\/strong>:<\/p>\n","protected":false},"excerpt":{"rendered":"<p>Para analizar el espectro de se\u00f1ales con frecuencia de radio (canales, calidad e instensidad de se\u00f1al, SSID, etc.) se recomienda emplear alguna de las siguientes herramientas de libre distribuci\u00f3n: NetSurveyor. Herramienta dise\u00f1ada para trabajar con redes Wi-Fi, 802.11b\/g. Proporciona informaci\u00f3n sobre la cercan\u00eda del punto de acceso, AP, en tiempo real y de manera gr\u00e1fica. [&hellip;]<\/p>\n","protected":false},"author":1686,"featured_media":0,"parent":8,"menu_order":0,"comment_status":"open","ping_status":"open","template":"","meta":{"footnotes":""},"class_list":["post-214","page","type-page","status-publish","hentry"],"_links":{"self":[{"href":"https:\/\/blogs.ua.es\/redesitis\/wp-json\/wp\/v2\/pages\/214","targetHints":{"allow":["GET"]}}],"collection":[{"href":"https:\/\/blogs.ua.es\/redesitis\/wp-json\/wp\/v2\/pages"}],"about":[{"href":"https:\/\/blogs.ua.es\/redesitis\/wp-json\/wp\/v2\/types\/page"}],"author":[{"embeddable":true,"href":"https:\/\/blogs.ua.es\/redesitis\/wp-json\/wp\/v2\/users\/1686"}],"replies":[{"embeddable":true,"href":"https:\/\/blogs.ua.es\/redesitis\/wp-json\/wp\/v2\/comments?post=214"}],"version-history":[{"count":7,"href":"https:\/\/blogs.ua.es\/redesitis\/wp-json\/wp\/v2\/pages\/214\/revisions"}],"predecessor-version":[{"id":1118,"href":"https:\/\/blogs.ua.es\/redesitis\/wp-json\/wp\/v2\/pages\/214\/revisions\/1118"}],"up":[{"embeddable":true,"href":"https:\/\/blogs.ua.es\/redesitis\/wp-json\/wp\/v2\/pages\/8"}],"wp:attachment":[{"href":"https:\/\/blogs.ua.es\/redesitis\/wp-json\/wp\/v2\/media?parent=214"}],"curies":[{"name":"wp","href":"https:\/\/api.w.org\/{rel}","templated":true}]}}