{"id":895,"date":"2012-03-07T17:10:30","date_gmt":"2012-03-07T17:10:30","guid":{"rendered":"https:\/\/blogs.ua.es\/redesitis\/?page_id=895"},"modified":"2012-03-07T17:11:10","modified_gmt":"2012-03-07T17:11:10","slug":"cursos-ocw-de-redes","status":"publish","type":"page","link":"https:\/\/blogs.ua.es\/redesitis\/recursos-didacticos\/cursos-ocw-de-redes\/","title":{"rendered":"Cursos OCW de redes"},"content":{"rendered":"<p><a href=\"http:\/\/ocw.uc3m.es\/ingenieria-telematica\/fundamentos-de-las-redes-de-comunicaciones-de-las-aplicaciones-a-los-bits\">Fundamentos de las redes de comunicaciones<\/a>:\u00a0 Protocolos de nivel de aplicaci\u00f3n, nivel de transporte, redes IP, LANs, etc.Universidad Carlos III (Madrid).\u00a0 Fecha: Abril 2007. Titulaci\u00f3n: Ingenier\u00eda T\u00e9cnica de Telecomunicaciones (Especialidad Telem\u00e1tica)<\/p>\n<p><a href=\"http:\/\/ocw.innova.uned.es\/ocwuniversia\/ingenieria-industrial\/redes-de-comunicaciones-industriales\">Redes de comunicaciones industriales<\/a>: Arquitectura TCP\/IP, acceso al medio, comunicaciones inal\u00e1mbricas, PROFIBUS, WorldFIP, CAN, etc. Universidad de Educaci\u00f3n a Distancia (UNED-Madrid).\u00a0 Fecha: Abril 2009. Titulaci\u00f3n: Ingenier\u00eda T\u00e9cnica de Telecomunicaciones (Especialidad Telem\u00e1tica)<\/p>\n<p><a href=\"http:\/\/ocw.upm.es\/teoria-de-la-senal-y-comunicaciones-1\/comunicaciones-moviles-digitales\">Comunicaciones m\u00f3viles digitales<\/a>: TETRA, GSM, GPRS, UMTS, WLAN, etc. Universidad Polit\u00e9cnica de Madrid. Fecha: Febrero 2007. Titulaci\u00f3n: Ingenier\u00eda T\u00e9cnica de Telecomunicaciones.<\/p>\n<p><a href=\"http:\/\/www.upv.es\/ocwasi\/2008\/6071\">Redes de \u00e1rea local e interconexi\u00f3n de redes<\/a>: Familia Ethernet, Redes 802.11, VPNs, Redes metropolitanas, Interconexi\u00f3n de WANs, etc. Universidad Polit\u00e9cnica de Valencia. Fecha: 2008. Titulaci\u00f3n: Ingenier\u00eda en Inform\u00e1tica.<\/p>\n<p><a href=\"http:\/\/www.upv.es\/ocwasi\/2008\/5662\">Redes<\/a>: Arquitectura TCP\/IP, LANs y Seguridad en redes. Universidad Polit\u00e9cnica de Valencia. Fecha: 2008. Titulaci\u00f3n: Ingenier\u00eda T\u00e9cnica en Inform\u00e1tica de Sistemas<\/p>\n<p><a href=\"http:\/\/ocw.bib.upct.es\/course\/view.php?id=5&amp;topic=1\">Laboratorio de redes y servicios de comunicaciones:<\/a> ICMP, UDP, TCP, ARP, RIP, OSPF, etc. Universidad Polit\u00e9cnica de Cartagena. Fecha: 2011. Titulaci\u00f3n: Ingenier\u00eda T\u00e9cnica de Telecomunicaciones.<\/p>\n<p><a href=\"http:\/\/www.upv.es\/ocwasi\/2008\/5662\">Fundamentos de redes de computadores<\/a>: aplicaciones en red, DHCP, DNS, sockets y seguridad. Universidad Polit\u00e9cnica de Valencia. Fecha: 2009. Titulaci\u00f3n: Ingenier\u00eda en Inform\u00e1tica<\/p>\n<p><a href=\"http:\/\/ocw.unican.es\/ensenanzas-tecnicas\/redes-telefonicas\">Redes telef\u00f3nicas<\/a>: Topolog\u00edas de red, multiplexado, transmisi\u00f3n, teletr\u00e1fico, telefon\u00eda m\u00f3vil celular, encaminamiento. Universidad de Cantabria. Fecha 2009. Titulaci\u00f3n: Ingenier\u00eda de Comunicaciones<\/p>\n<p><a href=\"http:\/\/www.upv.es\/ocwasi\/2008\/5662\">Configuraci\u00f3n, administraci\u00f3n e interconexi\u00f3n de redes de \u00e1rea local<\/a>: arquitectura TCP\/IP, tipos de cableado, dispositivos de interconexi\u00f3n de redes, traducci\u00f3n NAT, servicios de correo, VPN, seguridad SSL, etc. Universidad Polit\u00e9cnica de Valencia. Fecha: 2008. Titulaci\u00f3n: Ingenier\u00eda T\u00e9cnica en Inform\u00e1tica de Sistemas<\/p>\n<p><a href=\"http:\/\/ocw.uoc.edu\/informatica-tecnologia-y-multimedia\/proyecto-de-direccion-de-sistemas-de-informacion\/Course_listing\">Proyecto en administraci\u00f3n de redes y sistemas operativos basados en GNU\/Linux<\/a>. Universitat Oberta de Cayalunya. Fecha: 2007. Titulaci\u00f3n: M\u00e1ster oficial en software libre<\/p>\n<p><a href=\"http:\/\/ocw.upm.es\/ingenieria-telematica\/redes-y-servicios-de-radio\">Redes y servicios de radio<\/a>: GRPS, UMTS, DVB, WiMAX, WiFi, PAN-Bluetooth, etc. Universidad Polit\u00e9cnica de Madrid. Fecha: 2007. Titulaci\u00f3n: Ingenier\u00eda de Telecomunicaciones<\/p>\n<p><a href=\"http:\/\/ocw.bib.upct.es\/course\/view.php?id=85&amp;topic=1\">Seguridad en redes<\/a>: DES, CFB, OFB, HASH, RSA, etc. Universidad Polit\u00e9cnica de Cartagena. Fecha: 2008. Titulaci\u00f3n: M\u00e1ster en Inform\u00e1tica Industrial<\/p>\n<p><a href=\"http:\/\/ocw.uoc.edu\/informatica-tecnologia-y-multimedia\/redes-de-computadores\/Course_listing\">Redes de computadores<\/a>: ARP., IP, ICMP, TCP, UDP, aplicaciones cliente\/servidor, servicios del nivel de aplicaci\u00f3n, etc. Universitat Oberta de Cayalunya. Fecha: 2004. Titulaci\u00f3n: M\u00e1ster oficial en software libre<\/p>\n<p><a href=\"http:\/\/www.icesi.edu.co\/ocw\/tic\/administracion_plataformas_y_seguridad\">Administraci\u00f3n de plataformas y seguridad<\/a>: DNS, DHCP, correo y web, NAT\/PAT, firewalls, etc. Universidad ICESI. Fecha: 2008. Titulaci\u00f3n: desconocida<\/p>\n<p><a href=\"http:\/\/www.ocwconsortium.org\/\"><img loading=\"lazy\" decoding=\"async\" src=\"https:\/\/blogs.ua.es\/redesitis\/files\/2012\/03\/ocwconsortiumlogo.gif\" alt=\"\" width=\"222\" height=\"90\" \/><\/a><a href=\"http:\/\/ocw.universia.net\/es\/\"><img loading=\"lazy\" decoding=\"async\" src=\"https:\/\/blogs.ua.es\/redesitis\/files\/2012\/03\/logo-ocw-universia-300x172.gif\" alt=\"\" width=\"300\" height=\"172\" \/><\/a><\/p>\n","protected":false},"excerpt":{"rendered":"<p>Fundamentos de las redes de comunicaciones:\u00a0 Protocolos de nivel de aplicaci\u00f3n, nivel de transporte, redes IP, LANs, etc.Universidad Carlos III (Madrid).\u00a0 Fecha: Abril 2007. Titulaci\u00f3n: Ingenier\u00eda T\u00e9cnica de Telecomunicaciones (Especialidad Telem\u00e1tica) Redes de comunicaciones industriales: Arquitectura TCP\/IP, acceso al medio, comunicaciones inal\u00e1mbricas, PROFIBUS, WorldFIP, CAN, etc. Universidad de Educaci\u00f3n a Distancia (UNED-Madrid).\u00a0 Fecha: Abril 2009. [&hellip;]<\/p>\n","protected":false},"author":1686,"featured_media":0,"parent":8,"menu_order":6,"comment_status":"open","ping_status":"open","template":"","meta":{"footnotes":""},"class_list":["post-895","page","type-page","status-publish","hentry"],"_links":{"self":[{"href":"https:\/\/blogs.ua.es\/redesitis\/wp-json\/wp\/v2\/pages\/895","targetHints":{"allow":["GET"]}}],"collection":[{"href":"https:\/\/blogs.ua.es\/redesitis\/wp-json\/wp\/v2\/pages"}],"about":[{"href":"https:\/\/blogs.ua.es\/redesitis\/wp-json\/wp\/v2\/types\/page"}],"author":[{"embeddable":true,"href":"https:\/\/blogs.ua.es\/redesitis\/wp-json\/wp\/v2\/users\/1686"}],"replies":[{"embeddable":true,"href":"https:\/\/blogs.ua.es\/redesitis\/wp-json\/wp\/v2\/comments?post=895"}],"version-history":[{"count":2,"href":"https:\/\/blogs.ua.es\/redesitis\/wp-json\/wp\/v2\/pages\/895\/revisions"}],"predecessor-version":[{"id":897,"href":"https:\/\/blogs.ua.es\/redesitis\/wp-json\/wp\/v2\/pages\/895\/revisions\/897"}],"up":[{"embeddable":true,"href":"https:\/\/blogs.ua.es\/redesitis\/wp-json\/wp\/v2\/pages\/8"}],"wp:attachment":[{"href":"https:\/\/blogs.ua.es\/redesitis\/wp-json\/wp\/v2\/media?parent=895"}],"curies":[{"name":"wp","href":"https:\/\/api.w.org\/{rel}","templated":true}]}}