{"id":9,"date":"2010-06-14T14:10:33","date_gmt":"2010-06-14T14:10:33","guid":{"rendered":"https:\/\/blogs.ua.es\/redesitis\/profesorado\/"},"modified":"2014-12-26T19:05:34","modified_gmt":"2014-12-26T19:05:34","slug":"profesorado","status":"publish","type":"page","link":"https:\/\/blogs.ua.es\/redesitis\/profesorado\/","title":{"rendered":"Profesorado"},"content":{"rendered":"<p><span style=\"color: #000000\"><strong>Pablo Gil V\u00e1zquez <\/strong><\/span><strong>(Teor\u00eda, Coordinador de la asignatura)<br \/>\n<\/strong>Profesor Titular de Universidad<br \/>\nGrupo en Autom\u00e1tica, Rob\u00f3tica y Visi\u00f3n Artificial (AUROVA)<br \/>\nDpto. F\u00edsica, Ingenier\u00eda de Sistemas y Teor\u00eda de la Se\u00f1al<br \/>\nEscuela Polit\u00e9cnica Superior<br \/>\nUniversidad de Alicante<br \/>\n<a href=\"https:\/\/plus.google.com\/100142685062591575986\/\"><img loading=\"lazy\" decoding=\"async\" class=\"size-full wp-image-905 alignnone\" src=\"https:\/\/blogs.ua.es\/redesitis\/files\/2010\/06\/gplus-161.png\" alt=\"\" width=\"16\" height=\"16\" \/><\/a><a href=\"http:\/\/academic.research.microsoft.com\/Author\/52629394\/pablo-gil\"><img loading=\"lazy\" decoding=\"async\" class=\"size-full wp-image-932 alignnone\" src=\"https:\/\/blogs.ua.es\/redesitis\/files\/2010\/06\/mar1.png\" alt=\"\" width=\"16\" height=\"16\" \/><\/a><a href=\"http:\/\/www.researchgate.net\/profile\/Pablo_Gil\/\"><img loading=\"lazy\" decoding=\"async\" class=\"alignleft  wp-image-1084\" src=\"https:\/\/blogs.ua.es\/redesitis\/files\/2010\/06\/researchgate-150x148.png\" alt=\"researchgate\" width=\"17\" height=\"17\" srcset=\"https:\/\/blogs.ua.es\/redesitis\/files\/2010\/06\/researchgate-150x148.png 150w, https:\/\/blogs.ua.es\/redesitis\/files\/2010\/06\/researchgate.png 226w\" sizes=\"auto, (max-width: 17px) 100vw, 17px\" \/><\/a><a href=\"http:\/\/scholar.google.com\/citations?user=-vWPHWQAAAAJ\"><img loading=\"lazy\" decoding=\"async\" class=\"alignnone size-full wp-image-930\" src=\"https:\/\/blogs.ua.es\/redesitis\/files\/2010\/06\/ga1.png\" alt=\"\" width=\"16\" height=\"16\" \/><\/a>\u00a0<a href=\"http:\/\/www.linkedin.com\/in\/pablogilua\"><img loading=\"lazy\" decoding=\"async\" class=\"wp-image-1083 alignnone\" src=\"https:\/\/blogs.ua.es\/redesitis\/files\/2010\/06\/linkedin.jpg\" alt=\"linkedin\" width=\"16\" height=\"17\" \/><\/a>e-mail: <a href=\"mailto:Pablo.Gil@ua.es\">Pablo.Gil@ua.es<\/a> , despacho: <a title=\"Edificio EPS II- Planta Baja - Columna gris\" href=\"http:\/\/www.sigua.ua.es\/es\/estancias\/miniatura_copia.php?varCodigo=0015PB058&amp;varAncho=600&amp;varAlto=400&amp;zoom=6&amp;lat=4251880.15233&amp;lon=717364.19232&amp;layers=TTBTT\" target=\"_blank\">0015PB058<\/a><\/p>\n<p>Nota: \u00daltima edici\u00f3n, curso 2013-2014. En la actualidad ya no soy coordinador de la asignatura, aunque si imparto un grupo de teor\u00eda. No obstante, espero que los materiales en esta web sigan sirviendo de utilidad.<\/p>\n<p>Para cualquier informaci\u00f3n sobre <a href=\"http:\/\/www.dfists.ua.es\/es\/tutorias.html\">horarios de tutor\u00edas<\/a> se puede acceder a la web del departamento.<\/p>\n<p><code><strong>Video Presentaci\u00f3n de Teor\u00eda (Pablo Gil) durante el curso 2010-2011<br \/>\n<\/strong><\/code><\/p>\n<p><code>[kml_flashembed movie=\"http:\/\/www.youtube.com\/v\/ecx5ke2MiYs\" width=\"425\" height=\"350\" wmode=\"transparent\" \/]<\/code><\/p>\n<p><code><strong>Video Presentaci\u00f3n de Pr\u00e1cticas (Carlos A. Jara) durante el curso 2010-2011<br \/>\n<\/strong><\/code><\/p>\n<p><code>[kml_flashembed movie=\"http:\/\/www.youtube.com\/v\/Un4xTNcA6Xs\" width=\"425\" height=\"350\" wmode=\"transparent\" \/]<\/code><\/p>\n","protected":false},"excerpt":{"rendered":"<p>Pablo Gil V\u00e1zquez (Teor\u00eda, Coordinador de la asignatura) Profesor Titular de Universidad Grupo en Autom\u00e1tica, Rob\u00f3tica y Visi\u00f3n Artificial (AUROVA) Dpto. F\u00edsica, Ingenier\u00eda de Sistemas y Teor\u00eda de la Se\u00f1al Escuela Polit\u00e9cnica Superior Universidad de Alicante \u00a0e-mail: Pablo.Gil@ua.es , despacho: 0015PB058 Nota: \u00daltima edici\u00f3n, curso 2013-2014. En la actualidad ya no soy coordinador de la [&hellip;]<\/p>\n","protected":false},"author":1686,"featured_media":0,"parent":0,"menu_order":3,"comment_status":"closed","ping_status":"closed","template":"","meta":{"footnotes":""},"class_list":["post-9","page","type-page","status-publish","hentry"],"_links":{"self":[{"href":"https:\/\/blogs.ua.es\/redesitis\/wp-json\/wp\/v2\/pages\/9","targetHints":{"allow":["GET"]}}],"collection":[{"href":"https:\/\/blogs.ua.es\/redesitis\/wp-json\/wp\/v2\/pages"}],"about":[{"href":"https:\/\/blogs.ua.es\/redesitis\/wp-json\/wp\/v2\/types\/page"}],"author":[{"embeddable":true,"href":"https:\/\/blogs.ua.es\/redesitis\/wp-json\/wp\/v2\/users\/1686"}],"replies":[{"embeddable":true,"href":"https:\/\/blogs.ua.es\/redesitis\/wp-json\/wp\/v2\/comments?post=9"}],"version-history":[{"count":46,"href":"https:\/\/blogs.ua.es\/redesitis\/wp-json\/wp\/v2\/pages\/9\/revisions"}],"predecessor-version":[{"id":1129,"href":"https:\/\/blogs.ua.es\/redesitis\/wp-json\/wp\/v2\/pages\/9\/revisions\/1129"}],"wp:attachment":[{"href":"https:\/\/blogs.ua.es\/redesitis\/wp-json\/wp\/v2\/media?parent=9"}],"curies":[{"name":"wp","href":"https:\/\/api.w.org\/{rel}","templated":true}]}}