{"id":10,"date":"2012-09-13T05:44:13","date_gmt":"2012-09-13T05:44:13","guid":{"rendered":"https:\/\/blogs.ua.es\/reinonavarra\/?page_id=10"},"modified":"2013-01-08T16:09:10","modified_gmt":"2013-01-08T16:09:10","slug":"ficha-general","status":"publish","type":"page","link":"https:\/\/blogs.ua.es\/reinonavarra\/ficha-general\/","title":{"rendered":"Ficha"},"content":{"rendered":"<h1>Comunidad : <span style=\"color: #000000\">Valenciana<\/span><\/h1>\n<h1>Universidad: <span style=\"color: #000000\">Alicante<\/span><\/h1>\n<h1>Carrera\u00a0\u00a0 <span style=\"color: #000000\">Licenciatura en Humaidades\u00a0\u00a0<\/span> Curso: <span style=\"color: #000000\">4\u00ba<\/span>\u00a0 Asignatura: <span style=\"color: #000000\">Historia Moderna de Espa\u00f1a<\/span><\/h1>\n<h1>Profesor de Teor\u00eda y Pr\u00e1ctica : <span style=\"color: #000000\">Don Antonio Carrasco Rodriguez<\/span><\/h1>\n<h1>Alumno: <span style=\"color: #000000\">Don Antonio Manuel Le\u00f3n Vaquero<\/span><\/h1>\n<h1>Compa\u00f1eras : <span style=\"color: #000000\">Alba, Andrea, Mar\u00eda de los Angeles, Mercedes, Noelia<\/span><\/h1>\n<h1>Compa\u00f1eros :<span style=\"color: #000000\"> Carlos, Federico, Jes\u00fas, Josue<\/span><span style=\"color: #000000\">, Vicente<\/span><\/h1>\n","protected":false},"excerpt":{"rendered":"<p>Comunidad : Valenciana Universidad: Alicante Carrera\u00a0\u00a0 Licenciatura en Humaidades\u00a0\u00a0 Curso: 4\u00ba\u00a0 Asignatura: Historia Moderna de Espa\u00f1a Profesor de Teor\u00eda y Pr\u00e1ctica : Don Antonio Carrasco Rodriguez Alumno: Don Antonio Manuel Le\u00f3n Vaquero Compa\u00f1eras : Alba, Andrea, Mar\u00eda de los Angeles, Mercedes, Noelia Compa\u00f1eros : Carlos, Federico, Jes\u00fas, Josue, Vicente<\/p>\n","protected":false},"author":2739,"featured_media":0,"parent":0,"menu_order":5,"comment_status":"open","ping_status":"closed","template":"","meta":{"footnotes":""},"class_list":["post-10","page","type-page","status-publish","hentry"],"_links":{"self":[{"href":"https:\/\/blogs.ua.es\/reinonavarra\/wp-json\/wp\/v2\/pages\/10","targetHints":{"allow":["GET"]}}],"collection":[{"href":"https:\/\/blogs.ua.es\/reinonavarra\/wp-json\/wp\/v2\/pages"}],"about":[{"href":"https:\/\/blogs.ua.es\/reinonavarra\/wp-json\/wp\/v2\/types\/page"}],"author":[{"embeddable":true,"href":"https:\/\/blogs.ua.es\/reinonavarra\/wp-json\/wp\/v2\/users\/2739"}],"replies":[{"embeddable":true,"href":"https:\/\/blogs.ua.es\/reinonavarra\/wp-json\/wp\/v2\/comments?post=10"}],"version-history":[{"count":15,"href":"https:\/\/blogs.ua.es\/reinonavarra\/wp-json\/wp\/v2\/pages\/10\/revisions"}],"predecessor-version":[{"id":1121,"href":"https:\/\/blogs.ua.es\/reinonavarra\/wp-json\/wp\/v2\/pages\/10\/revisions\/1121"}],"wp:attachment":[{"href":"https:\/\/blogs.ua.es\/reinonavarra\/wp-json\/wp\/v2\/media?parent=10"}],"curies":[{"name":"wp","href":"https:\/\/api.w.org\/{rel}","templated":true}]}}