{"id":16,"date":"2013-01-08T17:32:12","date_gmt":"2013-01-08T17:32:12","guid":{"rendered":"https:\/\/blogs.ua.es\/reinonazarigranada\/?page_id=16"},"modified":"2013-01-08T18:22:36","modified_gmt":"2013-01-08T18:22:36","slug":"agradecimientos","status":"publish","type":"page","link":"https:\/\/blogs.ua.es\/reinonazarigranada\/agradecimientos\/","title":{"rendered":"Agradecimientos"},"content":{"rendered":"<p align=\"JUSTIFY\"><span style=\"font-size: large\">Pido disculpas a Andrea por arrebatarle el tema. No cre\u00ed, en su momento, que fuera igual o mayor que el m\u00edo su inter\u00e9s por el Reino Nazar\u00ed de Granada. Esto me obliga a aplicarme m\u00e1s.<\/span><\/p>\n<p align=\"JUSTIFY\"><span style=\"font-size: large\">Gracias a mi compa\u00f1ero Antonio por intentar, sin conseguirlo, guiarme por el intrincado mundo de virtualidades intern\u00e1uticas.<\/span><\/p>\n<p align=\"JUSTIFY\"><span style=\"font-size: large\">Gracias a mi profesor por sugerir, orientar, se\u00f1alar, recomponer&#8230; este texto. Yo he puesto la voluntad, \u00e9l la ciencia.<\/span><\/p>\n<p align=\"JUSTIFY\"><span style=\"font-size: large\">Admiraci\u00f3n por mis compa\u00f1eras chinas (s\u00f3lo hab\u00eda representantes de este sexo de tan esforzado pueblo) admiraci\u00f3n por su capacidad de admirarse.<\/span><\/p>\n<p align=\"JUSTIFY\"><span style=\"font-size: large\">Saludos a mis vecinos galos, con los que comparto el mismo inter\u00e9s por el que tienen al lado.<\/span><\/p>\n<p align=\"JUSTIFY\"><span style=\"font-size: large\">Reconocimiento hacia los prepotentes estadounidenses que invaden nuestras aulas con las armas del respeto y la prudencia.<\/span><\/p>\n<p align=\"JUSTIFY\"><span style=\"font-size: large\">Gracias a Mariv\u00ed por decir no, cuando algo no le gusta. <\/span><\/p>\n","protected":false},"excerpt":{"rendered":"<p>Pido disculpas a Andrea por arrebatarle el tema. No cre\u00ed, en su momento, que fuera igual o mayor que el m\u00edo su inter\u00e9s por el Reino Nazar\u00ed de Granada. Esto me obliga a aplicarme m\u00e1s. Gracias a mi compa\u00f1ero Antonio &hellip; <a href=\"https:\/\/blogs.ua.es\/reinonazarigranada\/agradecimientos\/\">Continue reading <span class=\"meta-nav\">&rarr;<\/span><\/a><\/p>\n","protected":false},"author":2738,"featured_media":0,"parent":0,"menu_order":2,"comment_status":"open","ping_status":"closed","template":"","meta":{"footnotes":""},"class_list":["post-16","page","type-page","status-publish","hentry"],"_links":{"self":[{"href":"https:\/\/blogs.ua.es\/reinonazarigranada\/wp-json\/wp\/v2\/pages\/16","targetHints":{"allow":["GET"]}}],"collection":[{"href":"https:\/\/blogs.ua.es\/reinonazarigranada\/wp-json\/wp\/v2\/pages"}],"about":[{"href":"https:\/\/blogs.ua.es\/reinonazarigranada\/wp-json\/wp\/v2\/types\/page"}],"author":[{"embeddable":true,"href":"https:\/\/blogs.ua.es\/reinonazarigranada\/wp-json\/wp\/v2\/users\/2738"}],"replies":[{"embeddable":true,"href":"https:\/\/blogs.ua.es\/reinonazarigranada\/wp-json\/wp\/v2\/comments?post=16"}],"version-history":[{"count":4,"href":"https:\/\/blogs.ua.es\/reinonazarigranada\/wp-json\/wp\/v2\/pages\/16\/revisions"}],"predecessor-version":[{"id":79,"href":"https:\/\/blogs.ua.es\/reinonazarigranada\/wp-json\/wp\/v2\/pages\/16\/revisions\/79"}],"wp:attachment":[{"href":"https:\/\/blogs.ua.es\/reinonazarigranada\/wp-json\/wp\/v2\/media?parent=16"}],"curies":[{"name":"wp","href":"https:\/\/api.w.org\/{rel}","templated":true}]}}