{"id":7,"date":"2012-09-12T16:24:05","date_gmt":"2012-09-12T16:24:05","guid":{"rendered":"https:\/\/blogs.ua.es\/reinonazarigranada\/?page_id=7"},"modified":"2013-01-08T18:03:01","modified_gmt":"2013-01-08T18:03:01","slug":"al-andalus","status":"publish","type":"page","link":"https:\/\/blogs.ua.es\/reinonazarigranada\/al-andalus\/","title":{"rendered":"El Reino Nazar\u00ed"},"content":{"rendered":"<p align=\"JUSTIFY\"><span style=\"font-size: large\"><a href=\"https:\/\/blogs.ua.es\/reinonazarigranada\/files\/2012\/09\/musulman.jpg\"><img loading=\"lazy\" decoding=\"async\" class=\"aligncenter size-medium wp-image-64\" src=\"https:\/\/blogs.ua.es\/reinonazarigranada\/files\/2012\/09\/musulman-257x300.jpg\" alt=\"'Moro' sentado, por Suso Varea\" width=\"257\" height=\"300\" srcset=\"https:\/\/blogs.ua.es\/reinonazarigranada\/files\/2012\/09\/musulman-257x300.jpg 257w, https:\/\/blogs.ua.es\/reinonazarigranada\/files\/2012\/09\/musulman.jpg 286w\" sizes=\"auto, (max-width: 257px) 100vw, 257px\" \/><\/a>El Emirato de Granada o Reino Nazar\u00ed de Granada representa el \u00faltimo poder musulm\u00e1n en la pen\u00ednsula ib\u00e9rica. Tras la derrota de las Navas de Tolosa en 1212 la cohesi\u00f3n que hab\u00edan impuesto las almohades se desvanece, dando comienzo una nueva etapa de taifas. Es en este momento cuando aparece la figura de Muhammed Ibn Nasr (el Alhamar de las cr\u00f3nicas cristianas) el cual logra reunir bajo su imperio peque\u00f1os territorios, como Baza, Guadix y Ja\u00e9n. En un primer momento se declar\u00f3 vasallo de C\u00f3rdoba (1234) pero la ca\u00edda de \u00e9sta en manos de Fernando III ((1236) le impulsaron a feudalizarse al rey castellano. Rendir vasallaje a los reyes castellanos le permiti\u00f3 una cierta autonom\u00eda, la cual utiliz\u00f3 para anexionarse nuevos territorios como Almer\u00eda, la taifa de M\u00e1laga en 1238, y Granada en el mismo a\u00f1o ; si bien perd\u00eda Ja\u00e9n en manos de los castellanos en el 1246.<\/span><\/p>\n<p align=\"JUSTIFY\"><span style=\"font-size: large\">La movilidad de las fronteras fue una constante durante todo el periodo de existencia del reino nazarita, alcanzando cierta estabilidad en el siglo XIV. Una larga frontera de 1.000 km. separaba, desde la muerte de Fernando III en 1252, el mundo musulm\u00e1n de la cristiandad en la Europa occidental; y un s\u00f3lo estado, Castilla.<\/span><\/p>\n<p align=\"JUSTIFY\"><span style=\"font-size: large\">M\u00e1s adelante tendremos ocasi\u00f3n de profundizar algo m\u00e1s en las cuestiones fronterizas, que como veremos fueron de gran importancia en la gestaci\u00f3n de un paisaje y un paisanaje particular, caldo de cultivo de nuevas formas culturales nacidas de la convivencia en unas ocasiones, en otras, fruto del choque violento.<\/span><\/p>\n<p align=\"JUSTIFY\"><span style=\"font-size: large\">Otro punto importante que analizaremos ser\u00e1 el desequilibrio demogr\u00e1fico que provoc\u00f3 el avance cristiano y la presi\u00f3n sobre la poblaci\u00f3n musulmana de las tierras conquistadas. Granada se convirti\u00f3 en recept\u00e1culo de elementos de toda condici\u00f3n social, dando lugar a una importante superpoblaci\u00f3n que tuvo su impacto en la organizaci\u00f3n del Estado.<\/span><\/p>\n<p align=\"JUSTIFY\"><span style=\"font-size: large\">Son muchas y complejas las condiciones que permitieron la supervivencia del reino de Granada en un entorno tan desfavorable. Evidentemente, rendir vasallaje a los monarcas castellanos fue de gran ayuda (esto inclu\u00eda el pago de fuertes sumas). Por otra parte habr\u00eda que a\u00f1adir una intensa labor diplomacia, no exenta de traiciones y complicidades. Muchos historiadores coinciden en se\u00f1alar a la profunda crisis que Europa sufri\u00f3 en el siglo XIV (crisis demogr\u00e1fica, econ\u00f3mica y pol\u00edtica provocadas por las epidemias, la climatolog\u00eda y las guerras) como causa principal de tal supervivencia. Castilla tendr\u00eda su versi\u00f3n en las guerras civiles, esto le impedir\u00eda dirigir su mirada hacia el territorio musulm\u00e1n, tal como lo hab\u00eda hecho el siglo precedente.<\/span><\/p>\n<p align=\"JUSTIFY\"><span style=\"font-size: large\">Granada cont\u00f3 con el apoyo de los benimerines del Norte de \u00c1frica mientras estos pudieron jugar su rol en la Pen\u00ednsula, antes de ser derrotados en 1344 en Algeciras y perder el control del estrecho de Gibraltar. Pero esta p\u00e9rdida se convirti\u00f3 en ganancia para Granada por la apertura del estrecho al tr\u00e1fico naval entre el Mediterr\u00e1neo y el Atl\u00e1ntico. Muchos de sus puertos se convierten ahora en escala necesaria de nav\u00edos mercantes, propiciando el intercambio comercial y la salida de los productos de la tierra, junto a las manufacturas de la artesan\u00eda nazar\u00ed.<\/span><\/p>\n<p align=\"JUSTIFY\"><span style=\"font-size: large\">El auge en lo econ\u00f3mico se ver\u00e1 acompa\u00f1ado de una nueva explosi\u00f3n cultural, comparable en muchos aspectos con el esplendor del Califato de C\u00f3rdoba. Es en este punto donde derrochar\u00e9 m\u00e1s entusiasmo.<\/span><\/p>\n<p align=\"JUSTIFY\"><span style=\"font-size: large\">En 1482 Castilla inicia su definitiva campa\u00f1a contra el Reino de Granada, es en este momento donde la literatura y la leyenda dan fama a los \u00faltimos sultanes de nazar\u00edes. Un periodo turbulento de la pol\u00edtica interna, donde distintos protagonistas reclaman la soberan\u00eda. As\u00ed Ab\u00fa Abd Al\u00e1 (Boabdil), Al\u00ed Muley Hac\u00e9n y Muhamed XIII,que pondr\u00e1n punto y final a un sue\u00f1o que empez\u00f3 en el a\u00f1o 713.<\/span><\/p>\n","protected":false},"excerpt":{"rendered":"<p>El Emirato de Granada o Reino Nazar\u00ed de Granada representa el \u00faltimo poder musulm\u00e1n en la pen\u00ednsula ib\u00e9rica. Tras la derrota de las Navas de Tolosa en 1212 la cohesi\u00f3n que hab\u00edan impuesto las almohades se desvanece, dando comienzo una &hellip; <a href=\"https:\/\/blogs.ua.es\/reinonazarigranada\/al-andalus\/\">Continue reading <span class=\"meta-nav\">&rarr;<\/span><\/a><\/p>\n","protected":false},"author":2738,"featured_media":0,"parent":0,"menu_order":0,"comment_status":"open","ping_status":"closed","template":"","meta":{"footnotes":""},"class_list":["post-7","page","type-page","status-publish","hentry"],"_links":{"self":[{"href":"https:\/\/blogs.ua.es\/reinonazarigranada\/wp-json\/wp\/v2\/pages\/7","targetHints":{"allow":["GET"]}}],"collection":[{"href":"https:\/\/blogs.ua.es\/reinonazarigranada\/wp-json\/wp\/v2\/pages"}],"about":[{"href":"https:\/\/blogs.ua.es\/reinonazarigranada\/wp-json\/wp\/v2\/types\/page"}],"author":[{"embeddable":true,"href":"https:\/\/blogs.ua.es\/reinonazarigranada\/wp-json\/wp\/v2\/users\/2738"}],"replies":[{"embeddable":true,"href":"https:\/\/blogs.ua.es\/reinonazarigranada\/wp-json\/wp\/v2\/comments?post=7"}],"version-history":[{"count":5,"href":"https:\/\/blogs.ua.es\/reinonazarigranada\/wp-json\/wp\/v2\/pages\/7\/revisions"}],"predecessor-version":[{"id":65,"href":"https:\/\/blogs.ua.es\/reinonazarigranada\/wp-json\/wp\/v2\/pages\/7\/revisions\/65"}],"wp:attachment":[{"href":"https:\/\/blogs.ua.es\/reinonazarigranada\/wp-json\/wp\/v2\/media?parent=7"}],"curies":[{"name":"wp","href":"https:\/\/api.w.org\/{rel}","templated":true}]}}