{"id":180,"date":"2011-01-13T14:57:37","date_gmt":"2011-01-13T13:57:37","guid":{"rendered":"https:\/\/blogs.ua.es\/reyescatolicos\/"},"modified":"2011-01-16T14:40:04","modified_gmt":"2011-01-16T13:40:04","slug":"presentacion","status":"publish","type":"page","link":"https:\/\/blogs.ua.es\/reyescatolicos\/presentacion\/","title":{"rendered":"Presentaci\u00f3n"},"content":{"rendered":"<p><img loading=\"lazy\" decoding=\"async\" class=\"alignleft\" src=\"http:\/\/www.arteguias.com\/artesaniamedieval\/g-monje.jpg\" alt=\"\" width=\"104\" height=\"161\" \/>Este blog ha sido editado por V\u00edctor Manuel Mart\u00ednez Castillo e I\u00f1aki Belmonte Hern\u00e1ndez. Somos dos alumnos de la Universidad de Alicante matriculados en la Licenciatura de Historia. Este blog se trata de un proyecto para la asignatura de Historia Moderna de Espa\u00f1a I impartida por el profesor Cayetano M\u00e1s Galv\u00e1n.<\/p>\n<p>Como tema para el proyecto hemos pensado en tratar el tema de los Reyes Cat\u00f3licos en profundidad. En general podemos afirmar que con este blog nos hemos propuesto realizar un recorrido desde la uni\u00f3n de Fernando e Isabel hasta los resultados de su pol\u00edtica matrimonial.<\/p>\n<p>Por \u00faltimo agradecemos a todos los visitantes que entren en nuestro blog para buscar informaci\u00f3n sobre el tema en cuesti\u00f3n o por mera curiosidad, ya que con vuestras visitas cumplimos nuestra labor de divulgaci\u00f3n e informaci\u00f3n.<\/p>\n","protected":false},"excerpt":{"rendered":"<p>Este blog ha sido editado por V\u00edctor Manuel Mart\u00ednez Castillo e I\u00f1aki Belmonte Hern\u00e1ndez. Somos dos alumnos de la Universidad de Alicante matriculados en la Licenciatura de Historia. Este blog se trata de un proyecto para la asignatura de Historia Moderna de Espa\u00f1a I impartida por el profesor Cayetano M\u00e1s Galv\u00e1n. Como tema para el [&hellip;]<\/p>\n","protected":false},"author":1682,"featured_media":0,"parent":0,"menu_order":0,"comment_status":"open","ping_status":"closed","template":"","meta":{"footnotes":""},"class_list":["post-180","page","type-page","status-publish","hentry"],"_links":{"self":[{"href":"https:\/\/blogs.ua.es\/reyescatolicos\/wp-json\/wp\/v2\/pages\/180","targetHints":{"allow":["GET"]}}],"collection":[{"href":"https:\/\/blogs.ua.es\/reyescatolicos\/wp-json\/wp\/v2\/pages"}],"about":[{"href":"https:\/\/blogs.ua.es\/reyescatolicos\/wp-json\/wp\/v2\/types\/page"}],"author":[{"embeddable":true,"href":"https:\/\/blogs.ua.es\/reyescatolicos\/wp-json\/wp\/v2\/users\/1682"}],"replies":[{"embeddable":true,"href":"https:\/\/blogs.ua.es\/reyescatolicos\/wp-json\/wp\/v2\/comments?post=180"}],"version-history":[{"count":9,"href":"https:\/\/blogs.ua.es\/reyescatolicos\/wp-json\/wp\/v2\/pages\/180\/revisions"}],"predecessor-version":[{"id":203,"href":"https:\/\/blogs.ua.es\/reyescatolicos\/wp-json\/wp\/v2\/pages\/180\/revisions\/203"}],"wp:attachment":[{"href":"https:\/\/blogs.ua.es\/reyescatolicos\/wp-json\/wp\/v2\/media?parent=180"}],"curies":[{"name":"wp","href":"https:\/\/api.w.org\/{rel}","templated":true}]}}