{"id":12,"date":"2009-02-12T14:47:50","date_gmt":"2009-02-12T13:47:50","guid":{"rendered":"https:\/\/blogs.ua.es\/robespierre\/?page_id=12"},"modified":"2009-04-02T10:01:16","modified_gmt":"2009-04-02T09:01:16","slug":"ideas","status":"publish","type":"page","link":"https:\/\/blogs.ua.es\/robespierre\/ideas\/","title":{"rendered":"Ideas"},"content":{"rendered":"<figure id=\"attachment_40\" aria-describedby=\"caption-attachment-40\" style=\"width: 469px\" class=\"wp-caption alignright\"><a href=\"https:\/\/blogs.ua.es\/robespierre\/files\/2009\/02\/tennis-court-oath.jpg\"><img loading=\"lazy\" decoding=\"async\" class=\"size-full wp-image-40\" src=\"https:\/\/blogs.ua.es\/robespierre\/files\/2009\/02\/tennis-court-oath.jpg\" alt=\"El juramento del juego de pelota\" width=\"469\" height=\"300\" \/><\/a><figcaption id=\"caption-attachment-40\" class=\"wp-caption-text\">                                                    El juramento del juego de pelota<\/figcaption><\/figure>\n<p style=\"text-align: justify\">Los jacobinos, como doctrina lo hace en consonancia con la din\u00e1mica de la guerra. Su objetivo es ganar la revoluci\u00f3n. Buscan la salvaci\u00f3n p\u00fablica, la naci\u00f3n en armas, frente al enemigo exterior.<\/p>\n<p style=\"text-align: justify\">Son el patriotismo, basados en los ciudadanos que defienden la naci\u00f3n frente al enemigo. Es un patriotismo democr\u00e1tico, el derecho del pueblo a decidir su porvenir. Son unitarios, la patria es \u00fanica e indivisible, son republicanos. La moral, la virtud y la pol\u00edtica se identifican con ellos. Frente a los que no son patriotas, republicanos, que son amorales, etc. Los pol\u00edticos tienen que ejercer esa moralidad, incluye a los especuladores, etc. Esa moral p\u00fablica solo puede venir de la mano de pol\u00edticos y medios morales, se concreta en la teor\u00eda del poder jacobino o salud p\u00fablica. La opresi\u00f3n acaba con la amoralidad. Hay que suprimir esos derechos para tenerlos m\u00e1s adelante, sino se acaba con los enemigos de la Rep\u00fablica, no habr\u00e1 Rep\u00fablica.<\/p>\n<p style=\"text-align: justify\">Los jacobinos van a tomar medidas m\u00e1s eficaces, una nueva Constituci\u00f3n, la del a\u00f1o II de la Rep\u00fablica. Es la principal aportaci\u00f3n de los jacobinos. Lo m\u00e1s novedoso es la legislaci\u00f3n, afecta a cuestiones econ\u00f3micas y sociales. Ellos dependen de los sectores populares. Su Constituci\u00f3n se basa en la anterior (1791), destaca el cat\u00e1logo de derechos, es m\u00e1s amplio. Es democr\u00e1tico, insiste en la igualdad, se reconocen derechos sociales: al trabajo, a la educaci\u00f3n y a la asistencia social.<\/p>\n<p style=\"text-align: justify\">El Gobierno revolucionario, quiere la fundaci\u00f3n y defensa de la Rep\u00fablica. Sus medios son de un Gobierno dictatorial. Se redacta una carta de derechos para una nueva revoluci\u00f3n. Para los te\u00f3ricos jacobinos, prima lo colectivo a lo individual. Una violencia sistem\u00e1tica, ejercida por los comit\u00e9s. Hay que valorar la moralidad y la virtud.<\/p>\n<p style=\"text-align: justify\">Contamos con un documento, que es la Constituci\u00f3n del a\u00f1o II. Lleg\u00f3 a ser aprobada, pero se aplaz\u00f3 por la guerra. Nunca lleg\u00f3 a estar en vigor. La Constituci\u00f3n supone un avance, una parte dogm\u00e1tica, se elabora paralelamente. Un texto moderno.<\/p>\n<p style=\"text-align: justify\">La parte dogm\u00e1tica contiene la parte de los derechos. Son m\u00e1s amplios que en la anterior. Se caracteriza por el sufragio universal, la igualdad como principio rector, derecho de insurrecci\u00f3n. Se habla de la felicidad com\u00fan. Era poner sobre el papel, lo que ya se hab\u00eda llevado a la pr\u00e1ctica. De ah\u00ed, a considerar la leyenda negra, de que los jacobinos eran comunistas, es un error. Es un r\u00e9gimen liberal. Aunque se plantea la expropiaci\u00f3n.<\/p>\n<p style=\"text-align: justify\">Con respecto a los derechos, se reconocen derechos como el derecho al trabajo, asistencia social o a la educaci\u00f3n.<\/p>\n<p style=\"text-align: justify\">En cuanto a los derechos pol\u00edticos, salvo al sufragio universal o el de insurrecci\u00f3n no hay novedad alguna.<\/p>\n<p style=\"text-align: justify\">Legislaci\u00f3n paralela, la ley de m\u00e1ximo y m\u00ednimo (m\u00e1ximo, se establece un m\u00e1ximo para los precios y un m\u00ednimo para los salarios). Las requisas forzosas de acopios de alimentos.<\/p>\n<p style=\"text-align: justify\">No se nacionaliza la propiedad, el Estado interviene en crisis para regular la situaci\u00f3n. Medidas para paliar la crisis de subsistencia.<\/p>\n<p style=\"text-align: justify\">Los otros decretos, son los decretos de Ventoso, son medidas que significan la abolici\u00f3n del feudalismo, pero sin compensaci\u00f3n a los antiguos propietarios y un reparto entre los campesinos.<\/p>\n<p style=\"text-align: justify\">El jacobinismo se diferencia de los girondinos, en que ellos son partidarios de una pol\u00edtica centralizadora. El federalismo que propon\u00edan los girondinos, l\u00f3gico porque luchaban con la centralizaci\u00f3n del Antiguo R\u00e9gimen.<\/p>\n<p style=\"text-align: justify\">Los jacobinos consideran que el centralismo es lo mejor, por las circunstancias. Est\u00e1n en un per\u00edodo de guerra. Ideol\u00f3gicamente tambi\u00e9n tiene sentido piensan que hay que garantizar la uniformidad de los ciudadanos. De ah\u00ed la importancia que le dan a la educaci\u00f3n.<\/p>\n<p style=\"text-align: justify\">Otros grupos, que est\u00e1n m\u00e1s a la izquierda de los jacobinos, que los apoyaron. Estos grupos b\u00e1sicamente son dos o tres grupos, en estrecha relaci\u00f3n con los grupos populares urbanos.<\/p>\n<p style=\"text-align: justify\">&#8211;         Enrang\u00e8s.<\/p>\n<p style=\"text-align: justify\">&#8211;         Hertistas.<\/p>\n<p style=\"text-align: justify\">&#8211;         Roux.<\/p>\n<p style=\"text-align: justify\">Son los que alientan a las masas populares. Nacen en el contexto de la crisis. Preconizan la violencia f\u00edsica en las calles, gozan amplio apoyo popular. Son la extrema izquierda de la monta\u00f1a. Apoyaron las medidas de los jacobinos.<\/p>\n<p style=\"text-align: justify\">Son grupos urbanos, no tienen una doctrina coherente. Insisten en la igualdad y sobretodo tienen una reivindicaci\u00f3n econ\u00f3mica.<\/p>\n<p style=\"text-align: justify\">Tambi\u00e9n luchar\u00e1n contra la corrupci\u00f3n pol\u00edtica. Estos grupos fluct\u00faan, son muy dif\u00edciles de controlar.<\/p>\n<p style=\"text-align: justify\">Roux, es un sacerdote que alentaba con un discurso muy radical, criticaba el desabastecimiento, las penurias econ\u00f3micas, reclamaba la desaparici\u00f3n de los especuladores.<\/p>\n<p style=\"text-align: justify\">En sus discursos ped\u00eda la guillotina, para los oprimidores de los ciudadanos. Sus discursos no atacan a la propiedad privada. Esto llev\u00f3 a una espiral de violencia en la calle. Los agitadores fueron detenidos y ejecutados. Los enrang\u00e8s desaparecen.<\/p>\n<p style=\"text-align: justify\">Los hertistas, tambi\u00e9n se llaman los exaltados o cordeleros. Grupos muy radicales, ten\u00edan gran poder popular. Aqu\u00ed si que hay componente ideol\u00f3gico. En su discurso hablan de la democracia directa, todo se resuelve en asambleas de barrio.<\/p>\n<p style=\"text-align: justify\">Hab\u00eda que ir a una Europa sin fronteras. El Gobierno basada en las comunas. Fueron personajes importantes, su discurso era radical. Se caracterizan por el culto a la raz\u00f3n, por encima de todo.<\/p>\n<p style=\"text-align: justify\">Los jacobinos no son anticristianos, son de\u00edstas, son contrarios a la influencia de la religi\u00f3n cat\u00f3lica. Hablan de un dios supremo, pero ajeno a los asuntos terrenales.<\/p>\n<p style=\"text-align: justify\">Los hertistas son ateos, anticristianos. Sus manifestaciones se les atribuyen a ellos. Son similares a los jacobinos, critican la riqueza excesiva.<\/p>\n","protected":false},"excerpt":{"rendered":"<p>Los jacobinos, como doctrina lo hace en consonancia con la din\u00e1mica de la guerra. Su objetivo es ganar la revoluci\u00f3n. Buscan la salvaci\u00f3n p\u00fablica, la naci\u00f3n en armas, frente al enemigo exterior. Son el patriotismo, basados en los ciudadanos que defienden la naci\u00f3n frente al enemigo. Es un patriotismo democr\u00e1tico, el derecho del pueblo a [&hellip;]<\/p>\n","protected":false},"author":1140,"featured_media":0,"parent":0,"menu_order":0,"comment_status":"open","ping_status":"open","template":"","meta":{"footnotes":""},"class_list":["post-12","page","type-page","status-publish","hentry"],"_links":{"self":[{"href":"https:\/\/blogs.ua.es\/robespierre\/wp-json\/wp\/v2\/pages\/12","targetHints":{"allow":["GET"]}}],"collection":[{"href":"https:\/\/blogs.ua.es\/robespierre\/wp-json\/wp\/v2\/pages"}],"about":[{"href":"https:\/\/blogs.ua.es\/robespierre\/wp-json\/wp\/v2\/types\/page"}],"author":[{"embeddable":true,"href":"https:\/\/blogs.ua.es\/robespierre\/wp-json\/wp\/v2\/users\/1140"}],"replies":[{"embeddable":true,"href":"https:\/\/blogs.ua.es\/robespierre\/wp-json\/wp\/v2\/comments?post=12"}],"version-history":[{"count":6,"href":"https:\/\/blogs.ua.es\/robespierre\/wp-json\/wp\/v2\/pages\/12\/revisions"}],"predecessor-version":[{"id":60,"href":"https:\/\/blogs.ua.es\/robespierre\/wp-json\/wp\/v2\/pages\/12\/revisions\/60"}],"wp:attachment":[{"href":"https:\/\/blogs.ua.es\/robespierre\/wp-json\/wp\/v2\/media?parent=12"}],"curies":[{"name":"wp","href":"https:\/\/api.w.org\/{rel}","templated":true}]}}