{"id":119,"date":"2012-01-10T09:25:04","date_gmt":"2012-01-10T08:25:04","guid":{"rendered":"https:\/\/blogs.ua.es\/sanidadprovinciadealicante\/?page_id=119"},"modified":"2012-01-10T21:59:46","modified_gmt":"2012-01-10T20:59:46","slug":"tematica","status":"publish","type":"page","link":"https:\/\/blogs.ua.es\/sanidadprovinciadealicante\/tematica\/","title":{"rendered":"Tem\u00e1tica"},"content":{"rendered":"<p>El tema de nuestro blog es la Demograf\u00eda y la salud p\u00fablica en la provincia de Alicante, en \u00e9poca moderna y contempor\u00e1nea, por ello en este blog, tratamos temas como la ditribuaci\u00f3n de la poblaci\u00f3n dentro de la provincia, las densidades de poblaci\u00f3n en diversos municipios. Y tambi\u00e9n sobre temas relacionados con la sanidad, como la higiene en la alimentaci\u00f3n, entre\u00a0otros.<\/p>\n","protected":false},"excerpt":{"rendered":"<p>El tema de nuestro blog es la Demograf\u00eda y la salud p\u00fablica en la provincia de Alicante, en \u00e9poca moderna y contempor\u00e1nea, por ello en este blog, tratamos temas como la ditribuaci\u00f3n de la poblaci\u00f3n dentro de la provincia, las &hellip; <a href=\"https:\/\/blogs.ua.es\/sanidadprovinciadealicante\/tematica\/\">Continue reading <span class=\"meta-nav\">&rarr;<\/span><\/a><\/p>\n","protected":false},"author":2376,"featured_media":0,"parent":0,"menu_order":2,"comment_status":"open","ping_status":"open","template":"","meta":{"footnotes":""},"class_list":["post-119","page","type-page","status-publish","hentry"],"_links":{"self":[{"href":"https:\/\/blogs.ua.es\/sanidadprovinciadealicante\/wp-json\/wp\/v2\/pages\/119","targetHints":{"allow":["GET"]}}],"collection":[{"href":"https:\/\/blogs.ua.es\/sanidadprovinciadealicante\/wp-json\/wp\/v2\/pages"}],"about":[{"href":"https:\/\/blogs.ua.es\/sanidadprovinciadealicante\/wp-json\/wp\/v2\/types\/page"}],"author":[{"embeddable":true,"href":"https:\/\/blogs.ua.es\/sanidadprovinciadealicante\/wp-json\/wp\/v2\/users\/2376"}],"replies":[{"embeddable":true,"href":"https:\/\/blogs.ua.es\/sanidadprovinciadealicante\/wp-json\/wp\/v2\/comments?post=119"}],"version-history":[{"count":4,"href":"https:\/\/blogs.ua.es\/sanidadprovinciadealicante\/wp-json\/wp\/v2\/pages\/119\/revisions"}],"predecessor-version":[{"id":176,"href":"https:\/\/blogs.ua.es\/sanidadprovinciadealicante\/wp-json\/wp\/v2\/pages\/119\/revisions\/176"}],"wp:attachment":[{"href":"https:\/\/blogs.ua.es\/sanidadprovinciadealicante\/wp-json\/wp\/v2\/media?parent=119"}],"curies":[{"name":"wp","href":"https:\/\/api.w.org\/{rel}","templated":true}]}}