{"id":121,"date":"2012-01-10T09:25:40","date_gmt":"2012-01-10T08:25:40","guid":{"rendered":"https:\/\/blogs.ua.es\/sanidadprovinciadealicante\/?page_id=121"},"modified":"2012-01-10T22:00:31","modified_gmt":"2012-01-10T21:00:31","slug":"valoracion-de-fuentes","status":"publish","type":"page","link":"https:\/\/blogs.ua.es\/sanidadprovinciadealicante\/valoracion-de-fuentes\/","title":{"rendered":"Valoraci\u00f3n de fuentes"},"content":{"rendered":"<p>En cuanto a las fuentes utilizadas hemos de decir que hemos encontrado cierta dificultad a la hora de obtener informaci\u00f3n v\u00e1lida acorde al tema que nos ocupa. Esto viene motivado por varias razones, como puede ser el hecho de que la actualizaci\u00f3n de la informaci\u00f3n se produzca cada d\u00e9cada, es decir, que en el caso de los censos de poblaci\u00f3n, estos se realizan cada diez a\u00f1os, lo que implica que nos encontremos a menudo con informaci\u00f3n obsoleta, a la hora de encontrar pir\u00e1mides de poblaci\u00f3n, g\u00e9ficas, tablas, y en definitiva, datos sobre la poblaci\u00f3n actual de la provincia de Alicante y sus municipios. Otro inconveniente es que la explotaci\u00f3nde los datos, y en consecuencia la presentaci\u00f3n de los primeros resultados, normalmente avances, se demoran en el tiempo. Adem\u00e1s, no hemos de olvidar que los Censos y Padrones de Poblaci\u00f3n son fuentes administrativas y, por ello, su contenido en excepcionales ocasiones se ajusta a los intereses del investigador.<\/p>\n<p>&nbsp;<\/p>\n","protected":false},"excerpt":{"rendered":"<p>En cuanto a las fuentes utilizadas hemos de decir que hemos encontrado cierta dificultad a la hora de obtener informaci\u00f3n v\u00e1lida acorde al tema que nos ocupa. Esto viene motivado por varias razones, como puede ser el hecho de que &hellip; <a href=\"https:\/\/blogs.ua.es\/sanidadprovinciadealicante\/valoracion-de-fuentes\/\">Continue reading <span class=\"meta-nav\">&rarr;<\/span><\/a><\/p>\n","protected":false},"author":2376,"featured_media":0,"parent":0,"menu_order":5,"comment_status":"open","ping_status":"open","template":"","meta":{"footnotes":""},"class_list":["post-121","page","type-page","status-publish","hentry"],"_links":{"self":[{"href":"https:\/\/blogs.ua.es\/sanidadprovinciadealicante\/wp-json\/wp\/v2\/pages\/121","targetHints":{"allow":["GET"]}}],"collection":[{"href":"https:\/\/blogs.ua.es\/sanidadprovinciadealicante\/wp-json\/wp\/v2\/pages"}],"about":[{"href":"https:\/\/blogs.ua.es\/sanidadprovinciadealicante\/wp-json\/wp\/v2\/types\/page"}],"author":[{"embeddable":true,"href":"https:\/\/blogs.ua.es\/sanidadprovinciadealicante\/wp-json\/wp\/v2\/users\/2376"}],"replies":[{"embeddable":true,"href":"https:\/\/blogs.ua.es\/sanidadprovinciadealicante\/wp-json\/wp\/v2\/comments?post=121"}],"version-history":[{"count":4,"href":"https:\/\/blogs.ua.es\/sanidadprovinciadealicante\/wp-json\/wp\/v2\/pages\/121\/revisions"}],"predecessor-version":[{"id":179,"href":"https:\/\/blogs.ua.es\/sanidadprovinciadealicante\/wp-json\/wp\/v2\/pages\/121\/revisions\/179"}],"wp:attachment":[{"href":"https:\/\/blogs.ua.es\/sanidadprovinciadealicante\/wp-json\/wp\/v2\/media?parent=121"}],"curies":[{"name":"wp","href":"https:\/\/api.w.org\/{rel}","templated":true}]}}