{"id":11,"date":"2015-12-18T07:48:50","date_gmt":"2015-12-18T07:48:50","guid":{"rendered":"https:\/\/blogs.ua.es\/sevila1\/?page_id=11"},"modified":"2015-12-18T07:48:50","modified_gmt":"2015-12-18T07:48:50","slug":"extincion-de-indefinidos-no-fijos-por-cobertura-de-plaza-indemnizacion-por-extincion-si-o-no","status":"publish","type":"page","link":"https:\/\/blogs.ua.es\/sevila1\/extincion-de-indefinidos-no-fijos-por-cobertura-de-plaza-indemnizacion-por-extincion-si-o-no\/","title":{"rendered":"EXTINCI\u00d3N DE INDEFINIDOS NO FIJOS POR COBERTURA DE PLAZA; \u00bfINDEMNIZACI\u00d3N POR EXTINCI\u00d3N, S\u00cd O NO?"},"content":{"rendered":"<p>El objeto de esta nueva entrada es dar a conocer \u00a0un nuevo supuesto de discrepancia en el seno del Tribunal Supremo en relaci\u00f3n al colectivo de trabajadores indefinidos no fijos (incluidos los interinos por vacante \u201cconvertidos\u201d en indefinidos no fijos) cuyo contrato es extinguido por la cobertura reglamentaria de la plaza.<\/p>\n<p>En concreto, la disparidad de criterio se aprecia en relaci\u00f3n a la necesidad (<em>ex<\/em> art. 49.1.c ET) de abonar o no una indemnizaci\u00f3n en estos casos de extinci\u00f3n del contrato y, m\u00e1s espec\u00edficamente, en los que no se haya reclamado expl\u00edcitamente la misma en la demanda.<\/p>\n<h4>Extinci\u00f3n por cobertura reglamentaria de vacante: \u00bfderecho a indemnizaci\u00f3n si o no?<\/h4>\n<p>Como punto de partida, recu\u00e9rdese que con anterioridad al cambio de doctrina de junio de 2014, el TS previ\u00f3 el derecho a percibir esta compensaci\u00f3n en los casos de amortizaciones simples de indefinidos no fijos e interinos por vacante [entre otras,\u00a0STS 14 de octubre 2013 (<a href=\"http:\/\/www.poderjudicial.es\/search\/doAction?action=contentpdf&amp;databasematch=TS&amp;reference=6916199&amp;links=%2268\/2013%22&amp;optimize=20131223&amp;publicinterface=true\" target=\"_blank\">rec. 68\/2013<\/a>);\u00a0STS 15 de octubre 2013 (<a href=\"http:\/\/www.poderjudicial.es\/search\/doAction?action=contentpdf&amp;databasematch=TS&amp;reference=6916201&amp;links=%22383\/2013%22&amp;optimize=20131223&amp;publicinterface=true\" target=\"_blank\">rec. 383\/2013<\/a>);\u00a0SSTS 23 de octubre 2013 (rec.\u00a0<a href=\"http:\/\/www.poderjudicial.es\/search\/doAction?action=contentpdf&amp;databasematch=TS&amp;reference=6931673&amp;links=%22408\/2013%22&amp;optimize=20140117&amp;publicinterface=true\" target=\"_blank\">408\/2013\u00a0<\/a>y\u00a0<a href=\"http:\/\/www.poderjudicial.es\/search\/doAction?action=contentpdf&amp;databasematch=TS&amp;reference=6929011&amp;links=%22804\/2013%22&amp;optimize=20140115&amp;publicinterface=true\" target=\"_blank\">804\/2013<\/a>);\u00a0STS 13 de enero 2014 \u00a0(<a href=\"http:\/\/www.poderjudicial.es\/search\/doAction?action=contentpdf&amp;databasematch=TS&amp;reference=6969952&amp;links=%22430\/2013%22&amp;optimize=20140224&amp;publicinterface=true\" target=\"_blank\">rec. 430\/2013<\/a>);\u00a0STS 21 de enero 2014 (<a href=\"http:\/\/www.poderjudicial.es\/search\/doAction?action=contentpdf&amp;databasematch=TS&amp;reference=6954779&amp;links=%221086\/2013%22&amp;optimize=20140210&amp;publicinterface=true\" target=\"_blank\">rec. 1086\/2013<\/a>);\u00a0STS 11\u00a0de febrero 2014 (<a href=\"http:\/\/www.poderjudicial.es\/search\/doAction?action=contentpdf&amp;databasematch=TS&amp;reference=6983952&amp;links=%221278\/2013%22&amp;optimize=20140307&amp;publicinterface=true\" target=\"_blank\">rec. 1278\/2013<\/a>);\u00a0STS 14 de abril 2014 (<a href=\"http:\/\/www.poderjudicial.es\/search\/doAction?action=contentpdf&amp;databasematch=TS&amp;reference=7089885&amp;links=%221896\/2013%22&amp;optimize=20140606&amp;publicinterface=true\" target=\"_blank\">rec. 1896\/2013<\/a>);\u00a0STS 11 de junio 2014 (<a href=\"http:\/\/www.poderjudicial.es\/search\/doAction?action=contentpdf&amp;databasematch=TS&amp;reference=7141251&amp;links=%222100\/2013%22&amp;optimize=20140807&amp;publicinterface=true\" target=\"_blank\">rec. 2100\/2013<\/a>)].<\/p>\n<p>En relaci\u00f3n a las extinciones por cobertura reglamentaria de la plaza, en algunas sentencias se ha reconocido el derecho al percibo de la indemnizaci\u00f3n, pese a no ser solicitada.<\/p>\n<p>En efecto,\u00a0la STS 6 de octubre 2015 (<a href=\"http:\/\/www.poderjudicial.es\/search\/doAction?action=contentpdf&amp;databasematch=TS&amp;reference=7513475&amp;links=&amp;optimize=20151109&amp;publicinterface=true\" target=\"_blank\">rec. 2592\/2014<\/a>) [Ponente: Gull\u00f3n Rodr\u00edguez], declara que, despu\u00e9s de la doctrina jurisprudencial de 24 de junio 2014, <strong>la amortizaci\u00f3n de un indefinido no fijo llevada a cabo por el proceso reglamentario<\/strong> (con respeto a los principios constitucionales de publicidad, igualdad, m\u00e9rito y capacidad que han conducido al nombramiento para la plaza ocupada), <strong>no puede calificarse como despido, sino de cese acaecido como consecuencia de la producci\u00f3n de la causa v\u00e1lidamente consignada en el contrato <em>ex<\/em>\u00a0art. 49.1 b ET), reconoci\u00e9ndose el derecho a percibir la indemnizaci\u00f3n por extinci\u00f3n de un contrato temporal<\/strong> (atendiendo al Auto del TJUE 11-12-2014,\u00a0<a href=\"http:\/\/curia.europa.eu\/juris\/document\/document.jsf;jsessionid=9ea7d2dc30dd7cfd3c36c9b94bdd80ee8367f5ab90f5.e34KaxiLc3qMb40Rch0SaxuRc3n0?text=&amp;docid=161161&amp;pageIndex=0&amp;doclang=ES&amp;mode=lst&amp;dir=&amp;occ=first&amp;part=1&amp;cid=313207\" target=\"_blank\">asunto 86\/14<\/a>).<\/p>\n<p>En t\u00e9rminos similares, en la STS 31 de marzo 2015 (<a href=\"http:\/\/www.poderjudicial.es\/search\/doAction?action=contentpdf&amp;databasematch=TS&amp;reference=7380335&amp;links=%222156%2F2014%22&amp;optimize=20150516&amp;publicinterface=true\" target=\"_blank\">rec. 2156\/2014<\/a>) [Ponente: Calvo Ilarbucea] \u2013 aclarada por auto de 14 de mayo 2015 \u2013 relativa tambi\u00e9n a un trabajador indefinido no fijo, se afirma:<\/p>\n<p>\u201cNo obstante y aunque la parte recurrente no lo solicita de conformidad con la doctrina de la Sala, que ha extendido la indemnizacio\u0301n contemplada en el apartado c) del arti\u0301culo 44-1-c) del Estatuto de los Trabajadores a los supuestos de interinidad y de trabajadores indefinidos no fijos cuyo contrato se extinga por cobertura de la plaza, la Sala considera aplicable dicho beneficio reconociendo al demandante una indemnizacio\u0301n a razo\u0301n de doce di\u0301as por an\u0303o de servicio, que asciende a 3.3.89,2 euros, atendiendo asi\u0301 mismo al Auto el Tribunal de Justicia de la Unio\u0301n Europea de 11-12-2014 (asunto 86\/14 (ES)\u201d<\/p>\n<p>No obstante, en algunos casos no se ha reconocido el derecho al percibo de esta indemnizaci\u00f3n en estas circunstancias.<\/p>\n<p>As\u00ed, la STS 21 de julio 2015 (<a href=\"http:\/\/www.poderjudicial.es\/search\/doAction?action=contentpdf&amp;databasematch=TS&amp;reference=7484482&amp;links=%222672%2F2014%22&amp;optimize=20151002&amp;publicinterface=true\" target=\"_blank\">rec. 2672\/2014<\/a>) [Ponente: Virol\u00e9s Pi\u00f1ol], relativa a una trabajadora indefinida no fija, no se\u00a0hace menci\u00f3n expresa al reconocimiento de dicha indemnizaci\u00f3n (omite esta cuesti\u00f3n).<\/p>\n<div class=\"layoutArea\">\n<div class=\"column\">\n<p>De hecho la trabajadora en la demanda solicita<\/p>\n<p>\u201cla nulidad del despido por discriminacio\u0301n y vulneracio\u0301n de la tutela judicial efectiva -garanti\u0301a de indemnidad- y subsidiariamente la improcedencia, alegando que se ha impedido el real cumplimiento de la sentencia previa, reprochando que la decisio\u0301n extintiva de la relacio\u0301n indefinida se produce como si fuera un contrato temporal -interinidad por vacante-\u201c.<\/p>\n<div class=\"layoutArea\">\n<div class=\"column\">\n<p>Debe tenerse en cuenta las particularidades de la situaci\u00f3n, pues, en la medida que la trabajadora no lo solicita expresamente, la sentencia no niega expl\u00edcitamente el derecho a percibir la compensaci\u00f3n econ\u00f3mica. No obstante, a diferencia de los otros casos apuntados, tampoco se reconoce de oficio.<\/p>\n<p>Por otra parte, en la STS 19 de mayo 2015 (<a href=\"http:\/\/www.poderjudicial.es\/search\/doAction?action=contentpdf&amp;databasematch=TS&amp;reference=7484473&amp;links=%222552%2F2014%22&amp;optimize=20151002&amp;publicinterface=true\" target=\"_blank\">rec. 2552\/2014<\/a>) [Ponente: Arastey Sah\u00fan], relativa a una trabajadora interina por vacante, se declara<\/p>\n<div class=\"layoutArea\">\n<div class=\"column\">\n<p>\u201cPero en este caso, se cumplio\u0301 la causa de interinidad va\u0301lidamente consignada en su contrato, a saber, que ocupari\u0301a provisionalmente, de forma interina y hasta la conclusio\u0301n de los procesos selectivos, regulados en los arti\u0301culos 13.2 y 3 del Convenio Colectivo . Por ello, al haberse producido la cobertura reglamentaria de la plaza ocupada por la trabajadora interina, su cese no es un despido, sino que constituye una extincio\u0301n del contrato por el cumplimiento del te\u0301rmino a que estaba sometido\u201d.<\/p>\n<p>Trat\u00e1ndose de una trabajadora interina, aunque la sentencia omite hacer referencia a esta cuesti\u00f3n, podr\u00eda estimarse que esta circunstancia (la omisi\u00f3n) es adecuada, en la medida que,\u00a0en virtud del art. 49.1.c) ET,\u00a0deber\u00eda entenderse ajustado que no se abonara la indemnizaci\u00f3n por extinci\u00f3n del contrato.<\/p>\n<p>No obstante, en la medida que en este caso la trabajadora ha superado el plazo m\u00e1ximo de 3 a\u00f1os (se incorpora en febrero de 2008 y se extingue la relaci\u00f3n en noviembre de 2012), parece que deber\u00eda haberse calificado como indefinida no fija (<em>ex<\/em> art. 70.1. EBEB \u2013 en la doctrina judicial, ver STSJ Galicia 14 de octubre 2015, <a href=\"http:\/\/www.poderjudicial.es\/search\/doAction?action=contentpdf&amp;databasematch=AN&amp;reference=7509570&amp;links=%225256%2F2015%22&amp;optimize=20151104&amp;publicinterface=true\" target=\"_blank\">rec. 2203\/2014<\/a>) y, por consiguiente, tener derecho a la indemnizaci\u00f3n por extinci\u00f3n del contrato.<\/p>\n<\/div>\n<\/div>\n<\/div>\n<\/div>\n<\/div>\n<\/div>\n<h4>Finalmente, aunque se trata de un caso distinto al planteado hasta ahora, tambi\u00e9n\u00a0debe hacerse menci\u00f3n a la STS 15 de junio 2015 (<a href=\"http:\/\/www.poderjudicial.es\/search\/doAction?action=contentpdf&amp;databasematch=TS&amp;reference=7450183&amp;links=%222924%2F2014%22&amp;optimize=20150817&amp;publicinterface=true\" target=\"_blank\">rec. 2924\/2014<\/a>) [Ponente: Calvo Ilarbucea] que reconoce el derecho a la indemnizaci\u00f3n ex art. 49.1.c y DT 13\u00aa RDLeg 1\/1995 solicitada por una trabajadora indefinida no fija subsidiariamente.<\/h4>\n<p>Conclusi\u00f3n (muy breve)<\/p>\n<p>En estos casos, a pesar de que no parece que haya una unanimidad en el seno del Alto Tribunal, parece que el reconocimiento de la indemnizaci\u00f3n deber\u00eda ser autom\u00e1tico, a pesar de que el trabajador no lo solicite expresamente.<\/p>\n<p>&nbsp;<\/p>\n","protected":false},"excerpt":{"rendered":"<p>El objeto de esta nueva entrada es dar a conocer \u00a0un nuevo supuesto de discrepancia en el seno del Tribunal Supremo en relaci\u00f3n al colectivo de trabajadores indefinidos no fijos (incluidos los interinos por vacante \u201cconvertidos\u201d en indefinidos no fijos) &hellip; <a href=\"https:\/\/blogs.ua.es\/sevila1\/extincion-de-indefinidos-no-fijos-por-cobertura-de-plaza-indemnizacion-por-extincion-si-o-no\/\">Continue reading <span class=\"meta-nav\">&rarr;<\/span><\/a><\/p>\n","protected":false},"author":4020,"featured_media":0,"parent":0,"menu_order":0,"comment_status":"closed","ping_status":"closed","template":"","meta":{"footnotes":""},"class_list":["post-11","page","type-page","status-publish","hentry"],"_links":{"self":[{"href":"https:\/\/blogs.ua.es\/sevila1\/wp-json\/wp\/v2\/pages\/11","targetHints":{"allow":["GET"]}}],"collection":[{"href":"https:\/\/blogs.ua.es\/sevila1\/wp-json\/wp\/v2\/pages"}],"about":[{"href":"https:\/\/blogs.ua.es\/sevila1\/wp-json\/wp\/v2\/types\/page"}],"author":[{"embeddable":true,"href":"https:\/\/blogs.ua.es\/sevila1\/wp-json\/wp\/v2\/users\/4020"}],"replies":[{"embeddable":true,"href":"https:\/\/blogs.ua.es\/sevila1\/wp-json\/wp\/v2\/comments?post=11"}],"version-history":[{"count":1,"href":"https:\/\/blogs.ua.es\/sevila1\/wp-json\/wp\/v2\/pages\/11\/revisions"}],"predecessor-version":[{"id":12,"href":"https:\/\/blogs.ua.es\/sevila1\/wp-json\/wp\/v2\/pages\/11\/revisions\/12"}],"wp:attachment":[{"href":"https:\/\/blogs.ua.es\/sevila1\/wp-json\/wp\/v2\/media?parent=11"}],"curies":[{"name":"wp","href":"https:\/\/api.w.org\/{rel}","templated":true}]}}

EXTINCIÓN DE INDEFINIDOS NO FIJOS POR COBERTURA DE PLAZA; ¿INDEMNIZACIÓN POR EXTINCIÓN, SÍ O NO?

<p>El objeto de esta nueva entrada es dar a conocer  un nuevo supuesto de discrepancia en el seno del Tribunal Supremo en relación al colectivo de trabajadores indefinidos no fijos (incluidos los interinos por vacante “convertidos” en indefinidos no fijos) cuyo contrato es extinguido por la cobertura reglamentaria de la plaza.</p>
<p>En concreto, la disparidad de criterio se aprecia en relación a la necesidad (<em>ex</em> art. 49.1.c ET) de abonar o no una indemnización en estos casos de extinción del contrato y, más específicamente, en los que no se haya reclamado explícitamente la misma en la demanda.</p>
<h4>Extinción por cobertura reglamentaria de vacante: ¿derecho a indemnización si o no?</h4>
<p>Como punto de partida, recuérdese que con anterioridad al cambio de doctrina de junio de 2014, el TS previó el derecho a percibir esta compensación en los casos de amortizaciones simples de indefinidos no fijos e interinos por vacante [entre otras, STS 14 de octubre 2013 (<a href="http://www.poderjudicial.es/search/doAction?action=contentpdf&amp;databasematch=TS&amp;reference=6916199&amp;links=%2268/2013%22&amp;optimize=20131223&amp;publicinterface=true" target="_blank">rec. 68/2013</a>); STS 15 de octubre 2013 (<a href="http://www.poderjudicial.es/search/doAction?action=contentpdf&amp;databasematch=TS&amp;reference=6916201&amp;links=%22383/2013%22&amp;optimize=20131223&amp;publicinterface=true" target="_blank">rec. 383/2013</a>); SSTS 23 de octubre 2013 (rec. <a href="http://www.poderjudicial.es/search/doAction?action=contentpdf&amp;databasematch=TS&amp;reference=6931673&amp;links=%22408/2013%22&amp;optimize=20140117&amp;publicinterface=true" target="_blank">408/2013 </a>y <a href="http://www.poderjudicial.es/search/doAction?action=contentpdf&amp;databasematch=TS&amp;reference=6929011&amp;links=%22804/2013%22&amp;optimize=20140115&amp;publicinterface=true" target="_blank">804/2013</a>); STS 13 de enero 2014  (<a href="http://www.poderjudicial.es/search/doAction?action=contentpdf&amp;databasematch=TS&amp;reference=6969952&amp;links=%22430/2013%22&amp;optimize=20140224&amp;publicinterface=true" target="_blank">rec. 430/2013</a>); STS 21 de enero 2014 (<a href="http://www.poderjudicial.es/search/doAction?action=contentpdf&amp;databasematch=TS&amp;reference=6954779&amp;links=%221086/2013%22&amp;optimize=20140210&amp;publicinterface=true" target="_blank">rec. 1086/2013</a>); STS 11 de febrero 2014 (<a href="http://www.poderjudicial.es/search/doAction?action=contentpdf&amp;databasematch=TS&amp;reference=6983952&amp;links=%221278/2013%22&amp;optimize=20140307&amp;publicinterface=true" target="_blank">rec. 1278/2013</a>); STS 14 de abril 2014 (<a href="http://www.poderjudicial.es/search/doAction?action=contentpdf&amp;databasematch=TS&amp;reference=7089885&amp;links=%221896/2013%22&amp;optimize=20140606&amp;publicinterface=true" target="_blank">rec. 1896/2013</a>); STS 11 de junio 2014 (<a href="http://www.poderjudicial.es/search/doAction?action=contentpdf&amp;databasematch=TS&amp;reference=7141251&amp;links=%222100/2013%22&amp;optimize=20140807&amp;publicinterface=true" target="_blank">rec. 2100/2013</a>)].</p>
<p>En relación a las extinciones por cobertura reglamentaria de la plaza, en algunas sentencias se ha reconocido el derecho al percibo de la indemnización, pese a no ser solicitada.</p>
<p>En efecto, la STS 6 de octubre 2015 (<a href="http://www.poderjudicial.es/search/doAction?action=contentpdf&amp;databasematch=TS&amp;reference=7513475&amp;links=&amp;optimize=20151109&amp;publicinterface=true" target="_blank">rec. 2592/2014</a>) [Ponente: Gullón Rodríguez], declara que, después de la doctrina jurisprudencial de 24 de junio 2014, <strong>la amortización de un indefinido no fijo llevada a cabo por el proceso reglamentario</strong> (con respeto a los principios constitucionales de publicidad, igualdad, mérito y capacidad que han conducido al nombramiento para la plaza ocupada), <strong>no puede calificarse como despido, sino de cese acaecido como consecuencia de la producción de la causa válidamente consignada en el contrato <em>ex</em> art. 49.1 b ET), reconociéndose el derecho a percibir la indemnización por extinción de un contrato temporal</strong> (atendiendo al Auto del TJUE 11-12-2014, <a href="http://curia.europa.eu/juris/document/document.jsf;jsessionid=9ea7d2dc30dd7cfd3c36c9b94bdd80ee8367f5ab90f5.e34KaxiLc3qMb40Rch0SaxuRc3n0?text=&amp;docid=161161&amp;pageIndex=0&amp;doclang=ES&amp;mode=lst&amp;dir=&amp;occ=first&amp;part=1&amp;cid=313207" target="_blank">asunto 86/14</a>).</p>
<p>En términos similares, en la STS 31 de marzo 2015 (<a href="http://www.poderjudicial.es/search/doAction?action=contentpdf&amp;databasematch=TS&amp;reference=7380335&amp;links=%222156%2F2014%22&amp;optimize=20150516&amp;publicinterface=true" target="_blank">rec. 2156/2014</a>) [Ponente: Calvo Ilarbucea] – aclarada por auto de 14 de mayo 2015 – relativa también a un trabajador indefinido no fijo, se afirma:</p>
<p>“No obstante y aunque la parte recurrente no lo solicita de conformidad con la doctrina de la Sala, que ha extendido la indemnización contemplada en el apartado c) del artículo 44-1-c) del Estatuto de los Trabajadores a los supuestos de interinidad y de trabajadores indefinidos no fijos cuyo contrato se extinga por cobertura de la plaza, la Sala considera aplicable dicho beneficio reconociendo al demandante una indemnización a razón de doce días por año de servicio, que asciende a 3.3.89,2 euros, atendiendo así mismo al Auto el Tribunal de Justicia de la Unión Europea de 11-12-2014 (asunto 86/14 (ES)”</p>
<p>No obstante, en algunos casos no se ha reconocido el derecho al percibo de esta indemnización en estas circunstancias.</p>
<p>Así, la STS 21 de julio 2015 (<a href="http://www.poderjudicial.es/search/doAction?action=contentpdf&amp;databasematch=TS&amp;reference=7484482&amp;links=%222672%2F2014%22&amp;optimize=20151002&amp;publicinterface=true" target="_blank">rec. 2672/2014</a>) [Ponente: Virolés Piñol], relativa a una trabajadora indefinida no fija, no se hace mención expresa al reconocimiento de dicha indemnización (omite esta cuestión).</p>
<div class="layoutArea">
<div class="column">
<p>De hecho la trabajadora en la demanda solicita</p>
<p>“la nulidad del despido por discriminación y vulneración de la tutela judicial efectiva -garantía de indemnidad- y subsidiariamente la improcedencia, alegando que se ha impedido el real cumplimiento de la sentencia previa, reprochando que la decisión extintiva de la relación indefinida se produce como si fuera un contrato temporal -interinidad por vacante-“.</p>
<div class="layoutArea">
<div class="column">
<p>Debe tenerse en cuenta las particularidades de la situación, pues, en la medida que la trabajadora no lo solicita expresamente, la sentencia no niega explícitamente el derecho a percibir la compensación económica. No obstante, a diferencia de los otros casos apuntados, tampoco se reconoce de oficio.</p>
<p>Por otra parte, en la STS 19 de mayo 2015 (<a href="http://www.poderjudicial.es/search/doAction?action=contentpdf&amp;databasematch=TS&amp;reference=7484473&amp;links=%222552%2F2014%22&amp;optimize=20151002&amp;publicinterface=true" target="_blank">rec. 2552/2014</a>) [Ponente: Arastey Sahún], relativa a una trabajadora interina por vacante, se declara</p>
<div class="layoutArea">
<div class="column">
<p>“Pero en este caso, se cumplió la causa de interinidad válidamente consignada en su contrato, a saber, que ocuparía provisionalmente, de forma interina y hasta la conclusión de los procesos selectivos, regulados en los artículos 13.2 y 3 del Convenio Colectivo . Por ello, al haberse producido la cobertura reglamentaria de la plaza ocupada por la trabajadora interina, su cese no es un despido, sino que constituye una extinción del contrato por el cumplimiento del término a que estaba sometido”.</p>
<p>Tratándose de una trabajadora interina, aunque la sentencia omite hacer referencia a esta cuestión, podría estimarse que esta circunstancia (la omisión) es adecuada, en la medida que, en virtud del art. 49.1.c) ET, debería entenderse ajustado que no se abonara la indemnización por extinción del contrato.</p>
<p>No obstante, en la medida que en este caso la trabajadora ha superado el plazo máximo de 3 años (se incorpora en febrero de 2008 y se extingue la relación en noviembre de 2012), parece que debería haberse calificado como indefinida no fija (<em>ex</em> art. 70.1. EBEB – en la doctrina judicial, ver STSJ Galicia 14 de octubre 2015, <a href="http://www.poderjudicial.es/search/doAction?action=contentpdf&amp;databasematch=AN&amp;reference=7509570&amp;links=%225256%2F2015%22&amp;optimize=20151104&amp;publicinterface=true" target="_blank">rec. 2203/2014</a>) y, por consiguiente, tener derecho a la indemnización por extinción del contrato.</p>
</div>
</div>
</div>
</div>
</div>
</div>
<h4>Finalmente, aunque se trata de un caso distinto al planteado hasta ahora, también debe hacerse mención a la STS 15 de junio 2015 (<a href="http://www.poderjudicial.es/search/doAction?action=contentpdf&amp;databasematch=TS&amp;reference=7450183&amp;links=%222924%2F2014%22&amp;optimize=20150817&amp;publicinterface=true" target="_blank">rec. 2924/2014</a>) [Ponente: Calvo Ilarbucea] que reconoce el derecho a la indemnización ex art. 49.1.c y DT 13ª RDLeg 1/1995 solicitada por una trabajadora indefinida no fija subsidiariamente.</h4>
<p>Conclusión (muy breve)</p>
<p>En estos casos, a pesar de que no parece que haya una unanimidad en el seno del Alto Tribunal, parece que el reconocimiento de la indemnización debería ser automático, a pesar de que el trabajador no lo solicite expresamente.</p>
<p>&nbsp;</p>

<p>El objeto de esta nueva entrada es dar a conocer  un nuevo supuesto de discrepancia en el seno del Tribunal Supremo en relación al colectivo de trabajadores indefinidos no fijos (incluidos los interinos por vacante “convertidos” en indefinidos no fijos) &hellip; <a href="https://blogs.ua.es/sevila1/extincion-de-indefinidos-no-fijos-por-cobertura-de-plaza-indemnizacion-por-extincion-si-o-no/">Continue reading <span class="meta-nav">&rarr;</span></a></p>
