{"id":39,"date":"2010-11-14T20:43:17","date_gmt":"2010-11-14T20:43:17","guid":{"rendered":"https:\/\/blogs.ua.es\/siglodeoroespana\/"},"modified":"2011-01-17T11:22:02","modified_gmt":"2011-01-17T11:22:02","slug":"decandencia-politica-del-siglo-de-oro","status":"publish","type":"page","link":"https:\/\/blogs.ua.es\/siglodeoroespana\/decandencia-politica-del-siglo-de-oro\/","title":{"rendered":"Decandencia pol\u00edtica del Siglo de Oro. 1598-1652"},"content":{"rendered":"<p style=\"text-align: left\">En 1580 el Imperio de los Austrias se extiende tras las uni\u00f3n de Portugal.<br \/>\nPor otra parte, la peste influy\u00f3 en el imperio de forma negativa, ya que , adem\u00e1s, de matar a mucha poblaci\u00f3n, el propio Felipe II enferm\u00f3 en Badajoz, sum\u00e1ndose la muerte de su cuarta esposa Ana (1549-1580), unos meses despu\u00e9s del\u00a0nacimiento de la infanta Mar\u00eda.<br \/>\n*Dicen las cr\u00f3nicas que la Emperatriz do\u00f1a Mar\u00eda (1528-1603), reci\u00e9n llegada a Espa\u00f1a le comunicaron la p\u00e9rdida de se hija, la reina Ana, cuyos restos se dejaron en el Escorial. Con la reciente noticia, la emperatriz no hizo nada al respecto.<br \/>\nPero durante esta \u00e9poca no s\u00f3lo hubieron muertes, tambi\u00e9n se conoce la famosa &#8220;crisis&#8221; del siglo XVII, donde no s\u00f3lo influyen los desastres naturales, sino tambi\u00e9n las relaciones entre Estado y poblaci\u00f3n, la crisis econ\u00f3mica y demogr\u00e1fica, pugnas entre consejos, etc&#8230;<br \/>\nDurante la d\u00e9cada de los 80, las preocupaciones &#8220;p\u00fablicas&#8221; de los espa\u00f1oles se centraba en la Corte, sobretodo en el tema de la familia real con el nombramiento del nuevo heredero, Felipe,\u00a0 y el posible casamiento de la Infanta Isabel Clara Eugenia (1566-1633) para asegurar la sucesi\u00f3n en la Corona.<br \/>\nPero Felipe II hizo un cambio de \u00faltima hora y opt\u00f3 por casar a Catalina Micaela (1567-1597), su hija segunda, con el Duque de Saboya. Reservando la opci\u00f3n de Isabel para la rama Imperial.<br \/>\nFinalmente Isabel se casar\u00e1 con el Archiduque Alberto ( 1559-1621), dej\u00e1ndole\u00a0 en testamento el feudo de Pa\u00edses Bajos.<\/p>\n<p style=\"text-align: left\">En estos momentos,\u00a0 la suerte de la familia de Quevedo, que serv\u00edan en el palacio depend\u00edan, en gran parte, de los cambios bruscos de fortuna. <strong><em>&#8220;Porque en la com\u00fan mudanza\/ hasta bufones alcanza\/ el riesgo de la ca\u00edda.&#8221; F. Quevedo, Como ha de ser el privado. <\/em><\/strong><\/p>\n<p style=\"text-align: left\">Alrededor del trono se maquinaban juegos de poder entorno al Rey, particularmente, en los asuntos del secretario <strong>Antonio P\u00e9rez <\/strong>, que fue reclu\u00eddo en la prisi\u00f3n en 1579.\u00a0 Desde ese momento se iniciar\u00e1\u00a0 un enfrentamiento total con el monarca.<br \/>\nMientras la Corte se agitaba con el jaleo art\u00edstico que provocaba la preparaci\u00f3n del Escorial, adem\u00e1s, se hablaba mucho de los problemas de exclusi\u00f3n, sobretodo por la persecuci\u00f3n inquisitorial a <strong><em>El Brocense. &#8221; Este caso conecta con las preocupaciones filol\u00f3gicas de Quevedo&#8221;<\/em><\/strong><\/p>\n<p style=\"text-align: left\">De fronteras\u00a0 afuera, el tema principal eran los preparativos para la invasi\u00f3n de Inglaterra y el forcejeo con Francia. Ambas potencias, estaban igualadas en los conceptos contra Espa\u00f1a: Religi\u00f3n y Pol\u00edtica.<br \/>\nPara un espa\u00f1ol, desde que nac\u00eda, ya se le acostumbraba al ritmo religioso y cortesano de la vida, ya que ambos marcaran la educaci\u00f3n, las fiestas p\u00fablicas, etc&#8230; y todo el que molestara esta &#8220;paz social&#8221; se le castigar\u00eda con la c\u00e1rcel, exclusi\u00f3n, muerte, etc&#8230;<br \/>\nEsta vida pol\u00edtico-religiosa era la insignia de Espa\u00f1a.<\/p>\n<p style=\"text-align: left\">La vida y obra de Quevedo reflejar\u00e1 partes de esa esfera religiosa y pol\u00edtica.<br \/>\nPara mantener ese espacio universal sin fisuras no s\u00f3lo era cuesti\u00f3n de fe, voluntad y esfuerzo, sino tambi\u00e9n de dinero y organizaci\u00f3n : <strong><em>ideol\u00f3gica, econ\u00f3mica y administrativa. <\/em><\/strong><br \/>\nQue al final, tanto organizaci\u00f3n acababa por resolverse\u00a0 en cosechas e industrias, impuestos y pr\u00e9stamos, instituciones y personas, etc&#8230;<br \/>\nEstas ideas surgieron con mucha fuerza, pero era imposible hacerlas en aquel paisaje de hambre, oro, harapos y desorganizaci\u00f3n que era Castilla. Pero, a\u00fan as\u00ed, los signos del malestar social no parecen tener todav\u00eda motivaciones socio-econ\u00f3micas.<\/p>\n<p style=\"text-align: left\">Con la ca\u00edda de <span style=\"text-decoration: underline\">Felipe II<\/span>, la situaci\u00f3n de Espa\u00f1a en un punto muy extremo ,ya que la man\u00eda por tener la supremac\u00eda en el \u00e1mbito exterior provoc\u00f3\u00a0 esta gran decadencia para Espa\u00f1a.<br \/>\nAl trono le suceder\u00eda su hijo,\u00a0<span style=\"text-decoration: underline\">Felipe III<\/span>. Pero este rey, a\u00fan con las ideas vigentes de su padre, no estuvo capacitado para gobernar, ya que prefiri\u00f3 adentrarse en una vida m\u00e1s ociosa; los toros, los\u00a0naipes o la\u00a0m\u00fasica.<br \/>\nMuy pronto, Felipe III dejar\u00e1\u00a0el trono para otorg\u00e1rselo a su valido, el <span style=\"text-decoration: underline\">Duque de Lerma<\/span>, pensando que era la opci\u00f3n m\u00e1s prudente.\u00a0 Lo malo de esta elecci\u00f3n fue que el\u00a0duque aprovech\u00f3 su poder para sus beneficios propios, llevando a\u00a0 cabo multitud de corrupciones, con lo que tarde o temprano\u00a0 se dejar\u00e1\u00a0ver en Espa\u00f1a en forma de crisis.<br \/>\nEl poder del duque lleg\u00f3 a su fin, gracias a su propio hijo, el <span style=\"text-decoration: underline\">Duque de Uceda<\/span>, que le arrebat\u00f3 su cargo.<br \/>\nTras 22 a\u00f1os de reinato, Felipe III\u00a0dar\u00e1 fin a su reinado, dejando\u00a0a su hijo, <span style=\"text-decoration: underline\">Felipe IV<\/span>, como \u00fanico heredero del imperio espa\u00f1ol. \u00a0<br \/>\nLa trayectoria de Felipe IV estar\u00e1 basada en un comportamiento m\u00e1s refinado que el de su padre y por los matrimonios acaecidos. Por un lado, su primer matrimonio fue con <span style=\"text-decoration: underline\">Isabel de Borb\u00f3n<\/span>.\u00a0 Su segundo matrimonio fue con su prima, <span style=\"text-decoration: underline\">Mariana de Austria<\/span> . Pero ambos matrimonios no le hicieron perder la pasi\u00f3n por las dem\u00e1s mujeres, ya que su multitud de amor\u00edos eran muy conocidos por entonces.<br \/>\nEl modo de vida de la Corte, lleg\u00f3 a su culmen con la entrada de nuevos cortesanos. Estos nuevos fieles estar\u00edan dotados de algunas desgracias f\u00edsicas o simplemente eran bufones. Esta idea\u00a0 de integraci\u00f3n hizo que los personajes nobles se engrandecieron m\u00e1s debido a las m\u00faltiples diferencias que ten\u00edan.\u00a0<br \/>\nEstas im\u00e1genes quedar\u00e1n gravadas gracias al pintor de la corte; Vel\u00e1zquez, que retrat\u00f3 a esta nueva corte tan pintoresca.<\/p>\n<p style=\"text-align: left\">Pero no todo en la corte funcionaba bien, gracias al <span style=\"text-decoration: underline\">Conde-duque de Olivares<\/span>, la situaci\u00f3n de Espa\u00f1a logr\u00f3 sanearse por alg\u00fan tiempo, ya que\u00a0 el preciado rey no hac\u00eda mucho caso\u00a0 a las atenciones pol\u00edticas, por ello, nombrar\u00e1 a Olivares su valido m\u00e1s preciado.\u00a0\u00a0Este cargo, en la primera etapa de su reinado, ser\u00e1 el m\u00e1s codiciado y venerado.<br \/>\nComo he mencionado anteriormente, las pol\u00edticas saneadoras de Espa\u00f1a llevaron su cu\u00f1o, pero la verdad es que las soluciones que propon\u00edan gozaban de tener muy buenas intenciones, pero no se obten\u00edan buenos resultados.<br \/>\nCabe destacar que\u00a0 Espa\u00f1a, en estos momentos era un digo rival de Francia, ya que ambas potencias quer\u00edan obtener el control de Europa, por ello, Olivares pretendi\u00f3 sanear completamente las instituciones espa\u00f1olas para seguir siendo fuertes y no perder las posesiones ganadas.<\/p>\n<p style=\"text-align: left\">En 1622, despu\u00e9s de la encumbraci\u00f3n de Felipe IV , el conde-duque emprender\u00e1 una serie de decretos, donde todos los que hab\u00edan ejercido cargos p\u00fablicos desde 1592 deb\u00edan proporcionar un inventario de su fortuna, as\u00ed que todos los cargos p\u00fablicos ten\u00edan que gestionar sus fortunas.<\/p>\n<p style=\"text-align: left\">A mediados del siglo XVI, la situaci\u00f3n econ\u00f3mico era angustiosa. Se comenzaron a hacer pragm\u00e1ticas ya que hubo suspensi\u00f3n de pagos por parte del reino, adem\u00e1s de prohibir las excentricidades de la corte, ya fueran por la multitud de fiestas\u00a0o por los grandes tocados cortesanos.\u00a0 Estas iniciativas vinieron a manos de Olivares, pero no prosperaron en absoluto.<br \/>\nA finales de esta centuria, entre los espa\u00f1oles ya hab\u00eda una conciencia clara de crisis. Durante esta \u00e9poca surgir\u00e1 la llamada <strong><em>&#8220;generaci\u00f3n de los arbitristas&#8221;.<\/em><\/strong> Se encargaban de analizar y diagnosticar las situaciones precarias y , sobretodo, buscaban una soluci\u00f3n.<br \/>\nAdem\u00e1s de la crisis que se fueron sucediendo, las epidemias y los ataques de pestes empeoraron la situaci\u00f3n poblacional, ya que con tantas situaciones precarias la demograf\u00eda descendi\u00f3 en picado.<\/p>\n<p style=\"text-align: left\">La situaci\u00f3n econ\u00f3mica no era mucho mejor, ya que los env\u00edos de plata de\u00a0Am\u00e9rica hacia Espa\u00f1a, se gastaban directamente en Europa para pagar las deudas pendientes.\u00a0 No obstante, se crear\u00e1 una moneda de cobre, conocida como el Vell\u00f3n, tendr\u00e1 menos valor que la plata.\u00a0 Estas diferencias monetarias agravaron m\u00e1s la situaci\u00f3n de desigualdad social.\u00a0 Esta situaci\u00f3n dio paso al bandolerismo y a tumultos en las poblaciones rurales.\u00a0\u00a0 <strong><em>&#8221; Espa\u00f1a acab\u00f3 por convertirse en la Am\u00e9rica de Europa&#8221;<\/em><\/strong> como escribi\u00f3 <span style=\"text-decoration: underline\">Baltasar Graci\u00e1n<\/span>\u00a0 al describir los sucesos en las poblaciones.<br \/>\nAhora la nobleza de Espa\u00f1a se dividir\u00e1: <span style=\"text-decoration: underline\">nobleza\u00a0 e hidalgos<\/span>.\u00a0 Mientras que en la sociedad llana, la divisi\u00f3n recaer\u00eda entre: <span style=\"text-decoration: underline\">cristianos viejos,moriscos y jud\u00edos<\/span>.\u00a0 Estos \u00faltimos muy perseguidos, ya que formaba un grueso muy amplio de la poblaci\u00f3n, por la anexi\u00f3n de Portugal a Espa\u00f1a.\u00a0<br \/>\nPor otro lado, el clero estaba basada en una jerarqu\u00eda, donde\u00a0 el <span style=\"text-decoration: underline\">clero regular<\/span> formaba el 1% de la poblaci\u00f3n total. Este clero campechano se reg\u00edan bajo las normas franciscanas. Se podr\u00eda decir que esta orden era una de las m\u00e1s importantes del momento.\u00a0 En cuanto al <span style=\"color: #888888\"><span style=\"text-decoration: underline\">clero secular<\/span><\/span>, la vida de \u00e9stos estaba marcada por las fortunas y los pagos de diezmos, ya que \u00e9stos estaban muy cerca del \u00e1mbito cortesano.\u00a0<br \/>\nA\u00fan con estas expectativas, el siglo XVII fue una \u00e9poca de encumbraciones y canonizaciones, donde la religiosidad fue tomando fuerza llegando al punto de coexistir una religi\u00f3n oficial con otra popular. Esta \u00faltima se guiaba por la milagrer\u00eda, llegando al punto de escribir un libro s\u00f3lo de milagros ocurridos.\u00a0 Pero esta religi\u00f3n popular servir\u00e1 m\u00e1s bien para evadirse de una realidad precaria.\u00a0\u00a0 No obstante, la Iglesia oficial lleg\u00f3 a censurar muchos ideales de la religi\u00f3n popular, pero tambi\u00e9n lleg\u00f3 a incluir algunas supersticiones.\u00a0 Lo que significa que la iglesia oficial era un arma de doble filo.<\/p>\n<p style=\"text-align: left\">Mientras tanto, en el \u00e1mbito de\u00a0pol\u00edtica exterior, se reabrir\u00e1n viejas heridas con la <span style=\"text-decoration: underline\"><span style=\"color: #888888\">Guerra de los 30<\/span> <\/span>a\u00f1os y , sobretodo, con la <span style=\"text-decoration: underline\">rebeli\u00f3n en los Pa\u00edses Bajos. E<\/span>stas situaciones empeoraron, a\u00fan m\u00e1s, la situaci\u00f3n financiera.<br \/>\nLa Guerra con Francia, hizo tensar m\u00e1s el hilo, lo que provoc\u00f3 la creaci\u00f3n de <strong><em>&#8220;La Uni\u00f3n de Armas<\/em><\/strong>&#8220;, donde se crear\u00eda una tropas de reserva para defenderse de un posible ataque exterior. Estas tropas se configuraban por el reparto\u00a0 de tropas de cada reino, claro est\u00e1, pagando una fiscalidad muy elevada.<\/p>\n<p style=\"text-align: left\">En un principio, los reinos estuvieron de acuerdo con la medida de Olivares, pero las Cortes de Catalu\u00f1a se opusieron\u00a0 a tal uni\u00f3n, lo que provoc\u00f3 el comienzo de una revoluci\u00f3n.<br \/>\n1640, ser\u00e1 un &#8220;a\u00f1us horribilis&#8221; para Espa\u00f1a, ya que Portugal reclamar\u00e1 su independencia con el <span style=\"text-decoration: underline\">Duque de Braganza<\/span>\u00a0, \u00a0Catalu\u00f1a\u00a0 estar\u00e1 en contra de la monarqu\u00eda y adem\u00e1s, se le sumar\u00e1n las revueltas andaluzas, dirigidas por el <span style=\"text-decoration: underline\">Duque de Medina Sidonia y el Marqu\u00e9s de Ayamonte<\/span> en el verano de 1641 y las revueltas sicilianas y napolitanas de 1647.<br \/>\nEstas situaciones ca\u00f3ticas provoc\u00f3 que Portugal ya no se volviera a anexionar con Espa\u00f1a y que Catalu\u00f1a se acercara a Francia\u00a0 para separarse de la monarqu\u00eda espa\u00f1ola hasta 1652.<\/p>\n<p style=\"text-align: left\">Con estas situaciones tan alarmantes, el Conde- duque no tuvo m\u00e1s remedio que abandonar el poder en 1643, ya que un imperio tan grande, era imposible evitar que se desmoronase.<br \/>\nComo apuntase en su momento Quevedo, &#8220;Toda Espa\u00f1a est\u00e1 en un tris\/ y a pique de dar un tras&#8221;.<\/p>\n<p style=\"text-align: left\">Con el tratado de Westfalia, se puso fin a la guerra de los 30 a\u00f1os y adem\u00e1s dej\u00f3 ver que Espa\u00f1a se estaba sumiendo en una debilidad inquebrantable.\u00a0<br \/>\nTerminado este periodo, la corona espa\u00f1ola ya no contaba\u00a0con : Portugal, Pa\u00edses Bajos, Jamaica, Rosell\u00f3n y parte de Cerda\u00f1a.\u00a0 Lo que significa que el imperio espa\u00f1ol estaba entre las cuerdas, pero a\u00fan segu\u00eda teniendo la mayor\u00eda de las posesiones coloniales en Am\u00e9rica.<\/p>\n<p style=\"text-align: left\">\n\u00a0<\/p>\n<p style=\"text-align: left\"><strong><\/strong>\u00a0<\/p>\n<p style=\"text-align: left\">\u00a0<\/p>\n","protected":false},"excerpt":{"rendered":"<p>En 1580 el Imperio de los Austrias se extiende tras las uni\u00f3n de Portugal. Por otra parte, la peste influy\u00f3 en el imperio de forma negativa, ya que , adem\u00e1s, de matar a mucha poblaci\u00f3n, el propio Felipe II enferm\u00f3 &hellip; <a href=\"https:\/\/blogs.ua.es\/siglodeoroespana\/decandencia-politica-del-siglo-de-oro\/\">Continue reading <span class=\"meta-nav\">&rarr;<\/span><\/a><\/p>\n","protected":false},"author":1927,"featured_media":0,"parent":0,"menu_order":0,"comment_status":"open","ping_status":"open","template":"","meta":{"footnotes":""},"class_list":["post-39","page","type-page","status-publish","hentry"],"_links":{"self":[{"href":"https:\/\/blogs.ua.es\/siglodeoroespana\/wp-json\/wp\/v2\/pages\/39","targetHints":{"allow":["GET"]}}],"collection":[{"href":"https:\/\/blogs.ua.es\/siglodeoroespana\/wp-json\/wp\/v2\/pages"}],"about":[{"href":"https:\/\/blogs.ua.es\/siglodeoroespana\/wp-json\/wp\/v2\/types\/page"}],"author":[{"embeddable":true,"href":"https:\/\/blogs.ua.es\/siglodeoroespana\/wp-json\/wp\/v2\/users\/1927"}],"replies":[{"embeddable":true,"href":"https:\/\/blogs.ua.es\/siglodeoroespana\/wp-json\/wp\/v2\/comments?post=39"}],"version-history":[{"count":7,"href":"https:\/\/blogs.ua.es\/siglodeoroespana\/wp-json\/wp\/v2\/pages\/39\/revisions"}],"predecessor-version":[{"id":60,"href":"https:\/\/blogs.ua.es\/siglodeoroespana\/wp-json\/wp\/v2\/pages\/39\/revisions\/60"}],"wp:attachment":[{"href":"https:\/\/blogs.ua.es\/siglodeoroespana\/wp-json\/wp\/v2\/media?parent=39"}],"curies":[{"name":"wp","href":"https:\/\/api.w.org\/{rel}","templated":true}]}}