{"id":120,"date":"2010-05-06T13:35:41","date_gmt":"2010-05-06T13:35:41","guid":{"rendered":"https:\/\/blogs.ua.es\/smithriquezanaciones\/?page_id=120"},"modified":"2010-06-02T11:16:00","modified_gmt":"2010-06-02T11:16:00","slug":"david-ricardo","status":"publish","type":"page","link":"https:\/\/blogs.ua.es\/smithriquezanaciones\/david-ricardo\/","title":{"rendered":"David Ricardo"},"content":{"rendered":"<p><a href=\"https:\/\/blogs.ua.es\/smithriquezanaciones\/files\/2010\/05\/ricardo1.gif\"><img loading=\"lazy\" decoding=\"async\" class=\"alignright size-medium wp-image-126\" title=\"David Ricardo\" src=\"https:\/\/blogs.ua.es\/smithriquezanaciones\/files\/2010\/05\/ricardo1-260x300.gif\" alt=\"\" width=\"260\" height=\"300\" srcset=\"https:\/\/blogs.ua.es\/smithriquezanaciones\/files\/2010\/05\/ricardo1-260x300.gif 260w, https:\/\/blogs.ua.es\/smithriquezanaciones\/files\/2010\/05\/ricardo1.gif 323w\" sizes=\"auto, (max-width: 260px) 100vw, 260px\" \/><\/a><strong>David Ricardo<\/strong> (Londres, <a title=\"19 de abril\" href=\"http:\/\/es.wikipedia.org\/wiki\/19_de_abril\">19 de abril<\/a> de <a title=\"1772\" href=\"http:\/\/es.wikipedia.org\/wiki\/1772\">1772<\/a> &#8211; <em>\u00eddem<\/em> <a title=\"11 de septiembre\" href=\"http:\/\/es.wikipedia.org\/wiki\/11_de_septiembre\">11 de septiembre<\/a> de <a title=\"1823\" href=\"http:\/\/es.wikipedia.org\/wiki\/1823\">1823<\/a>) fue un economista <a title=\"Inglaterra\" href=\"http:\/\/es.wikipedia.org\/wiki\/Inglaterra\">ingl\u00e9s<\/a>, miembro de la corriente de pensamiento cl\u00e1sico econ\u00f3mico, y uno de los m\u00e1s influyentes junto a <a title=\"Adam Smith\" href=\"http:\/\/es.wikipedia.org\/wiki\/Adam_Smith\">Adam Smith<\/a> y <a title=\"Thomas Malthus\" href=\"http:\/\/es.wikipedia.org\/wiki\/Thomas_Malthus\">Thomas Malthus<\/a>. Continuador de Smith, continu\u00f3 y profundiz\u00f3 el an\u00e1lisis del circuito de producci\u00f3n, cuyo origen se remonta a Quesnay y al fisiocratismo. Es considerado uno de los pioneros de la <a title=\"Macroeconom\u00eda\" href=\"http:\/\/es.wikipedia.org\/wiki\/Macroeconom%C3%ADa\">macroeconom\u00eda<\/a> moderna por su an\u00e1lisis de la relaci\u00f3n entre beneficios y salarios, uno de los iniciadores del razonamiento que dar\u00eda lugar a la <a title=\"Ley de los rendimientos decrecientes\" href=\"http:\/\/es.wikipedia.org\/wiki\/Ley_de_los_rendimientos_decrecientes\">Ley de los rendimientos decrecientes<\/a> y uno de los principales fundadores de la <a title=\"Teor\u00eda cuantitativa del dinero\" href=\"http:\/\/es.wikipedia.org\/wiki\/Teor%C3%ADa_cuantitativa_del_dinero\">Teor\u00eda cuantitativa del dinero<\/a>. Es por ello que es invocado por familias de pensamiento econ\u00f3mico muy diferentes, desde los monetaristas <a title=\"Neoliberalismo\" href=\"http:\/\/es.wikipedia.org\/wiki\/Neoliberalismo\">neocl\u00e1sicos<\/a> a los marxistas ingleses.<\/p>\n<p>Tambi\u00e9n fue un hombre de negocios, especulador exitoso, <a title=\"Agente (econom\u00eda)\" href=\"http:\/\/es.wikipedia.org\/wiki\/Agente_(econom%C3%ADa)\">agente<\/a> de cambio y diputado; logrando amasar una considerable fortuna.<\/p>\n<p>David Ricardo era el tercero de diecisiete hijos de una familia <a title=\"Sefard\u00ed\" href=\"http:\/\/es.wikipedia.org\/wiki\/Sefard%C3%AD\">sefard\u00ed jud\u00eda<\/a> (procedente de <a title=\"Portugal\" href=\"http:\/\/es.wikipedia.org\/wiki\/Portugal\">Portugal<\/a>) que emigr\u00f3 de <a title=\"Pa\u00edses Bajos\" href=\"http:\/\/es.wikipedia.org\/wiki\/Pa%C3%ADses_Bajos\">Holanda<\/a> a Inglaterra antes de su nacimiento. Despu\u00e9s de una breve etapa escolar en los Pa\u00edses Bajos, empez\u00f3 a trabajar a los catorce a\u00f1os, en la <em>London Stock Exchange<\/em> (Bolsa de Londres), como empleado de su padre, d\u00f3nde aprendi\u00f3 lo b\u00e1sico sobre finanzas. En <a title=\"1793\" href=\"http:\/\/es.wikipedia.org\/wiki\/1793\">1793<\/a>, a los 21 a\u00f1os, se cas\u00f3 con <em>Priscilla Anne Wilkinson<\/em> (cu\u00e1quera) fuera de la fe jud\u00eda y las relaciones con su familia se volvieron m\u00e1s tirantes (su madre no le volver\u00eda a dirigir la palabra), por lo que Ricardo decidi\u00f3 establecerse por su cuenta. Por esa \u00e9poca adopt\u00f3 el <a title=\"Utilitarismo\" href=\"http:\/\/es.wikipedia.org\/wiki\/Utilitarismo\">utilitarismo<\/a>. Especializado en la negociaci\u00f3n de valores p\u00fablicos, prosper\u00f3 bastante r\u00e1pido y para <a title=\"1815\" href=\"http:\/\/es.wikipedia.org\/wiki\/1815\">1815<\/a> hab\u00eda amasado una fortuna considerable.<\/p>\n<p>Despu\u00e9s de haber adquirido su fortuna en la Bolsa de Londres, se convirti\u00f3 en terrateniente. En <a title=\"1819\" href=\"http:\/\/es.wikipedia.org\/wiki\/1819\">1819<\/a> fue elegido miembro del Parlamento por <a title=\"Portarlington\" href=\"http:\/\/es.wikipedia.org\/wiki\/Portarlington\">Portarlington<\/a> (<a title=\"Irlanda\" href=\"http:\/\/es.wikipedia.org\/wiki\/Irlanda\">Irlanda<\/a>), reteniendo el cargo hasta su muerte, aunque nunca lo visit\u00f3. En la <a title=\"C\u00e1mara de los Comunes\" href=\"http:\/\/es.wikipedia.org\/wiki\/C%C3%A1mara_de_los_Comunes\">C\u00e1mara de los Comunes<\/a> sus opiniones gozaban de autoridad, y se ha dicho de \u00e9l que fue el primero en educar a la C\u00e1mara en el an\u00e1lisis econ\u00f3mico. Enseguida se retir\u00f3 de los negocios, lo que le permiti\u00f3 dedicarse a trabajos intelectuales desde muy joven.<\/p>\n<p>Su inter\u00e9s por los problemas de la teor\u00eda econ\u00f3mica se desarroll\u00f3 hacia la mitad de su vida. Su primer contacto con el tema parece datar de 1799 cuando en una visita con su mujer al balneario de <a title=\"Bath\" href=\"http:\/\/es.wikipedia.org\/wiki\/Bath\">Bath<\/a>, ley\u00f3 a <a title=\"Adam Smith\" href=\"http:\/\/es.wikipedia.org\/wiki\/Adam_Smith\">Adam Smith<\/a>. En <a title=\"1809\" href=\"http:\/\/es.wikipedia.org\/wiki\/1809\">1809<\/a> aparecieron publicadas sus primeras opiniones sobre econom\u00eda en forma de cartas a la prensa firmadas por &#8220;R&#8221; en relaci\u00f3n con la depreciaci\u00f3n de la moneda.<\/p>\n<p>Su obra m\u00e1s importante, <a title=\"Principios de Econom\u00eda Pol\u00edtica y Tributaci\u00f3n (a\u00fan no redactado)\" href=\"http:\/\/es.wikipedia.org\/w\/index.php?title=Principios_de_Econom%C3%ADa_Pol%C3%ADtica_y_Tributaci%C3%B3n&amp;action=edit&amp;redlink=1\">Principios de Econom\u00eda Pol\u00edtica y Tributaci\u00f3n<\/a>, aparecida en <a title=\"1817\" href=\"http:\/\/es.wikipedia.org\/wiki\/1817\">1817<\/a>, constituye la exposici\u00f3n m\u00e1s madura y precisa de la econom\u00eda cl\u00e1sica; en el prefacio afirma que &#8220;el principal problema de la econom\u00eda pol\u00edtica es determinar las leyes que regulan la distribuci\u00f3n&#8221;. Con ese fin desarroll\u00f3 una <a title=\"Teor\u00eda del valor\" href=\"http:\/\/es.wikipedia.org\/wiki\/Teor%C3%ADa_del_valor\">teor\u00eda del valor<\/a> y una teor\u00eda de la distribuci\u00f3n. Escribi\u00f3 tambi\u00e9n gran n\u00famero de ensayos, cartas y notas que contienen notorias aportaciones de gran relevancia. Sin embargo, sus escritos resultan tan condensados y complejos que muchos lectores encuentran mejor expuestas sus ideas en los trabajos de <a title=\"Jean-Baptiste Say\" href=\"http:\/\/es.wikipedia.org\/wiki\/Jean-Baptiste_Say\">Jean-Baptiste Say<\/a>, Malthus y McCulloch.<\/p>\n<p>La labor de este economista es particularmente importante por el lugar destacado en que coloc\u00f3 al problema del valor, especialmente al poner de manifiesto con claridad que los problemas de la distribuci\u00f3n dependen de la teor\u00eda del valor.<\/p>\n<p>Influencias: <a title=\"Karl Marx\" href=\"http:\/\/es.wikipedia.org\/wiki\/Karl_Marx\">Karl Marx<\/a> toma como punto de partida para su obra los <em>Principios<\/em>. Sin embargo, se separa de Ricardo en dos puntos principales: la teor\u00eda del capital y la determinaci\u00f3n del sistema de producci\u00f3n. As\u00ed, mientras que para Ricardo el capital se define por su velocidad de circulaci\u00f3n (diferencia entre <a title=\"Capital fijo\" href=\"http:\/\/es.wikipedia.org\/wiki\/Capital_fijo\">capital fijo<\/a> y circulante, para Marx se define por la teor\u00eda del valor (distinci\u00f3n entre <a title=\"Capital constante\" href=\"http:\/\/es.wikipedia.org\/wiki\/Capital_constante\">capital constante<\/a> y <a title=\"Capital variable\" href=\"http:\/\/es.wikipedia.org\/wiki\/Capital_variable\">variable<\/a>).<\/p>\n<p>Fuente: Wikipedia<\/p>\n","protected":false},"excerpt":{"rendered":"<p>David Ricardo (Londres, 19 de abril de 1772 &#8211; \u00eddem 11 de septiembre de 1823) fue un economista ingl\u00e9s, miembro de la corriente de pensamiento cl\u00e1sico econ\u00f3mico, y uno de los m\u00e1s influyentes junto a Adam Smith y Thomas Malthus. Continuador de Smith, continu\u00f3 y profundiz\u00f3 el an\u00e1lisis del circuito de producci\u00f3n, cuyo origen se [&hellip;]<\/p>\n","protected":false},"author":1671,"featured_media":0,"parent":0,"menu_order":0,"comment_status":"open","ping_status":"open","template":"","meta":{"footnotes":""},"class_list":["post-120","page","type-page","status-publish","hentry"],"_links":{"self":[{"href":"https:\/\/blogs.ua.es\/smithriquezanaciones\/wp-json\/wp\/v2\/pages\/120","targetHints":{"allow":["GET"]}}],"collection":[{"href":"https:\/\/blogs.ua.es\/smithriquezanaciones\/wp-json\/wp\/v2\/pages"}],"about":[{"href":"https:\/\/blogs.ua.es\/smithriquezanaciones\/wp-json\/wp\/v2\/types\/page"}],"author":[{"embeddable":true,"href":"https:\/\/blogs.ua.es\/smithriquezanaciones\/wp-json\/wp\/v2\/users\/1671"}],"replies":[{"embeddable":true,"href":"https:\/\/blogs.ua.es\/smithriquezanaciones\/wp-json\/wp\/v2\/comments?post=120"}],"version-history":[{"count":4,"href":"https:\/\/blogs.ua.es\/smithriquezanaciones\/wp-json\/wp\/v2\/pages\/120\/revisions"}],"predecessor-version":[{"id":128,"href":"https:\/\/blogs.ua.es\/smithriquezanaciones\/wp-json\/wp\/v2\/pages\/120\/revisions\/128"}],"wp:attachment":[{"href":"https:\/\/blogs.ua.es\/smithriquezanaciones\/wp-json\/wp\/v2\/media?parent=120"}],"curies":[{"name":"wp","href":"https:\/\/api.w.org\/{rel}","templated":true}]}}