{"id":9,"date":"2010-03-04T14:35:51","date_gmt":"2010-03-04T14:35:51","guid":{"rendered":"https:\/\/blogs.ua.es\/smithriquezanaciones\/?page_id=9"},"modified":"2010-06-02T11:00:30","modified_gmt":"2010-06-02T11:00:30","slug":"bibliografia","status":"publish","type":"page","link":"https:\/\/blogs.ua.es\/smithriquezanaciones\/bibliografia\/","title":{"rendered":"Bibliograf\u00eda"},"content":{"rendered":"<p><span style=\"text-decoration: underline\">Libros:<\/span><\/p>\n<p>DOBB, Maurice. <em>Teor\u00edas del valor de la distribuci\u00f3n desde Adam Smith;  ideolog\u00eda y teor\u00eda econ\u00f3mica.<\/em><\/p>\n<p>MARX, Karl. <em>La crisis del capitalismo.<\/em><\/p>\n<p>SMITH, Adams. <em>La Riqueza de las Naciones.<\/em><\/p>\n<p><span style=\"text-decoration: underline\">Enlaces:<\/span><\/p>\n<p><a href=\"http:\/\/www.attac.es\/el-poder-de-las-ideas-por-que-tiene-tanta-fortaleza-la-economia-neoclasica\/\">http:\/\/www.attac.es\/el-poder-de-las-ideas-por-que-tiene-tanta-fortaleza-la-economia-neoclasica\/<\/a><\/p>\n<p>http:\/\/blasapisguncuevas.blogcindario.com\/2009\/03\/02502-critica-de-karl-marx-a-adam-smith-1.html<\/p>\n","protected":false},"excerpt":{"rendered":"<p>Libros: DOBB, Maurice. Teor\u00edas del valor de la distribuci\u00f3n desde Adam Smith; ideolog\u00eda y teor\u00eda econ\u00f3mica. MARX, Karl. La crisis del capitalismo. SMITH, Adams. La Riqueza de las Naciones. Enlaces: http:\/\/www.attac.es\/el-poder-de-las-ideas-por-que-tiene-tanta-fortaleza-la-economia-neoclasica\/ http:\/\/blasapisguncuevas.blogcindario.com\/2009\/03\/02502-critica-de-karl-marx-a-adam-smith-1.html<\/p>\n","protected":false},"author":1671,"featured_media":0,"parent":0,"menu_order":3,"comment_status":"open","ping_status":"open","template":"","meta":{"footnotes":""},"class_list":["post-9","page","type-page","status-publish","hentry"],"_links":{"self":[{"href":"https:\/\/blogs.ua.es\/smithriquezanaciones\/wp-json\/wp\/v2\/pages\/9","targetHints":{"allow":["GET"]}}],"collection":[{"href":"https:\/\/blogs.ua.es\/smithriquezanaciones\/wp-json\/wp\/v2\/pages"}],"about":[{"href":"https:\/\/blogs.ua.es\/smithriquezanaciones\/wp-json\/wp\/v2\/types\/page"}],"author":[{"embeddable":true,"href":"https:\/\/blogs.ua.es\/smithriquezanaciones\/wp-json\/wp\/v2\/users\/1671"}],"replies":[{"embeddable":true,"href":"https:\/\/blogs.ua.es\/smithriquezanaciones\/wp-json\/wp\/v2\/comments?post=9"}],"version-history":[{"count":9,"href":"https:\/\/blogs.ua.es\/smithriquezanaciones\/wp-json\/wp\/v2\/pages\/9\/revisions"}],"predecessor-version":[{"id":67,"href":"https:\/\/blogs.ua.es\/smithriquezanaciones\/wp-json\/wp\/v2\/pages\/9\/revisions\/67"}],"wp:attachment":[{"href":"https:\/\/blogs.ua.es\/smithriquezanaciones\/wp-json\/wp\/v2\/media?parent=9"}],"curies":[{"name":"wp","href":"https:\/\/api.w.org\/{rel}","templated":true}]}}