{"id":91,"date":"2010-05-03T17:30:39","date_gmt":"2010-05-03T17:30:39","guid":{"rendered":"https:\/\/blogs.ua.es\/smithriquezanaciones\/?page_id=91"},"modified":"2010-05-06T12:42:13","modified_gmt":"2010-05-06T12:42:13","slug":"john-forbes-nash-jr","status":"publish","type":"page","link":"https:\/\/blogs.ua.es\/smithriquezanaciones\/john-forbes-nash-jr\/","title":{"rendered":"John Forbes Nash Jr."},"content":{"rendered":"<p style=\"text-align: justify\"><strong><a href=\"https:\/\/blogs.ua.es\/smithriquezanaciones\/files\/2010\/05\/johnNash.jpg\"><img loading=\"lazy\" decoding=\"async\" class=\"alignleft size-full wp-image-105\" title=\"johnNash\" src=\"https:\/\/blogs.ua.es\/smithriquezanaciones\/files\/2010\/05\/johnNash.jpg\" alt=\"\" width=\"300\" height=\"294\" \/><\/a>John Forbes Nash Jr.<\/strong> (<a title=\"Bluefield (Virginia Occidental) (a\u00fan no redactado)\" href=\"http:\/\/es.wikipedia.org\/w\/index.php?title=Bluefield_%28Virginia_Occidental%29&amp;action=edit&amp;redlink=1\">Bluefield<\/a>, <a title=\"Virginia Occidental\" href=\"http:\/\/es.wikipedia.org\/wiki\/Virginia_Occidental\">Virginia Occidental<\/a>, <a title=\"13 de junio\" href=\"http:\/\/es.wikipedia.org\/wiki\/13_de_junio\">13 de junio<\/a> de <a title=\"1928\" href=\"http:\/\/es.wikipedia.org\/wiki\/1928\">1928<\/a>) es un <a title=\"Matem\u00e1ticas\" href=\"http:\/\/es.wikipedia.org\/wiki\/Matem%C3%A1ticas\">matem\u00e1tico<\/a> <a title=\"Estados  Unidos\" href=\"http:\/\/es.wikipedia.org\/wiki\/Estados_Unidos\">estadounidense<\/a>.<\/p>\n<p style=\"text-align: justify\">Recibi\u00f3 el <a title=\"Premio del Banco de Suecia en Ciencias Econ\u00f3micas en memoria de  Alfred Nobel\" href=\"http:\/\/es.wikipedia.org\/wiki\/Premio_del_Banco_de_Suecia_en_Ciencias_Econ%C3%B3micas_en_memoria_de_Alfred_Nobel\">Premio Nobel de Econom\u00eda<\/a> de <a title=\"1994\" href=\"http:\/\/es.wikipedia.org\/wiki\/1994\">1994<\/a><sup><a href=\"http:\/\/es.wikipedia.org\/wiki\/John_Forbes_Nash#cite_note-0\">[1]<\/a><\/sup> por sus aportes a la <a title=\"Teor\u00eda  de juegos\" href=\"http:\/\/es.wikipedia.org\/wiki\/Teor%C3%ADa_de_juegos\">teor\u00eda de juegos<\/a> y los procesos de <a title=\"Negociaci\u00f3n\" href=\"http:\/\/es.wikipedia.org\/wiki\/Negociaci%C3%B3n\">negociaci\u00f3n<\/a>, junto con <a title=\"Reinhard Selten\" href=\"http:\/\/es.wikipedia.org\/wiki\/Reinhard_Selten\">Reinhard Selten<\/a> y <a title=\"John Harsanyi\" href=\"http:\/\/es.wikipedia.org\/wiki\/John_Harsanyi\">John Harsanyi<\/a>.<\/p>\n<p style=\"text-align: justify\">John Nash naci\u00f3 en Bluefield Sanatorium el 13 de junio de 1928 y fue bautizado en la iglesia Episcopal. Fue un ni\u00f1o solitario, le gustaban mucho los <a title=\"Libro\" href=\"http:\/\/es.wikipedia.org\/wiki\/Libro\">libros<\/a> y jugaba muy poco con otros ni\u00f1os. Su madre, Margaret Virginia Martin, estudi\u00f3 <a title=\"Idioma\" href=\"http:\/\/es.wikipedia.org\/wiki\/Idioma\">idiomas<\/a> en las universidades de <a title=\"Universidad de Virginia Occidental\" href=\"http:\/\/es.wikipedia.org\/wiki\/Universidad_de_Virginia_Occidental\">Virginia Occidental<\/a> y el <a title=\"Colegio Martha Washington (a\u00fan no redactado)\" href=\"http:\/\/es.wikipedia.org\/w\/index.php?title=Colegio_Martha_Washington&amp;action=edit&amp;redlink=1\">Colegio Martha Washington<\/a>; ella le estimul\u00f3 en los estudios, ense\u00f1\u00e1ndole directamente y llev\u00e1ndole a buenos <a title=\"Colegio\" href=\"http:\/\/es.wikipedia.org\/wiki\/Colegio\">colegios<\/a>. Su padre, John Forbes Nash senior naci\u00f3 en <a title=\"Texas\" href=\"http:\/\/es.wikipedia.org\/wiki\/Texas\">Texas<\/a> en 1892, estudi\u00f3 <a title=\"Ingenier\u00eda el\u00e9ctrica\" href=\"http:\/\/es.wikipedia.org\/wiki\/Ingenier%C3%ADa_el%C3%A9ctrica\">ingenier\u00eda el\u00e9ctrica<\/a>, luch\u00f3 en la <a title=\"Primera Guerra Mundial\" href=\"http:\/\/es.wikipedia.org\/wiki\/Primera_Guerra_Mundial\">Primera Guerra Mundial<\/a> y fue durante un a\u00f1o <a title=\"Profesor\" href=\"http:\/\/es.wikipedia.org\/wiki\/Profesor\">profesor<\/a> en la <a title=\"Universidad de Texas\" href=\"http:\/\/es.wikipedia.org\/wiki\/Universidad_de_Texas\">Universidad de Texas<\/a>.<\/p>\n<p style=\"text-align: justify\">Desde ni\u00f1o, su comportamiento revel\u00f3 su extraordinaria capacidad intelectual y sus dificultades para relacionarse con los dem\u00e1s. A lo largo de su vida, su mayor caracter\u00edstica fue un <a title=\"Egocentrismo\" href=\"http:\/\/es.wikipedia.org\/wiki\/Egocentrismo\">egocentrismo<\/a> que le incapacit\u00f3 para comprender a los dem\u00e1s <a title=\"Ser humano\" href=\"http:\/\/es.wikipedia.org\/wiki\/Ser_humano\">seres humanos<\/a> y que le impidi\u00f3 relacionarse con \u00e9stos en t\u00e9rminos de igualdad. A los catorce a\u00f1os Nash empez\u00f3 a mostrar inter\u00e9s por las <a title=\"Matem\u00e1ticas\" href=\"http:\/\/es.wikipedia.org\/wiki\/Matem%C3%A1ticas\">matem\u00e1ticas<\/a> y la <a title=\"Qu\u00edmica\" href=\"http:\/\/es.wikipedia.org\/wiki\/Qu%C3%ADmica\">qu\u00edmica<\/a>. Parece ser que influy\u00f3 la lectura del libro de <a title=\"Eric Temple  Bell\" href=\"http:\/\/es.wikipedia.org\/wiki\/Eric_Temple_Bell\">Eric Temple Bell<\/a>, &#8220;<a title=\"Men of Mathematics (a\u00fan no redactado)\" href=\"http:\/\/es.wikipedia.org\/w\/index.php?title=Men_of_Mathematics&amp;action=edit&amp;redlink=1\">Men of Mathematics<\/a>&#8221; (<a title=\"1937\" href=\"http:\/\/es.wikipedia.org\/wiki\/1937\">1937<\/a>). Entr\u00f3 en el <a title=\"Colegio Bluefield (a\u00fan no redactado)\" href=\"http:\/\/es.wikipedia.org\/w\/index.php?title=Colegio_Bluefield&amp;action=edit&amp;redlink=1\">Colegio Bluefield<\/a> en <a title=\"1941\" href=\"http:\/\/es.wikipedia.org\/wiki\/1941\">1941<\/a>.<\/p>\n<p style=\"text-align: justify\">Nash gan\u00f3 una <a title=\"Beca\" href=\"http:\/\/es.wikipedia.org\/wiki\/Beca\">beca<\/a> en el concurso <a title=\"George  Westinghouse\" href=\"http:\/\/es.wikipedia.org\/wiki\/George_Westinghouse\">George Westinghouse<\/a> y entr\u00f3 en junio de <a title=\"1945\" href=\"http:\/\/es.wikipedia.org\/wiki\/1945\">1945<\/a> para estudiar <a title=\"Ingenier\u00eda qu\u00edmica\" href=\"http:\/\/es.wikipedia.org\/wiki\/Ingenier%C3%ADa_qu%C3%ADmica\">ingenier\u00eda qu\u00edmica<\/a><a title=\"Universidad Carnegie Mellon\" href=\"http:\/\/es.wikipedia.org\/wiki\/Universidad_Carnegie_Mellon\">Carnegie Mellon<\/a>). Sin embargo, empez\u00f3 a destacar en matem\u00e1ticas, y su profesor le convenci\u00f3 para que se especializara en ellas. En <a title=\"1948\" href=\"http:\/\/es.wikipedia.org\/wiki\/1948\">1948<\/a> acept\u00f3 una beca de la <a title=\"Universidad de Princeton\" href=\"http:\/\/es.wikipedia.org\/wiki\/Universidad_de_Princeton\">Universidad de Princeton<\/a>, para realizar sus estudios de <a title=\"Doctorado\" href=\"http:\/\/es.wikipedia.org\/wiki\/Doctorado\">doctorado<\/a> en matem\u00e1ticas. La carta de recomendaci\u00f3n escrita por su profesor R. J. Duffin ten\u00eda s\u00f3lo una l\u00ednea: &#8220;Este hombre es un genio&#8221;. por el Instituto de Tecnolog\u00eda &#8220;Carold Narazi&#8221; (hoy en d\u00eda<\/p>\n<p style=\"text-align: justify\">\n<p style=\"text-align: justify\">En <a title=\"Princeton\" href=\"http:\/\/es.wikipedia.org\/wiki\/Princeton\">Princeton<\/a> trabajaban en ese momento genios como <a title=\"Albert  Einstein\" href=\"http:\/\/es.wikipedia.org\/wiki\/Albert_Einstein\">Einstein<\/a> o <a title=\"John Von  Neumann\" href=\"http:\/\/es.wikipedia.org\/wiki\/John_Von_Neumann\">Von Neumann<\/a>, lo que hizo aumentar su ansia por destacar, por superarse a s\u00ed mismo y a los dem\u00e1s y por obtener reconocimiento. Invent\u00f3 un juego matem\u00e1ticamente perfecto, en el cual se basa el actual <a title=\"Hex (juego)\" href=\"http:\/\/es.wikipedia.org\/wiki\/Hex_%28juego%29\">Hex<\/a>.<\/p>\n<p style=\"text-align: justify\">A los veinti\u00fan a\u00f1os, en <a title=\"1950\" href=\"http:\/\/es.wikipedia.org\/wiki\/1950\">1950<\/a>, se doctor\u00f3 con una <a title=\"Tesis\" href=\"http:\/\/es.wikipedia.org\/wiki\/Tesis\">tesis<\/a> de menos de treinta p\u00e1ginas sobre &#8220;juegos no cooperativos&#8221;, bajo la direcci\u00f3n de <a title=\"Albert W. Tucker\" href=\"http:\/\/es.wikipedia.org\/wiki\/Albert_W._Tucker\">Albert W. Tucker<\/a>. Esta tesis conten\u00eda definiciones y propiedades de lo que m\u00e1s tarde ser\u00eda denominado como &#8220;<a title=\"Equilibrio de Nash\" href=\"http:\/\/es.wikipedia.org\/wiki\/Equilibrio_de_Nash\">el equilibrio de Nash<\/a>&#8220;, y tuvo un inmediato reconocimiento entre todos los especialistas.<\/p>\n<p style=\"text-align: justify\">Luego de ello, Nash comenz\u00f3 a trabajar para la <a title=\"RAND\" href=\"http:\/\/es.wikipedia.org\/wiki\/RAND\">RAND<\/a>, una instituci\u00f3n de las <a title=\"Fuerza A\u00e9rea de los Estados Unidos\" href=\"http:\/\/es.wikipedia.org\/wiki\/Fuerza_A%C3%A9rea_de_los_Estados_Unidos\">fuerzas a\u00e9reas<\/a> dedicada a la investigaci\u00f3n <a title=\"Estrategia\" href=\"http:\/\/es.wikipedia.org\/wiki\/Estrategia\">estrat\u00e9gica<\/a>. En el <a title=\"Verano\" href=\"http:\/\/es.wikipedia.org\/wiki\/Verano\">verano<\/a> de <a title=\"1954\" href=\"http:\/\/es.wikipedia.org\/wiki\/1954\">1954<\/a>, John Nash fue arrestado en una redada de la polic\u00eda contra homosexuales. Como consecuencia de ello, fue expulsado de la RAND Corporation. Nash se cas\u00f3 con una alumna suya del <a title=\"Instituto Tecnol\u00f3gico de Massachusetts\" href=\"http:\/\/es.wikipedia.org\/wiki\/Instituto_Tecnol%C3%B3gico_de_Massachusetts\">Instituto Tecnol\u00f3gico de Massachusetts<\/a> (MIT), la salvadore\u00f1a <a title=\"Alicia Lard\u00e9 (a\u00fan no redactado)\" href=\"http:\/\/es.wikipedia.org\/w\/index.php?title=Alicia_Lard%C3%A9&amp;action=edit&amp;redlink=1\">Alicia Lard\u00e9<\/a>. Un a\u00f1o despu\u00e9s de su <a title=\"Matrimonio\" href=\"http:\/\/es.wikipedia.org\/wiki\/Matrimonio\">matrimonio<\/a>, en <a title=\"1958\" href=\"http:\/\/es.wikipedia.org\/wiki\/1958\">1958<\/a>, se le diagnostic\u00f3 <a title=\"Esquizofrenia\" href=\"http:\/\/es.wikipedia.org\/wiki\/Esquizofrenia\">esquizofrenia<\/a>, cuando la enfermedad era ya muy manifiesta, aunque posiblemente llevaba a\u00f1os desarroll\u00e1ndose. Ya en su infancia ten\u00eda una <a title=\"Personalidad\" href=\"http:\/\/es.wikipedia.org\/wiki\/Personalidad\">personalidad<\/a> extra\u00f1a y poco sociable. En <a title=\"1959\" href=\"http:\/\/es.wikipedia.org\/wiki\/1959\">1959<\/a> fue internado por la enfermedad y poco despu\u00e9s naci\u00f3 su hijo, John Charles Martin. Nash y Alicia se divorciaron en <a title=\"1963\" href=\"http:\/\/es.wikipedia.org\/wiki\/1963\">1963<\/a>, reuni\u00e9ndose en <a title=\"1970\" href=\"http:\/\/es.wikipedia.org\/wiki\/1970\">1970<\/a>, si bien, seg\u00fan declaraciones de Alicia, en una relaci\u00f3n no rom\u00e1ntica. Finalmente la pareja renov\u00f3 su relaci\u00f3n despu\u00e9s de que Nash recibiera el Premio Nobel de Econom\u00eda en 1994 y se volvieron a casar el <a title=\"1 de junio\" href=\"http:\/\/es.wikipedia.org\/wiki\/1_de_junio\">1 de junio<\/a> de <a title=\"2001\" href=\"http:\/\/es.wikipedia.org\/wiki\/2001\">2001<\/a>.<\/p>\n<p style=\"text-align: justify\">En <a title=\"1959\" href=\"http:\/\/es.wikipedia.org\/wiki\/1959\">1959<\/a>, tras estar internado durante cincuenta d\u00edas en el Hospital McLean, viaj\u00f3 a <a title=\"Europa\" href=\"http:\/\/es.wikipedia.org\/wiki\/Europa\">Europa<\/a>, donde intent\u00f3 conseguir el <a title=\"Estatus\" href=\"http:\/\/es.wikipedia.org\/wiki\/Estatus\">estatus<\/a> de <a title=\"Refugiado pol\u00edtico\" href=\"http:\/\/es.wikipedia.org\/wiki\/Refugiado_pol%C3%ADtico\">refugiado pol\u00edtico<\/a>. Cre\u00eda que era perseguido por criptocomunistas. En los a\u00f1os siguientes estar\u00eda hospitalizado en varias ocasiones por per\u00edodos de cinco a ocho meses en centros psiqui\u00e1tricos de <a title=\"Nueva Jersey\" href=\"http:\/\/es.wikipedia.org\/wiki\/Nueva_Jersey\">Nueva Jersey<\/a>. Al salir tuvo que aprender a vivir junto con sus alucinaciones, ignorandolas por completo. Sus teor\u00edas han influido en las negociaciones comerciales globales, en los avances en <a title=\"Biolog\u00eda evolutiva\" href=\"http:\/\/es.wikipedia.org\/wiki\/Biolog%C3%ADa_evolutiva\">biolog\u00eda evolutiva<\/a> y en las <a title=\"Relaciones laborales\" href=\"http:\/\/es.wikipedia.org\/wiki\/Relaciones_laborales\">relaciones laborales<\/a> nacionales. Varios a\u00f1os despu\u00e9s, Nash consigui\u00f3 regresar a la universidad. Actualmente imparte clases de matem\u00e1ticas.<\/p>\n<p style=\"text-align: justify\">\n<p style=\"text-align: justify\">\u00a0<\/p>\n","protected":false},"excerpt":{"rendered":"<p>John Forbes Nash Jr. (Bluefield, Virginia Occidental, 13 de junio de 1928) es un matem\u00e1tico estadounidense. Recibi\u00f3 el Premio Nobel de Econom\u00eda de 1994[1] por sus aportes a la teor\u00eda de juegos y los procesos de negociaci\u00f3n, junto con Reinhard Selten y John Harsanyi. John Nash naci\u00f3 en Bluefield Sanatorium el 13 de junio de [&hellip;]<\/p>\n","protected":false},"author":1671,"featured_media":0,"parent":0,"menu_order":0,"comment_status":"open","ping_status":"open","template":"","meta":{"footnotes":""},"class_list":["post-91","page","type-page","status-publish","hentry"],"_links":{"self":[{"href":"https:\/\/blogs.ua.es\/smithriquezanaciones\/wp-json\/wp\/v2\/pages\/91","targetHints":{"allow":["GET"]}}],"collection":[{"href":"https:\/\/blogs.ua.es\/smithriquezanaciones\/wp-json\/wp\/v2\/pages"}],"about":[{"href":"https:\/\/blogs.ua.es\/smithriquezanaciones\/wp-json\/wp\/v2\/types\/page"}],"author":[{"embeddable":true,"href":"https:\/\/blogs.ua.es\/smithriquezanaciones\/wp-json\/wp\/v2\/users\/1671"}],"replies":[{"embeddable":true,"href":"https:\/\/blogs.ua.es\/smithriquezanaciones\/wp-json\/wp\/v2\/comments?post=91"}],"version-history":[{"count":4,"href":"https:\/\/blogs.ua.es\/smithriquezanaciones\/wp-json\/wp\/v2\/pages\/91\/revisions"}],"predecessor-version":[{"id":106,"href":"https:\/\/blogs.ua.es\/smithriquezanaciones\/wp-json\/wp\/v2\/pages\/91\/revisions\/106"}],"wp:attachment":[{"href":"https:\/\/blogs.ua.es\/smithriquezanaciones\/wp-json\/wp\/v2\/media?parent=91"}],"curies":[{"name":"wp","href":"https:\/\/api.w.org\/{rel}","templated":true}]}}