{"id":38,"date":"2023-03-10T16:00:19","date_gmt":"2023-03-10T16:00:19","guid":{"rendered":"https:\/\/blogs.ua.es\/sociologia\/?page_id=38"},"modified":"2023-03-10T16:19:23","modified_gmt":"2023-03-10T16:19:23","slug":"profesorado","status":"publish","type":"page","link":"https:\/\/blogs.ua.es\/sociologia\/profesorado\/","title":{"rendered":"Profesorado"},"content":{"rendered":"<p>En la primera sesi\u00f3n participativa de autodiagn\u00f3stico realizada con el profesorado se van a llevar a cabo 2 t\u00e9cnicas:<\/p>\n<ul>\n<li><strong>L\u00ednea del tiempo<\/strong>: El objetivo de ello es que el profesorado, contextualizando la tem\u00e1tica (el grado de Sociolog\u00eda) a trav\u00e9s de la evoluci\u00f3n y cambios que ha experimentado en el tiempo, d\u00e9 cuenta de qu\u00e9 aspectos del pasado influyen o determinan el presente de dicha tem\u00e1tica. As\u00ed pues, en una l\u00ednea del tiempo dibujada sobre un soporte gr\u00e1fico, los y las participantes ir\u00e1n colocando diferentes hitos del pasado, experiencias, puntos de inflexi\u00f3n, etc. relacionados con el grado.<\/li>\n<li><strong>DAFO<\/strong>: Con la informaci\u00f3n construida en la primera t\u00e9cnica, los y las participantes proceder\u00e1n a realizar un DAFO. Los \u00edtems anal\u00edticos, que se separar\u00e1n siguiendo la misma l\u00f3gica de las mesas de la t\u00e9cnica anterior, deber\u00e1n ser organizados en cuatro cuadrantes \u2192 debilidades (necesidades a cubrir), amenazas (posibles riesgos que est\u00e1n fuera de su acci\u00f3n), fortalezas (aspectos positivos que hay que mantener) y oportunidades (recursos potenciales que hay que hacer valer).<\/li>\n<\/ul>\n<p>Mientras que en la segunda sesi\u00f3n se realizaran otras 2 t\u00e9cnicas:<\/p>\n<ul>\n<li><strong>Flujograma<\/strong>: Se recuperar\u00e1 la informaci\u00f3n construida en la sesi\u00f3n previa, de modo que los y las participantes deber\u00e1n colocar cada uno de los problemas en la matriz seg\u00fan su capacidad de influencia en ellos y el \u00e1mbito de actuaci\u00f3n.<\/li>\n<li><strong>Propuestas<\/strong>: Una vez los problemas hayan sido ubicados, deber\u00e1n tratar de plantear posibles l\u00edneas de actuaci\u00f3n y soluciones, centr\u00e1ndose especialmente en aquellos problemas donde tengan mayor influencia.<\/li>\n<\/ul>\n","protected":false},"excerpt":{"rendered":"<p>En la primera sesi\u00f3n participativa de autodiagn\u00f3stico realizada con el profesorado se van a llevar a cabo 2 t\u00e9cnicas: L\u00ednea del tiempo: El objetivo de ello es que el profesorado, contextualizando la tem\u00e1tica (el grado de Sociolog\u00eda) a trav\u00e9s de la evoluci\u00f3n y cambios que ha experimentado en el tiempo, d\u00e9 cuenta de qu\u00e9 aspectos &hellip; <\/p>\n<p class=\"link-more\"><a href=\"https:\/\/blogs.ua.es\/sociologia\/profesorado\/\" class=\"more-link\">Continue reading<span class=\"screen-reader-text\"> &#8220;Profesorado&#8221;<\/span><\/a><\/p>\n","protected":false},"author":4419,"featured_media":0,"parent":0,"menu_order":0,"comment_status":"closed","ping_status":"closed","template":"","meta":{"footnotes":""},"class_list":["post-38","page","type-page","status-publish","hentry"],"_links":{"self":[{"href":"https:\/\/blogs.ua.es\/sociologia\/wp-json\/wp\/v2\/pages\/38","targetHints":{"allow":["GET"]}}],"collection":[{"href":"https:\/\/blogs.ua.es\/sociologia\/wp-json\/wp\/v2\/pages"}],"about":[{"href":"https:\/\/blogs.ua.es\/sociologia\/wp-json\/wp\/v2\/types\/page"}],"author":[{"embeddable":true,"href":"https:\/\/blogs.ua.es\/sociologia\/wp-json\/wp\/v2\/users\/4419"}],"replies":[{"embeddable":true,"href":"https:\/\/blogs.ua.es\/sociologia\/wp-json\/wp\/v2\/comments?post=38"}],"version-history":[{"count":3,"href":"https:\/\/blogs.ua.es\/sociologia\/wp-json\/wp\/v2\/pages\/38\/revisions"}],"predecessor-version":[{"id":86,"href":"https:\/\/blogs.ua.es\/sociologia\/wp-json\/wp\/v2\/pages\/38\/revisions\/86"}],"wp:attachment":[{"href":"https:\/\/blogs.ua.es\/sociologia\/wp-json\/wp\/v2\/media?parent=38"}],"curies":[{"name":"wp","href":"https:\/\/api.w.org\/{rel}","templated":true}]}}