{"id":7,"date":"2023-03-10T16:00:19","date_gmt":"2023-03-10T16:00:19","guid":{"rendered":"https:\/\/blogs.ua.es\/sociologia\/?page_id=7"},"modified":"2023-03-20T11:04:25","modified_gmt":"2023-03-20T11:04:25","slug":"grupo-motor","status":"publish","type":"page","link":"https:\/\/blogs.ua.es\/sociologia\/grupo-motor\/","title":{"rendered":"Grupo Motor"},"content":{"rendered":"<p>El Grupo Motor de este proyecto est\u00e1 compuesto por 13 personas, 6 correspondientes al profesorado, 5 al alumnado y las 2 que lo coordinan.<\/p>\n<p>Dentro del profesorado contamos con:<\/p>\n<ul>\n<li>Diana Jare\u00f1o Ruiz<\/li>\n<li>Esther Mar\u00edn Ramos<\/li>\n<li>Javier Ortega Fern\u00e1ndez<\/li>\n<li>Liberto Carratal\u00e1 Puertas<\/li>\n<li>Llu\u00eds Catal\u00e1 Oltra<\/li>\n<li>Pablo de Gracia Soriano<\/li>\n<\/ul>\n<p>Los y las alumnas son:<\/p>\n<ul>\n<li>Aina Garc\u00eda Puche<\/li>\n<li>Ang\u00e9lica Rodr\u00edguez Ruiz<\/li>\n<li>Daniel Merlos Ais<\/li>\n<li>David Ant\u00f3n Torres<\/li>\n<li>Ruth \u00c1lvarez Terol<\/li>\n<\/ul>\n<p>En coordinaci\u00f3n:<\/p>\n<ul>\n<li>Patricia Aranda Arenas<\/li>\n<li>Francisco Javier Franc\u00e9s Garc\u00eda<\/li>\n<\/ul>\n<p>Entre otras funciones, se han encargado de validar los objetivos, metodolog\u00eda y calendarizaci\u00f3n del proyecto. As\u00ed como est\u00e1n en contin\u00fao contacto gestionando las diferentes actividades que van llev\u00e1ndose a cabo, asegurando un canal de comunicaci\u00f3n directo que haga llegar toda la informaci\u00f3n al alumnado.<\/p>\n","protected":false},"excerpt":{"rendered":"<p>El Grupo Motor de este proyecto est\u00e1 compuesto por 13 personas, 6 correspondientes al profesorado, 5 al alumnado y las 2 que lo coordinan. Dentro del profesorado contamos con: Diana Jare\u00f1o Ruiz Esther Mar\u00edn Ramos Javier Ortega Fern\u00e1ndez Liberto Carratal\u00e1 Puertas Llu\u00eds Catal\u00e1 Oltra Pablo de Gracia Soriano Los y las alumnas son: Aina Garc\u00eda &hellip; <\/p>\n<p class=\"link-more\"><a href=\"https:\/\/blogs.ua.es\/sociologia\/grupo-motor\/\" class=\"more-link\">Continue reading<span class=\"screen-reader-text\"> &#8220;Grupo Motor&#8221;<\/span><\/a><\/p>\n","protected":false},"author":4419,"featured_media":0,"parent":0,"menu_order":0,"comment_status":"closed","ping_status":"closed","template":"","meta":{"footnotes":""},"class_list":["post-7","page","type-page","status-publish","hentry"],"_links":{"self":[{"href":"https:\/\/blogs.ua.es\/sociologia\/wp-json\/wp\/v2\/pages\/7","targetHints":{"allow":["GET"]}}],"collection":[{"href":"https:\/\/blogs.ua.es\/sociologia\/wp-json\/wp\/v2\/pages"}],"about":[{"href":"https:\/\/blogs.ua.es\/sociologia\/wp-json\/wp\/v2\/types\/page"}],"author":[{"embeddable":true,"href":"https:\/\/blogs.ua.es\/sociologia\/wp-json\/wp\/v2\/users\/4419"}],"replies":[{"embeddable":true,"href":"https:\/\/blogs.ua.es\/sociologia\/wp-json\/wp\/v2\/comments?post=7"}],"version-history":[{"count":5,"href":"https:\/\/blogs.ua.es\/sociologia\/wp-json\/wp\/v2\/pages\/7\/revisions"}],"predecessor-version":[{"id":117,"href":"https:\/\/blogs.ua.es\/sociologia\/wp-json\/wp\/v2\/pages\/7\/revisions\/117"}],"wp:attachment":[{"href":"https:\/\/blogs.ua.es\/sociologia\/wp-json\/wp\/v2\/media?parent=7"}],"curies":[{"name":"wp","href":"https:\/\/api.w.org\/{rel}","templated":true}]}}