{"id":11,"date":"2009-10-13T15:49:06","date_gmt":"2009-10-13T13:49:06","guid":{"rendered":"https:\/\/blogs.ua.es\/solimanelmagnifico\/?page_id=11"},"modified":"2010-01-14T12:50:18","modified_gmt":"2010-01-14T10:50:18","slug":"el-comienzo-de-soliman-el-magnifico","status":"publish","type":"page","link":"https:\/\/blogs.ua.es\/solimanelmagnifico\/el-comienzo-de-soliman-el-magnifico\/","title":{"rendered":"El comienzo de Solim\u00e1n el Magn\u00edfico"},"content":{"rendered":"<p style=\"text-align: justify\"><span style=\"color: #000000\">S\u00fcleyman I fue un sult\u00e1n otomano nacido en\u00a01494 en Trabzon, Turqu\u00eda. Hijo de Selim I Yavuz, lleg\u00f3 al trono tras la muerte de su padre, en 1520, y dej\u00f3 su puesto de gobernador de Manisa, que hasta ese momento llevaba a cargo, y con veinticinco a\u00f1os pas\u00f3 a cubrir el puesto como gobernador. Solim\u00e1n sigui\u00f3 los pasos de Selim, e incluso lleg\u00f3 a consolidar m\u00e1s la paz y la estabilidad interior, aument\u00f3 las fronteras , tras varias victorias, o incluso volvi\u00f3 a darles autoridad a los visires para maniobrar. En el puesto de visir, dej\u00f3 que siguiera en el cargo Piri Mehmed Pasa, el Gran Visir de su padre, el cual convenci\u00f3 a Solim\u00e1n para que suavizase algunas medidas dr\u00e1sticas tomadas por su padre.<\/span><\/p>\n<p style=\"text-align: justify\"><span style=\"color: #000000\"><img loading=\"lazy\" decoding=\"async\" class=\"aligncenter size-full wp-image-79\" src=\"https:\/\/blogs.ua.es\/solimanelmagnifico\/files\/2009\/11\/111005.jpg\" alt=\"111005\" width=\"448\" height=\"457\" srcset=\"https:\/\/blogs.ua.es\/solimanelmagnifico\/files\/2009\/11\/111005.jpg 448w, https:\/\/blogs.ua.es\/solimanelmagnifico\/files\/2009\/11\/111005-294x300.jpg 294w\" sizes=\"auto, (max-width: 448px) 100vw, 448px\" \/><\/span><\/p>\n<p style=\"text-align: justify\"><span style=\"color: #000000\">Solim\u00e1n estaba encaprichado de Aleksandra Lisowska ,o\u00a0Roxelana para los europeos, \u00a0una chica del har\u00e9n de origen ruteno,\u00a0 hija de un sacerdote ucraniano ortodoxo, fue capturada y criada dentro del har\u00e9n para convertirse en la favorita de Solim\u00e1n. Rompiendo con dos siglos de tradici\u00f3n otomana<sup> <\/sup>una antigua concubina se hab\u00eda convertido as\u00ed en la esposa legal del sult\u00e1n.\u00a0<\/span><\/p>\n<p style=\"text-align: center\"><span style=\"color: #000000\"><img loading=\"lazy\" decoding=\"async\" class=\"aligncenter\" src=\"https:\/\/blogs.ua.es\/solimanelmagnifico\/files\/2009\/10\/Roxelana.jpg\" alt=\"Roxelana\" width=\"200\" height=\"240\" \/><\/span><\/p>\n<p style=\"text-align: justify\"><span style=\"color: #000000\">Solim\u00e1n tuvo\u00a0ocho hijos, Selim \u00a0de su matrimonio con Roxelana, y Bayezid, Abdullah, Murad, Mehmed, Mahmud, Cihangir y Mustafa, y por otra parte \u00a0dos hijas, Mihriman Sultan y Raziye Sultan. Durante su reinado, el Imperio Otomano se convirti\u00f3 en una de las m\u00e1s grandes potencias y alcanz\u00f3 la c\u00faspide de su poder, y adem\u00e1s consigui\u00f3 que \u00a0el Imperio fuese liberal con las ciencias y las artes, acogiendo a fil\u00f3sofos, \u00a0incluso el propio Solim\u00e1n fue mencionado como uno de los m\u00e1s notables poetas musulmanes.<\/span><\/p>\n<p style=\"text-align: justify\"><span style=\"color: #000000\">S\u00fcleyman se gan\u00f3 varios sobrenombres gracias a los buenos resultados en su mandato, llam\u00e1ndole en ocasiones \u201cEl Magn\u00edfico\u201d, por su gran labor consiguiendo la estabilidad, y las continuas expediciones triunfantes, y tambi\u00e9n se gan\u00f3 el seud\u00f3nimo de Kanuni \u201cEl legislador\u201d, por su talento organizador.<br \/>\nNada m\u00e1s subir al trono fue generoso con los jen\u00edzaros, y los facult\u00f3 para poder casarse, un privilegio prohibido desde la creaci\u00f3n del cuerpo. Por otro lado reform\u00f3 los abusos que hab\u00edan en el r\u00e9gimen de la caballer\u00eda feudal, y estableci\u00f3 el decreto de amnist\u00eda, con la creaci\u00f3n de reglas para el ascenso en el cuerpo jer\u00e1rquico del <\/span><a href=\"http:\/\/es.wikipedia.org\/wiki\/Ulema\" target=\"_blank\"><span style=\"color: #000000\">Ulem\u00e0<\/span><\/a><span style=\"color: #000000\">, se gan\u00f3 la fama de generoso, y justo.<\/span><\/p>\n<p style=\"text-align: justify\"><span style=\"color: #000000\">La pol\u00edtica exterior que llev\u00f3 a cabo Solim\u00e1n, fue distinta a la de su padre, acordando que los objetivos militares no deb\u00edan de ser dirigirse al este como su predecesor. Por otra parte, Solim\u00e1n, desarroll\u00f3 una considerable actividad legisladora centr\u00e1ndose principalmente en asuntos como la organizaci\u00f3n del Ej\u00e9rcito, el feudalismo militar, la prosperidad territorial y el sistema tributario. Adem\u00e1s, bajo su mandato, <\/span><a href=\"http:\/\/es.wikipedia.org\/wiki\/Sublime_Puerta\" target=\"_blank\"><span style=\"color: #000000\">la Sublime Puerta,<\/span><\/a><span style=\"color: #000000\"> que es como se llamaba al gobierno del Imperio Otomano, alcanz\u00f3 el m\u00e1ximo grado de poder y de esplendor.<\/span><\/p>\n<p style=\"text-align: justify\"><span style=\"color: #000000\"><img loading=\"lazy\" decoding=\"async\" class=\"aligncenter size-full wp-image-93\" src=\"https:\/\/blogs.ua.es\/solimanelmagnifico\/files\/2009\/10\/Bab-i_Ali.jpg\" alt=\"Bab-i_Ali\" width=\"489\" height=\"238\" srcset=\"https:\/\/blogs.ua.es\/solimanelmagnifico\/files\/2009\/10\/Bab-i_Ali.jpg 489w, https:\/\/blogs.ua.es\/solimanelmagnifico\/files\/2009\/10\/Bab-i_Ali-300x146.jpg 300w\" sizes=\"auto, (max-width: 489px) 100vw, 489px\" \/><\/span><\/p>\n<p style=\"text-align: center\"><span style=\"color: #000000\"><span style=\"text-decoration: underline\">La sublime puerta en tiempos del imperio<\/span><\/span><\/p>\n<p style=\"text-align: center\"><span style=\"color: #000000\">\u00a0<\/span><\/p>\n<p style=\"text-align: justify\"><span style=\"color: #000000\">Solim\u00e1n, en los primeros treinta y cuatro a\u00f1os de sultanato, particip\u00f3 en doce batallas con su ej\u00e9rcito, y durante la expedici\u00f3n n\u00famero trece falleci\u00f3, el seis de septiembre de 1566 en Szeged. No hay que olvidar que durante su reinado, el imperio otomano foment\u00f3 una considerable actividad legisladora decretando ordenanzas y clasificando definitivamente las diversas clases de propiedad territorial. Durante su reinado se centr\u00f3 en temas como la organizaci\u00f3n del ej\u00e9rcito, el feudalismo militar, la prosperidad territorial, y el sistema tributario, pero sin embargo una de las decisiones que llev\u00f3 a cabo, la llamada \u201c<strong><em>Capitulaciones<\/em><\/strong>\u201d tuvo consecuencias negativas en el futuro del imperio, ya que en ella reconoc\u00eda a todas las potencias europeas derechos indefinidos en el plano comercial y pol\u00edtico, Facilit\u00e1ndoles la destrucci\u00f3n del mercado interior otomano.<\/span><\/p>\n<p style=\"text-align: justify\"><span style=\"color: #000000\">Como muchos grandes personajes hist\u00f3ricos, Solim\u00e1n el Magn\u00edfico tuvo una muerte natural. Muri\u00f3 de peste, como muchos de sus soldados, y fue enterrado en la mezquita de Estambul que lleva su nombre.<\/span><\/p>\n<p style=\"text-align: justify\"><span style=\"color: #000000\">\u00a0<img loading=\"lazy\" decoding=\"async\" class=\"aligncenter size-full wp-image-280\" title=\"mezzz\" src=\"https:\/\/blogs.ua.es\/solimanelmagnifico\/files\/2009\/10\/mezzz.jpg\" alt=\"mezzz\" width=\"508\" height=\"336\" srcset=\"https:\/\/blogs.ua.es\/solimanelmagnifico\/files\/2009\/10\/mezzz.jpg 508w, https:\/\/blogs.ua.es\/solimanelmagnifico\/files\/2009\/10\/mezzz-300x198.jpg 300w\" sizes=\"auto, (max-width: 508px) 100vw, 508px\" \/><\/span><\/p>\n<p><a href=\"http:\/\/www.google.es\/imgres?imgurl=http:\/\/2.bp.blogspot.com\/_C-mr5FlJwS8\/SE2JcybDbhI\/AAAAAAAAA-c\/lSwV4g4bRw4\/s1600\/Mezquita%252Bde%252BSolim%C3%A1n%252Bel%252BMagn%C3%ADfico%252Ben%252BEstambul.jpg&amp;imgrefurl=http:\/\/sacha25.blogspot.com\/2009_01_01_archive.html&amp;h=336&amp;w=508&amp;sz=24&amp;tbnid=x7zozbzQqrA4EM:&amp;tbnh=87&amp;tbnw=131&amp;prev=\/images%3Fq%3Dmezquita%2Bde%2Bsolim%25C3%25A1n&amp;hl=es&amp;usg=__c4uc7zKhY-Vt5rpkO64xLezZx5A=&amp;ei=ZPZOS6urOJKK_AaQptmjCg&amp;sa=X&amp;oi=image_result&amp;resnum=1&amp;ct=image&amp;ved=0CAkQ9QEwAA\">http:\/\/www.google.es\/imgres?imgurl=http:\/\/2.bp.blogspot.com\/_C-<\/a><\/p>\n","protected":false},"excerpt":{"rendered":"<p>S\u00fcleyman I fue un sult\u00e1n otomano nacido en\u00a01494 en Trabzon, Turqu\u00eda. Hijo de Selim I Yavuz, lleg\u00f3 al trono tras la muerte de su padre, en 1520, y dej\u00f3 su puesto de gobernador de Manisa, que hasta ese momento llevaba a cargo, y con veinticinco a\u00f1os pas\u00f3 a cubrir el puesto como gobernador. Solim\u00e1n sigui\u00f3 [&hellip;]<\/p>\n","protected":false},"author":1352,"featured_media":0,"parent":0,"menu_order":0,"comment_status":"open","ping_status":"open","template":"","meta":{"footnotes":""},"class_list":["post-11","page","type-page","status-publish","hentry"],"_links":{"self":[{"href":"https:\/\/blogs.ua.es\/solimanelmagnifico\/wp-json\/wp\/v2\/pages\/11","targetHints":{"allow":["GET"]}}],"collection":[{"href":"https:\/\/blogs.ua.es\/solimanelmagnifico\/wp-json\/wp\/v2\/pages"}],"about":[{"href":"https:\/\/blogs.ua.es\/solimanelmagnifico\/wp-json\/wp\/v2\/types\/page"}],"author":[{"embeddable":true,"href":"https:\/\/blogs.ua.es\/solimanelmagnifico\/wp-json\/wp\/v2\/users\/1352"}],"replies":[{"embeddable":true,"href":"https:\/\/blogs.ua.es\/solimanelmagnifico\/wp-json\/wp\/v2\/comments?post=11"}],"version-history":[{"count":19,"href":"https:\/\/blogs.ua.es\/solimanelmagnifico\/wp-json\/wp\/v2\/pages\/11\/revisions"}],"predecessor-version":[{"id":15,"href":"https:\/\/blogs.ua.es\/solimanelmagnifico\/wp-json\/wp\/v2\/pages\/11\/revisions\/15"}],"wp:attachment":[{"href":"https:\/\/blogs.ua.es\/solimanelmagnifico\/wp-json\/wp\/v2\/media?parent=11"}],"curies":[{"name":"wp","href":"https:\/\/api.w.org\/{rel}","templated":true}]}}