{"id":47,"date":"2012-12-24T15:46:55","date_gmt":"2012-12-24T15:46:55","guid":{"rendered":"https:\/\/blogs.ua.es\/torresdefensahuertaalicante\/?page_id=47"},"modified":"2012-12-26T16:03:16","modified_gmt":"2012-12-26T16:03:16","slug":"metodologia","status":"publish","type":"page","link":"https:\/\/blogs.ua.es\/torresdefensahuertaalicante\/metodologia\/","title":{"rendered":"Metodolog\u00eda"},"content":{"rendered":"<p style=\"text-align: center\"><strong>Como crear un Blog desde la <a href=\"http:\/\/http:\/\/www.ua.es\/\">UA<\/a><\/strong><\/p>\n<p style=\"text-align: justify\"><span style=\"color: #333333\"><span style=\"font-family: Georgia, 'Bitstream Charter', serif\"><span style=\"font-size: medium\">Para empezar accedemos a la p\u00e1gina Web de Universidad de Alicante en el apartado <em>\u201cRecursos\u201d<\/em>. Una vez all\u00ed, clickeamos en <em>&#8220;recursos tecnol\u00f3gicos\u201d<\/em> y en el apartado <em>\u201cblogsUA\u201d<\/em>. Hecho esto ,se abrir\u00e1 la ventana en la que veremos la opci\u00f3n <em>\u201cCrear mi Blog\u201d<\/em>, clickeamos en ella. Cuando se abra la ventana, saldr\u00e1n varias casillas a rellenar, la primera es la del nombre del blog, en ella tenemos que poner solo las palabras importantes omitiendo todo tipo de may\u00fasculas,espacios y art\u00edculos determinantes, en nuestro caso <em>\u201ctorresdefensahuertaalicante\u201d<\/em>. La siguiente casilla a rellenar es la correspondiente al t\u00edtulo, esta vez debemos poner el t\u00edtulo completo de nuestro blog, le damos a<em> \u201cSi\u201d<\/em> a las condiciones del blog y a <em>\u201cCrear mi blog\u201d<\/em>, autom\u00e1ticamente se te enviar\u00e1 un correo electr\u00f3nico con el enlace correspondiente para activar la cuenta y una contrase\u00f1a.<\/span><\/span><\/span><\/p>\n<p style=\"text-align: justify\"><span style=\"color: #333333\"><span style=\"font-family: Georgia, 'Bitstream Charter', serif\"><span style=\"font-size: medium\">Una vez recibas el correo electr\u00f3nico, deber\u00e1s clickar en el v\u00ednculo que te llevar\u00e1 a la pantalla de acceso del blog, en ella pondr\u00e1s en la primera casilla tu nombre completo y tu primer apellido todo junto y en min\u00fasculas y la contrase\u00f1a dada a trav\u00e9s del correo , y clickeas en <em>\u201cacceder\u201d<\/em>. Y as\u00ed de f\u00e1cil se crea el blog.<\/span><\/span><\/span><\/p>\n<p style=\"text-align: center\"><strong>\u00a0Norma ISO 690:2010. Como citar fuentes<\/strong><\/p>\n<p style=\"text-align: justify\">\u00a0Una vez creado, tenemos que \u00a0saber utilizarlo, nosotros seguiremos para las publicaciones de este blog la norma ISO 690:2010 .<\/p>\n<p style=\"text-align: justify\">Para las<em> referencias bibliogr\u00e1ficas:<\/em> \u00a0APELLIDOS,Nombre. T\u00edtulo .Edici\u00f3n.Luegar: Editor, a\u00f1o (opcional).(Serie;n\u00famero).ISBN<\/p>\n<p style=\"text-align: justify\"><em>Monograf\u00edas :<\/em> ( Autor\/res de la parte) APELLIDOS,Nombre.Titulo de la parte. En: T\u00edtulo de la obra completa. Edici\u00f3n. Lugar de edici\u00f3n : editor,a\u00f1o,pp. ISBN<\/p>\n<p style=\"text-align: justify\"><em>Publicaci\u00f3n en serie<\/em> (Revista completa) : Responsabilidad.A\u00f1o de inicio-a\u00f1o de cierre.ISSN<\/p>\n<p style=\"text-align: justify\"><em>Art\u00edculos de revistas:<\/em> (Autor\/es de la contribuci\u00f3n) APELLIDOS,Nombre. T\u00edtulo del art\u00edculo.T\u00edtulo de revista. A\u00f1o,volumen( n\u00famero),pp. ISSN<\/p>\n<p style=\"text-align: justify\">Respecto de los documentos electr\u00f3nicos:<\/p>\n<p style=\"text-align: justify\"><em>Libros electr\u00f3nicos y monograf\u00edas en l\u00ednea<\/em>: APELLIDOS.Nombre.T\u00edtulo[en l\u00ednea]. Lugar de publicaci\u00f3n:editor,fecha de publicaci\u00f3n[Consulta:fecha de consulta]. Formato ( pdf, etc), tama\u00f1o del fichero (MB) .Disponible en: http:\/\/<\/p>\n<p style=\"text-align: justify\"><em>Art\u00edculo de revista en l\u00ednea:<\/em> ( Autor\/es del art\u00edculo) APELLIDOS,Nombre.T\u00edtulo del art\u00edculo.T\u00edtulo de la revista[en l\u00ednea]Lugar:editor,fecha de publicaci\u00f3n, vol\u00famen, n\u00famero [consulta:fecha de consulta] ISSN. Disponible en: http:\/\/<\/p>\n<p style=\"text-align: justify\"><em>Sitio Web:<\/em> T\u00edtulo de la Web.Editor,a\u00f1o[consulta :fecha de consulta] Disponible en: http:\/\/<\/p>\n<p style=\"text-align: justify\"><strong>Documentos especiales<\/strong><\/p>\n<p style=\"text-align: justify\"><em>Pel\u00edculas:<strong>\u00a0<\/strong>T\u00edtulo de la pel\u00edcula\u00a0<\/em>[Pel\u00edcula]. Dirigida por Nombre APELLIDOS. Pa\u00eds: Productora, a\u00f1o. Lugar: distribuida en Espa\u00f1a por\u2026<\/p>\n<p style=\"text-align: justify\"><em>Programa de televisi\u00f3n o documental:<\/em>Titulo. Nombre de la cadena de televisi\u00f3n, fecha.<\/p>\n<p style=\"text-align: justify\"><em>Im\u00e1genes<strong>\u00a0<\/strong><\/em>APELLIDOS, Nombre.\u00a0<em>T\u00edtulo de la obra.\u00a0<\/em>A\u00f1o [imagen digital]. Museo\u2026 [Consulta: fecha de consulta]. Disponible en: http:\/\/<\/p>\n<p style=\"text-align: justify\"><em>Recursos electr\u00f3nicos:\u00a0<\/em>Los tipos de soporte electr\u00f3nico se hacen constar a continuaci\u00f3n del t\u00edtulo entre corchetes: [en l\u00ednea],<\/p>\n<p style=\"text-align: justify\">[DVD]Pueden ser actualizados o revisados. En este caso, se debe indicar esta fecha detr\u00e1s de la de publicaci\u00f3n.<\/p>\n<p style=\"text-align: justify\">En los documentos en l\u00ednea, se debe incluir:[Consulta: fecha de la consulta]<\/p>\n<p style=\"text-align: justify\">\n","protected":false},"excerpt":{"rendered":"<p>Como crear un Blog desde la UA Para empezar accedemos a la p\u00e1gina Web de Universidad de Alicante en el apartado \u201cRecursos\u201d. Una vez all\u00ed, clickeamos en &#8220;recursos tecnol\u00f3gicos\u201d y en el apartado \u201cblogsUA\u201d. Hecho esto ,se abrir\u00e1 la ventana &hellip; <a href=\"https:\/\/blogs.ua.es\/torresdefensahuertaalicante\/metodologia\/\">Continue reading <span class=\"meta-nav\">&rarr;<\/span><\/a><\/p>\n","protected":false},"author":3011,"featured_media":0,"parent":0,"menu_order":0,"comment_status":"open","ping_status":"open","template":"","meta":{"footnotes":""},"class_list":["post-47","page","type-page","status-publish","hentry"],"_links":{"self":[{"href":"https:\/\/blogs.ua.es\/torresdefensahuertaalicante\/wp-json\/wp\/v2\/pages\/47","targetHints":{"allow":["GET"]}}],"collection":[{"href":"https:\/\/blogs.ua.es\/torresdefensahuertaalicante\/wp-json\/wp\/v2\/pages"}],"about":[{"href":"https:\/\/blogs.ua.es\/torresdefensahuertaalicante\/wp-json\/wp\/v2\/types\/page"}],"author":[{"embeddable":true,"href":"https:\/\/blogs.ua.es\/torresdefensahuertaalicante\/wp-json\/wp\/v2\/users\/3011"}],"replies":[{"embeddable":true,"href":"https:\/\/blogs.ua.es\/torresdefensahuertaalicante\/wp-json\/wp\/v2\/comments?post=47"}],"version-history":[{"count":6,"href":"https:\/\/blogs.ua.es\/torresdefensahuertaalicante\/wp-json\/wp\/v2\/pages\/47\/revisions"}],"predecessor-version":[{"id":244,"href":"https:\/\/blogs.ua.es\/torresdefensahuertaalicante\/wp-json\/wp\/v2\/pages\/47\/revisions\/244"}],"wp:attachment":[{"href":"https:\/\/blogs.ua.es\/torresdefensahuertaalicante\/wp-json\/wp\/v2\/media?parent=47"}],"curies":[{"name":"wp","href":"https:\/\/api.w.org\/{rel}","templated":true}]}}