{"id":31,"date":"2012-01-17T21:32:04","date_gmt":"2012-01-17T21:32:04","guid":{"rendered":"https:\/\/blogs.ua.es\/turismemassesalacant\/?page_id=31"},"modified":"2012-01-17T21:40:44","modified_gmt":"2012-01-17T21:40:44","slug":"recursos-emprats","status":"publish","type":"page","link":"https:\/\/blogs.ua.es\/turismemassesalacant\/recursos-emprats\/","title":{"rendered":"Recursos Emprats"},"content":{"rendered":"<p>Per a recollir la informaci\u00f3 que hem publicat en aquest blog, hem emprat nombrosos recursos que hem donat a classe. Generalment, el recurs que mes hem emprat ha sigut el cercador Google, en el que hem trobat la major part de la informaci\u00f3.<\/p>\n<p>A m\u00e9s de Google, tamb\u00e9 hem fet un recull de pamflets i fullets referents al turime de diferents llocs de la prov\u00edncia per a complementar les entrades.<\/p>\n<p>&nbsp;<\/p>\n","protected":false},"excerpt":{"rendered":"<p>Per a recollir la informaci\u00f3 que hem publicat en aquest blog, hem emprat nombrosos recursos que hem donat a classe. Generalment, el recurs que mes hem emprat ha sigut el cercador Google, en el que hem trobat la major part de la informaci\u00f3. A m\u00e9s de Google, tamb\u00e9 hem fet un recull de pamflets i [&hellip;]<\/p>\n","protected":false},"author":2565,"featured_media":0,"parent":0,"menu_order":0,"comment_status":"open","ping_status":"open","template":"","meta":{"footnotes":""},"class_list":["post-31","page","type-page","status-publish","hentry"],"_links":{"self":[{"href":"https:\/\/blogs.ua.es\/turismemassesalacant\/wp-json\/wp\/v2\/pages\/31","targetHints":{"allow":["GET"]}}],"collection":[{"href":"https:\/\/blogs.ua.es\/turismemassesalacant\/wp-json\/wp\/v2\/pages"}],"about":[{"href":"https:\/\/blogs.ua.es\/turismemassesalacant\/wp-json\/wp\/v2\/types\/page"}],"author":[{"embeddable":true,"href":"https:\/\/blogs.ua.es\/turismemassesalacant\/wp-json\/wp\/v2\/users\/2565"}],"replies":[{"embeddable":true,"href":"https:\/\/blogs.ua.es\/turismemassesalacant\/wp-json\/wp\/v2\/comments?post=31"}],"version-history":[{"count":4,"href":"https:\/\/blogs.ua.es\/turismemassesalacant\/wp-json\/wp\/v2\/pages\/31\/revisions"}],"predecessor-version":[{"id":33,"href":"https:\/\/blogs.ua.es\/turismemassesalacant\/wp-json\/wp\/v2\/pages\/31\/revisions\/33"}],"wp:attachment":[{"href":"https:\/\/blogs.ua.es\/turismemassesalacant\/wp-json\/wp\/v2\/media?parent=31"}],"curies":[{"name":"wp","href":"https:\/\/api.w.org\/{rel}","templated":true}]}}