{"id":208,"date":"2012-01-03T13:25:16","date_gmt":"2012-01-03T13:25:16","guid":{"rendered":"https:\/\/blogs.ua.es\/turismoculturalprovinciaalicante\/?page_id=208"},"modified":"2012-01-07T10:56:19","modified_gmt":"2012-01-07T10:56:19","slug":"oficinas-de-turismo","status":"publish","type":"page","link":"https:\/\/blogs.ua.es\/turismoculturalprovinciaalicante\/oficinas-de-turismo\/","title":{"rendered":"Oficinas de turismo"},"content":{"rendered":"<p style=\"text-align: justify\">En esta p\u00e1gina os mostramos un mapa de la<strong> Provincia de Alicante<\/strong>, que presenta todas las <strong>oficinas de turismo<\/strong> que en la misma existen, adem\u00e1s de una serie de lugares singulares, como son sus museos, monumentos, castillos, etc&#8230;, pero lo m\u00e1s relevante de aqu\u00ed son sus oficinas de turismo.<\/p>\n<p style=\"text-align: justify\">Os ofrecemos este recurso ya que para realizar cualquiere tipo de turismo (en este caso el que nos interesa es el cultural), se necesitan una serie de gu\u00edas y puntos de informaci\u00f3n que nos muestren y nos den algunas orientaciones sobre como realizar dicho turismo. Por ello os mostramos esta p\u00e1gina, para que veais en donde se localizan todas y cada una de las oficinas de turismo de la provincia de Alicante, que adem\u00e1s presentan una gran utilidad.<\/p>\n<p><em><strong>P\u00e1gina web;<\/strong><\/em><\/p>\n<p style=\"text-align: left\" dir=\"ltr\"><a title=\"Oficina de Turismo en la Provincia de Alicante (Google Maps)\" href=\"http:\/\/maps.google.es\/maps?oe=utf-8&amp;rls=org.mozilla:es-ES:official&amp;client=firefox-a&amp;um=1&amp;ie=UTF-8&amp;q=oficinas+de+turismo+en+la+provincia+de+alicante&amp;fb=1&amp;gl=es&amp;hq=oficinas+de+turismo+en+la&amp;hnear=0xd6239b7b5c7da7d:0x302af6ed721c960,Provincia+de+Alicante\" target=\"_blank\">Oficinas de Turismo en la Provincia de Alicante (Google Maps)<\/a><\/p>\n<p style=\"text-align: center\"><a href=\"https:\/\/blogs.ua.es\/turismoculturalprovinciaalicante\/files\/2012\/01\/xcdf.png\" target=\"_blank\"><img loading=\"lazy\" decoding=\"async\" class=\"aligncenter size-full wp-image-209\" src=\"https:\/\/blogs.ua.es\/turismoculturalprovinciaalicante\/files\/2012\/01\/xcdf.png\" alt=\"\" width=\"637\" height=\"386\" srcset=\"https:\/\/blogs.ua.es\/turismoculturalprovinciaalicante\/files\/2012\/01\/xcdf.png 637w, https:\/\/blogs.ua.es\/turismoculturalprovinciaalicante\/files\/2012\/01\/xcdf-300x181.png 300w\" sizes=\"auto, (max-width: 637px) 100vw, 637px\" \/><\/a><\/p>\n","protected":false},"excerpt":{"rendered":"<p>En esta p\u00e1gina os mostramos un mapa de la Provincia de Alicante, que presenta todas las oficinas de turismo que en la misma existen, adem\u00e1s de una serie de lugares singulares, como son sus museos, monumentos, castillos, etc&#8230;, pero lo &hellip; <a href=\"https:\/\/blogs.ua.es\/turismoculturalprovinciaalicante\/oficinas-de-turismo\/\">Continue reading <span class=\"meta-nav\">&rarr;<\/span><\/a><\/p>\n","protected":false},"author":2457,"featured_media":0,"parent":0,"menu_order":8,"comment_status":"open","ping_status":"open","template":"","meta":{"footnotes":""},"class_list":["post-208","page","type-page","status-publish","hentry"],"_links":{"self":[{"href":"https:\/\/blogs.ua.es\/turismoculturalprovinciaalicante\/wp-json\/wp\/v2\/pages\/208","targetHints":{"allow":["GET"]}}],"collection":[{"href":"https:\/\/blogs.ua.es\/turismoculturalprovinciaalicante\/wp-json\/wp\/v2\/pages"}],"about":[{"href":"https:\/\/blogs.ua.es\/turismoculturalprovinciaalicante\/wp-json\/wp\/v2\/types\/page"}],"author":[{"embeddable":true,"href":"https:\/\/blogs.ua.es\/turismoculturalprovinciaalicante\/wp-json\/wp\/v2\/users\/2457"}],"replies":[{"embeddable":true,"href":"https:\/\/blogs.ua.es\/turismoculturalprovinciaalicante\/wp-json\/wp\/v2\/comments?post=208"}],"version-history":[{"count":10,"href":"https:\/\/blogs.ua.es\/turismoculturalprovinciaalicante\/wp-json\/wp\/v2\/pages\/208\/revisions"}],"predecessor-version":[{"id":334,"href":"https:\/\/blogs.ua.es\/turismoculturalprovinciaalicante\/wp-json\/wp\/v2\/pages\/208\/revisions\/334"}],"wp:attachment":[{"href":"https:\/\/blogs.ua.es\/turismoculturalprovinciaalicante\/wp-json\/wp\/v2\/media?parent=208"}],"curies":[{"name":"wp","href":"https:\/\/api.w.org\/{rel}","templated":true}]}}