{"id":52,"date":"2011-12-23T15:17:25","date_gmt":"2011-12-23T15:17:25","guid":{"rendered":"https:\/\/blogs.ua.es\/turismoculturalprovinciaalicante\/?page_id=52"},"modified":"2012-01-16T15:17:44","modified_gmt":"2012-01-16T15:17:44","slug":"fuentes-de-informacion-utilizadas","status":"publish","type":"page","link":"https:\/\/blogs.ua.es\/turismoculturalprovinciaalicante\/fuentes-de-informacion-utilizadas\/","title":{"rendered":"Fuentes de informaci\u00f3n utilizadas"},"content":{"rendered":"<p style=\"text-align: justify\">En esta p\u00e1gina os vamos a mostrar cuales son las <strong>fuentes de informaci\u00f3n<\/strong> que m\u00e1s hemos utilizado a la hora de buscar todo lo relacionado con el tema de nuestro blog, que es &#8220;el turismo cultural&#8221; y los problemas u inconvenientes que hemos tenido a la hora de localizarla, al igual que las ventajas.<\/p>\n<p style=\"text-align: justify\">Comenzando a nombrar las fuentes de informaci\u00f3n que hemos empleado en este blog diremos de las mismas se resumen en;<\/p>\n<p style=\"text-align: justify\">&#8211;<em><strong>Revistas<\/strong><\/em> publicadas mediante alg\u00fan evento de importancia como son los congresos<\/p>\n<p style=\"text-align: justify\">&#8211;<em><strong>P\u00e1ginas web completas<\/strong><\/em>, que describ\u00edan bastante bien toda la informaci\u00f3n. De las mimas las que m\u00e1s destacamos son las que poseen los ayuntamientos de cada localidad y que nos han sido bastante \u00fatiles a la hora de publicar las entradas de la categor\u00eda de &#8220;rutas de inter\u00e9s&#8221; ya que pose\u00edan informaci\u00f3n muy variada sobre el tema que nos ocupa.<\/p>\n<p style=\"text-align: justify\">&#8211;<em><strong>Sitios de p\u00e1ginas web<\/strong><\/em>, que nos han servido para buscar informaci\u00f3n m\u00e1s concreta sobre temas que requer\u00edan una mayor complejidad, como son las clases de turismo cultural, algunas rutas de turismo concretas, localizaciones espec\u00edficas, etc&#8230;<\/p>\n<p style=\"text-align: justify\">&#8211;<em><strong>PDF<\/strong><\/em>, sobretodo relacionado con panfletos que publican las localidades que hemos mencionado en este blog, a modo de promocionarse y darse a conocer.<\/p>\n<p style=\"text-align: justify\">&#8211;<em><strong>Im\u00e1genes y v\u00eddeos<\/strong><\/em>, que nos han servido para aportar informaci\u00f3n complementaria bastante buena y como una especie de recurso de &#8220;ayuda&#8221; ya que hace un poco m\u00e1s amena toda la informaci\u00f3n que publicamos.<\/p>\n<p style=\"text-align: justify\">Caso aparte es la facilidad que hemos tenido a la hora de poder <strong>encontrar la informaci\u00f3n<\/strong> que nos concierne y la existencia o no de los recursos para la misma. Respecto a este punto, diremos que hemos encontrado bastante informaci\u00f3n por sitios web y p\u00e1ginas derivadas de los mismos, pero a la hora de encontrar informaci\u00f3n es soporte de papel, nos ha presentado bastantes inconvenientes ya que todo lo que hemos encontrado han sido panfletos, porque los libros y las revistas sobre el tema del turismo hablan en t\u00e9rminos muy generales y casi ninguna de ellas concreta en el tema del turismo cultural, ya que este presenta una cierta complejidad.<\/p>\n<p style=\"text-align: justify\">Esto es todo lo que nos cabe mencionar acerca de las fuentes de informaci\u00f3n que hemos empleado.<\/p>\n<p>&nbsp;<\/p>\n","protected":false},"excerpt":{"rendered":"<p>En esta p\u00e1gina os vamos a mostrar cuales son las fuentes de informaci\u00f3n que m\u00e1s hemos utilizado a la hora de buscar todo lo relacionado con el tema de nuestro blog, que es &#8220;el turismo cultural&#8221; y los problemas u &hellip; <a href=\"https:\/\/blogs.ua.es\/turismoculturalprovinciaalicante\/fuentes-de-informacion-utilizadas\/\">Continue reading <span class=\"meta-nav\">&rarr;<\/span><\/a><\/p>\n","protected":false},"author":2433,"featured_media":0,"parent":0,"menu_order":10,"comment_status":"open","ping_status":"open","template":"","meta":{"footnotes":""},"class_list":["post-52","page","type-page","status-publish","hentry"],"_links":{"self":[{"href":"https:\/\/blogs.ua.es\/turismoculturalprovinciaalicante\/wp-json\/wp\/v2\/pages\/52","targetHints":{"allow":["GET"]}}],"collection":[{"href":"https:\/\/blogs.ua.es\/turismoculturalprovinciaalicante\/wp-json\/wp\/v2\/pages"}],"about":[{"href":"https:\/\/blogs.ua.es\/turismoculturalprovinciaalicante\/wp-json\/wp\/v2\/types\/page"}],"author":[{"embeddable":true,"href":"https:\/\/blogs.ua.es\/turismoculturalprovinciaalicante\/wp-json\/wp\/v2\/users\/2433"}],"replies":[{"embeddable":true,"href":"https:\/\/blogs.ua.es\/turismoculturalprovinciaalicante\/wp-json\/wp\/v2\/comments?post=52"}],"version-history":[{"count":9,"href":"https:\/\/blogs.ua.es\/turismoculturalprovinciaalicante\/wp-json\/wp\/v2\/pages\/52\/revisions"}],"predecessor-version":[{"id":431,"href":"https:\/\/blogs.ua.es\/turismoculturalprovinciaalicante\/wp-json\/wp\/v2\/pages\/52\/revisions\/431"}],"wp:attachment":[{"href":"https:\/\/blogs.ua.es\/turismoculturalprovinciaalicante\/wp-json\/wp\/v2\/media?parent=52"}],"curies":[{"name":"wp","href":"https:\/\/api.w.org\/{rel}","templated":true}]}}