{"id":67,"date":"2012-01-17T17:11:37","date_gmt":"2012-01-17T17:11:37","guid":{"rendered":"https:\/\/blogs.ua.es\/turismoruralalicante\/?page_id=67"},"modified":"2012-01-17T17:15:44","modified_gmt":"2012-01-17T17:15:44","slug":"explicacion-del-tema","status":"publish","type":"page","link":"https:\/\/blogs.ua.es\/turismoruralalicante\/explicacion-del-tema\/","title":{"rendered":"Explicaci\u00f3n del tema"},"content":{"rendered":"<p style=\"text-align: left\">El tema que se est\u00e1 tratando en este blog es el del turismo rural en Alicante. Se podr\u00e1 encontrar informaci\u00f3n sobre los lugares m\u00e1s importantes y visitados de la provincia, como cr\u00edticas, art\u00edculos, v\u00eddeos a todos estos lugares.<\/p>\n","protected":false},"excerpt":{"rendered":"<p>El tema que se est\u00e1 tratando en este blog es el del turismo rural en Alicante. Se podr\u00e1 encontrar informaci\u00f3n sobre los lugares m\u00e1s importantes y visitados de la provincia, como cr\u00edticas, art\u00edculos, v\u00eddeos a todos estos lugares.<\/p>\n","protected":false},"author":2359,"featured_media":0,"parent":0,"menu_order":0,"comment_status":"open","ping_status":"open","template":"","meta":{"footnotes":""},"class_list":["post-67","page","type-page","status-publish","hentry"],"_links":{"self":[{"href":"https:\/\/blogs.ua.es\/turismoruralalicante\/wp-json\/wp\/v2\/pages\/67","targetHints":{"allow":["GET"]}}],"collection":[{"href":"https:\/\/blogs.ua.es\/turismoruralalicante\/wp-json\/wp\/v2\/pages"}],"about":[{"href":"https:\/\/blogs.ua.es\/turismoruralalicante\/wp-json\/wp\/v2\/types\/page"}],"author":[{"embeddable":true,"href":"https:\/\/blogs.ua.es\/turismoruralalicante\/wp-json\/wp\/v2\/users\/2359"}],"replies":[{"embeddable":true,"href":"https:\/\/blogs.ua.es\/turismoruralalicante\/wp-json\/wp\/v2\/comments?post=67"}],"version-history":[{"count":4,"href":"https:\/\/blogs.ua.es\/turismoruralalicante\/wp-json\/wp\/v2\/pages\/67\/revisions"}],"predecessor-version":[{"id":71,"href":"https:\/\/blogs.ua.es\/turismoruralalicante\/wp-json\/wp\/v2\/pages\/67\/revisions\/71"}],"wp:attachment":[{"href":"https:\/\/blogs.ua.es\/turismoruralalicante\/wp-json\/wp\/v2\/media?parent=67"}],"curies":[{"name":"wp","href":"https:\/\/api.w.org\/{rel}","templated":true}]}}