{"id":142,"date":"2012-01-13T18:26:42","date_gmt":"2012-01-13T18:26:42","guid":{"rendered":"https:\/\/blogs.ua.es\/urbanismoalicantexx\/?page_id=142"},"modified":"2012-01-13T18:26:42","modified_gmt":"2012-01-13T18:26:42","slug":"presentacion","status":"publish","type":"page","link":"https:\/\/blogs.ua.es\/urbanismoalicantexx\/presentacion\/","title":{"rendered":"Presentaci\u00f3n"},"content":{"rendered":"<p style=\"text-align: justify\"><span style=\"color: #000000\"><em>Urbe Alicante XX<\/em> es un blog dedicado a la facilitaci\u00f3n de referencias y recursos para el tema del desarrollo urbano en la ciudad de Alicante durante el siglo XX. No es el deseo de los autores de este blog saturar la barra de p\u00e1ginas y, por tanto, se concentrar\u00e1n en esta una presentaci\u00f3n (presente en estas l\u00edneas), una explicaci\u00f3n del tema consecuente y un resumen de la metodolog\u00eda aplicada para su realizaci\u00f3n.<\/span><\/p>\n<p style=\"text-align: justify\"><span style=\"color: #000000\">El tema del urbanismo en Alicante durante el siglo XX es un tema, ya de por s\u00ed restrictivo, pero del que se pueden extraer numerosas fuentes de informaci\u00f3n. Es decir, para entender el urbanismo hemos de comprender los motivos pol\u00edticos, las consecuencias sociales, las causas econ\u00f3micas, etc\u00e9tera, debido a que el desarrollo de una ciudad se ve complicado o simplificado por dichos factores y m\u00e1s.<\/span><\/p>\n<p style=\"text-align: justify\"><span style=\"color: #000000\">En cuanto a la metodolog\u00eda a seguir, se ha contado con un problema escabroso: la falta de informaci\u00f3n f\u00e1cil de obtener. Existe informaci\u00f3n, pero la mayor parte se encuentra dentro de archivos privados o confidenciales, y la informaci\u00f3n fuera de dichos archivos es, por lo general, muy escasa. Por ello se ha optado por incluir recursos que, bien no aportan datos de exactamente el urbanismo en Alicante durante el siglo XX, s\u00ed lo hacen acerca de otros factores o consecuencias de dicho urbanismo.<\/span><\/p>\n<blockquote>\n<p style=\"text-align: justify\"><span style=\"color: #000000\">Jorge Rubio y \u00c1lex Mayor<\/span><\/p>\n<\/blockquote>\n<p style=\"text-align: justify\"><span style=\"color: #000000\"><em>&#8212;&#8212;&#8212;&#8212;&#8212;&#8212;&#8212;&#8212;&#8212;&#8212;&#8212;&#8212;&#8212;&#8212;&#8212;&#8212;&#8212;&#8212;&#8212;&#8212;&#8212;&#8212;&#8212;&#8212;&#8212;&#8212;&#8212;&#8212;&#8212;&#8212;&#8212;&#8212;&#8212;&#8211;<\/em><\/span><\/p>\n<p style=\"text-align: justify\"><span style=\"color: #000000\"><em>Urbe Alacant XX <\/em>\u00e9s un bloc dedicat a la facilitaci\u00f3 de refer\u00e8ncies i recursos per al tema del desenvolupament urb\u00e0 en la ciutat d&#8217;Alacant durant el segle XX. No \u00e9s el desig dels autors d&#8217;aquest bloc saturar la barra de p\u00e0gines i, per tant, es concentraran en aquesta una presentaci\u00f3 (present en aquestes l\u00ednies), una explicaci\u00f3 del tema conseq\u00fcent i un resum de la metodologia aplicada per a la seua realitzaci\u00f3.<\/span><\/p>\n<p style=\"text-align: justify\"><span style=\"color: #000000\">El tema de l&#8217;urbanisme a Alacant durant el segle XX \u00e9s un tema, ja per s\u00ed mateix restrictiu, per\u00f2 del que es poden extraure nombroses fonts d&#8217;informaci\u00f3. \u00c9s a dir, per a entendre l&#8217;urbanisme hem de comprendre els motius pol\u00edtics, les conseq\u00fc\u00e8ncies socials, les causes econ\u00f2miques, etc\u00e8tera, degut a que el desenvolupament d&#8217;una ciutat es veu complicat o simplificat per dits factors i m\u00e9s.<\/span><\/p>\n<p style=\"text-align: justify\"><span style=\"color: #000000\">En quant a la metodologia a seguir, s&#8217;ha contat amb un problema escabr\u00f3s: la manca d&#8217;informaci\u00f3 f\u00e0cil d&#8217;obtindre. Exiteix informaci\u00f3, per\u00f2 la major part es troba dins d&#8217;arxius privats o confidencials, i la informaci\u00f3 fora de dits arxius \u00e9s, pel general, molt escasa. Per aix\u00f2 s&#8217;ha optat per incloure recursos que, si b\u00e9 no aporten datos d&#8217;exactament l&#8217;urbanisme\u00a0a Alacant durant el segle XX, s\u00ed ho fan acerca d&#8217;altres factors o conseq\u00fc\u00e8ncies de dit urbanisme.<\/span><\/p>\n<blockquote>\n<p style=\"text-align: justify\"><span style=\"color: #000000\">\u00a0Jordi Rubio i \u00c0lex Mayor<\/span><\/p>\n<\/blockquote>\n","protected":false},"excerpt":{"rendered":"<p>Urbe Alicante XX es un blog dedicado a la facilitaci\u00f3n de referencias y recursos para el tema del desarrollo urbano en la ciudad de Alicante durante el siglo XX. No es el deseo de los autores de este blog saturar &hellip; <a href=\"https:\/\/blogs.ua.es\/urbanismoalicantexx\/presentacion\/\">Continue reading <span class=\"meta-nav\">&rarr;<\/span><\/a><\/p>\n","protected":false},"author":2464,"featured_media":0,"parent":0,"menu_order":0,"comment_status":"open","ping_status":"open","template":"","meta":{"footnotes":""},"class_list":["post-142","page","type-page","status-publish","hentry"],"_links":{"self":[{"href":"https:\/\/blogs.ua.es\/urbanismoalicantexx\/wp-json\/wp\/v2\/pages\/142","targetHints":{"allow":["GET"]}}],"collection":[{"href":"https:\/\/blogs.ua.es\/urbanismoalicantexx\/wp-json\/wp\/v2\/pages"}],"about":[{"href":"https:\/\/blogs.ua.es\/urbanismoalicantexx\/wp-json\/wp\/v2\/types\/page"}],"author":[{"embeddable":true,"href":"https:\/\/blogs.ua.es\/urbanismoalicantexx\/wp-json\/wp\/v2\/users\/2464"}],"replies":[{"embeddable":true,"href":"https:\/\/blogs.ua.es\/urbanismoalicantexx\/wp-json\/wp\/v2\/comments?post=142"}],"version-history":[{"count":2,"href":"https:\/\/blogs.ua.es\/urbanismoalicantexx\/wp-json\/wp\/v2\/pages\/142\/revisions"}],"predecessor-version":[{"id":144,"href":"https:\/\/blogs.ua.es\/urbanismoalicantexx\/wp-json\/wp\/v2\/pages\/142\/revisions\/144"}],"wp:attachment":[{"href":"https:\/\/blogs.ua.es\/urbanismoalicantexx\/wp-json\/wp\/v2\/media?parent=142"}],"curies":[{"name":"wp","href":"https:\/\/api.w.org\/{rel}","templated":true}]}}