{"id":112,"date":"2012-01-25T20:15:43","date_gmt":"2012-01-25T20:15:43","guid":{"rendered":"https:\/\/blogs.ua.es\/vidaprivadafelipeii\/?page_id=112"},"modified":"2012-01-25T20:15:43","modified_gmt":"2012-01-25T20:15:43","slug":"felipe-ii-e-isabel-de-valois","status":"publish","type":"page","link":"https:\/\/blogs.ua.es\/vidaprivadafelipeii\/felipe-ii-e-isabel-de-valois\/","title":{"rendered":"Felipe II e Isabel de Valois"},"content":{"rendered":"<p><strong>FELIPE II E ISABEL DE VALOIS .<\/strong><\/p>\n<p>Abandonada por su querido marido, la depresi\u00f3n empez\u00f3 a afectar a la reina Mar\u00eda que contrajo una epidemia de gripe en la primavera de 1558, siendo obligada a guardar cama en el mes de agosto. Su salud fue declinando hasta que falleci\u00f3 sin dejar sucesi\u00f3n en la madrugada del 17 de noviembre de 1558. Felipe quedaba por segunda vez viudo, aprovechando la coyuntura los ingleses para acusar a Espa\u00f1a de haber recibido grandes sumas de dinero que hab\u00edan dejado maltrecha la econom\u00eda inglesa a la vez que acusaban al rey Felipe de haber matado de pena a su reina. Isabel I ocupaba el trono vacante. La diplomacia hispana ve\u00eda con buenos ojos la repetici\u00f3n de una boda h\u00edspanobrit\u00e1nica pero un negativo informe lleg\u00f3 a la corte de Felipe: Isabel &#8220;tenia algo que la incapacitaba para el matrimonio&#8221;; al parecer sufr\u00eda una malformaci\u00f3n genital con carencia de reglas y aplasia vaginal. Felipe la rechaz\u00f3 y la Reina Virgen se afianzaba en el poder, logrando situar a Inglaterra en una posici\u00f3n internacional de primera magnitud mientras segu\u00eda una vida sexual de gran actividad.<\/p>\n<p>Una francesa ser\u00e1 la tercera esposa del monarca. Su nombre es Isabel de Valois y el matrimonio es nuevamente fruto de la raz\u00f3n de Estado, consigui\u00e9ndose la concordia entre los reinos de Espa\u00f1a y Francia tras la firma de la paz de Cateau-Cambresis ( 3 de abril de 1559) por lo que la joven reina recibir\u00eda el nombre popular de Isabel de la Paz. Isabel hab\u00eda nacido en Fontainebleau el 3 de abril de 1546; era la hija menor del rey Enrique II de Francia y Catalina de Medicis. La joven princesa hab\u00eda estado prometida al primog\u00e9nito de Felipe, el pr\u00edncipe don Carlos, pero este proyecto de matrimonio nunca se llev\u00f3 a cabo ya que cambi\u00f3 de esposo. Los desposorios se celebraron por poderes el 22 de junio de 1559 en la catedral de Notre-Dame de Par\u00eds representando al novio don Fernando \u00c1lvarez de Toledo, el todopoderoso duque de Alba. En la corte francesa era costumbre encamar r\u00e1pidamente a los nuevos esposos, pero al faltar Felipe tuvo que ser el duque quien tomara a la novia, simb\u00f3licamente por supuesto; as\u00ed que en presencia de todos los invitados, hizo una reverencia y tom\u00f3 simb\u00f3lica posesi\u00f3n del real t\u00e1lamo colocando sobre \u00e9l una pierna y un brazo para luego retirarse.<\/p>\n<p>Don Felipe esper\u00f3 a la joven esposa &#8211; ten\u00eda 14 a\u00f1os &#8211; en Guadalajara, concretamente en el palacio del Infantado. El rey tenia 33 a\u00f1os y al detenerse la joven Isabel frente a \u00e9l, \u00e9ste pregunt\u00f3 a su esposa: &#8220;,Qu\u00e9 mir\u00e1is? \u00bfPor ventura si tengo canas?&#8221;. La misa de velaciones se celebr\u00f3 el 2 de febrero de 1560, encerr\u00e1ndose r\u00e1pidamente los esposos en la c\u00e1mara nupcial por lo que el obispo de Pamplona tuvo que bendecir el t\u00e1lamo a trav\u00e9s de la puerta, ya que no tuvo el suficiente tiempo. La reina Isabel era todav\u00eda una ni\u00f1a que jugaba a las mu\u00f1ecas y a la taba por lo que la consumaci\u00f3n del matrimonio se tuvo que posponer un a\u00f1o, en contra de los deseos del rey.<\/p>\n<p>En las cortes europeas era habitual dar publicidad a las primeras reglas de las j\u00f3venes princesas, infantas o reinas, por lo que conocemos exactamente la fecha en la que Isabel cambi\u00f3 su ciclo hormonal: el 11 de agosto de 1561. Durante el \u00faltimo a\u00f1o hab\u00eda crecido bastante, destacando por su estatura y su constituci\u00f3n fuerte y vigorosa. Ahora Felipe puede iniciar sus relaciones con su esposa aunque al principio existen l\u00f3gicos problemas en la pareja, como sabemos por las cartas que los embajadores franceses escriben a la madre de Isabel: &#8220;La constituci\u00f3n del Rey causa grandes dolores a la Reina que necesita mucho valor para evitarlo &#8230;&#8221;.<\/p>\n<p>Durante la estancia de los reyes en Toledo, Isabel padeci\u00f3 fiebre y erupci\u00f3n, temi\u00e9ndose que sufriese una eventual viruela. La madre de la joven reina sospechaba que el mal de la ni\u00f1a fuera el mal italiano o g\u00e1lico, es decir, la temida s\u00edfilis, enfermedad que parece ser cong\u00e9nita en Felipe, lo que explicar\u00eda los continuos abortos de sus mujeres y las erupciones que sol\u00edan sufrir, as\u00ed como los frecuentes dolores de cabeza del monarca, su aspecto envejecido y desdentado, con los labios resquebrajados. Para el dolor de cabeza los m\u00e9dicos le recomendaron que llevase la cabeza rapada, costumbre que se generalizar\u00eda entre los cortesanos. La enfermedad de la reina fue confirmada como viruela; para evitar que dejase huellas en el bello rostro de la reina la embadurnaron con clara de huevo y leche de burra, entre otros muchos remedios, mientras los galenos franceses recomendaban sangre de paloma y nata para el cuidado de los ojos.<\/p>\n<p>En 1561 la corte se instala definitivamente en Madrid; los reyes son felices y su v\u00ednculo matrimonial s\u00f3lido a pesar de que duermen y comen separados seg\u00fan indica la r\u00edgida etiqueta borgo\u00f1ona que se sigue en Espa\u00f1a. Estas costumbres dieron que pensar a los embajadores franceses pero Isabel se considera una de las mujeres m\u00e1s felices del mundo, anunci\u00e1ndose en mayo de 1564 su embarazo, posiblemente gracias a los higi\u00e9nicos consejos y las recetas caseras para alcanzar el embarazo enviadas por su madre. El delicado estado de salud de Isabel preocup\u00f3 constantemente a su esposo, evitando los m\u00e9dicos la fiebre con las socorridas sangr\u00edas que debilitaban aun m\u00e1s a la desdichada enferma. Un aborto de gemelos fue el fruto de este primer embarazo. Los galenos espa\u00f1oles dieron por perdida a su paciente pero la insistencia de un m\u00e9dico italiano que la purg\u00f3 consigui\u00f3 salvar la vida a Isabel. Parece que mientras ocurr\u00edan estos desgraciados sucesos, don Felipe contin\u00faa con sus escarceos amorosos, en este caso con do\u00f1a Eufrasia de Guzm\u00e1n, dama de la princesa Juana y princesa de Ascoli. Isabel tuvo conocimiento de la infidelidad, tray\u00e9ndole a la memoria el matrimonio de sus padres bajo el influjo de Diana de Poitiers, la amante de Enrique. Sin embargo, Felipe hizo acto de contrici\u00f3n y resolvi\u00f3 mantenerse fiel a su esposa, consider\u00e1ndose que la am\u00f3 profundamente; a Isabel, por supuesto.<\/p>\n<p>El delicado estado de salud de la reina contin\u00faa y los m\u00e9dicos recomiendan ba\u00f1os, pero Isabel se opone debido al gran pudor que manifiesta a que alguien contemplara su desnudez, ni siquiera sus propias ayudantes de c\u00e1mara.<\/p>\n<p>La ansiada descendencia parece que fue resuelta por ayuda divina al traerse a Madrid los restos incorruptos de San Eugenio, m\u00e1rtir y primer arzobispo de Toledo, desde Saint Denis de Par\u00eds a Madrid. La reina implor\u00f3 al santo la soluci\u00f3n a su infertilidad y a finales de a\u00f1o estaba embarazada. Tan sencillo como eso. Ah, la fecha de este santo es el 18 de noviembre, por si alguien desea implorarlo. El 12 de agosto de 1566 nac\u00eda una ni\u00f1a, en el Palacio de Valsa\u00edn que recib\u00eda los nombres de Isabel Clara Eugenia &#8211; Isabel por su madre, Clara por el d\u00eda que naci\u00f3, y Eugenia en honor a San Eugenio que tanto hab\u00eda hecho por este alumbramiento -. La madre coment\u00f3 al dar a luz: &#8220;Gracias a Dios e1 parir no es tan trabajoso como yo cre\u00eda&#8221;. Do\u00f1a Catalina de Medicis hab\u00eda enviado a su hija un bebedizo que facilitaba el parto &#8211; \u00bfla epidural de la \u00e9poca?- suministrado a la parturienta por su propio esposo. El embajador franc\u00e9s cuenta que &#8220;Felipe se port\u00f3 muy bien, como el mejor y m\u00e1s cari\u00f1oso marido que pudiera desear, puesto que en la noche del parto estuvo cogi\u00e9ndole todo el tiempo la mano, y d\u00e1ndole valor lo mejor que pod\u00eda y sab\u00eda&#8221;. El bautizo tendr\u00eda lugar el 25 de agosto y Felipe pretend\u00eda llevar a su hijita a la pila bautismal en sus brazos; temeroso de su escasa habilidad con los tiernas infantes, orden\u00f3 que construyeran un mu\u00f1eco para hacer pr\u00e1cticas, llev\u00e1ndolo entre sus brazos de un lado a otro de la estancia. Consciente de su torpeza y ante el riesgo de un no deseado percance, deleg\u00f3 tan alta funci\u00f3n en su hermano, don Juan de Austria. Isabel Clara Eugenia ser\u00e1, sin duda, la ni\u00f1a de los ojos de Felipe, sirvi\u00e9ndole durante su vejez como bast\u00f3n f\u00edsico y espiritual, participando con \u00e9xito en los asuntos del gobierno. Su padre apost\u00f3 por ella como reina de Francia pero, tras el fallido prop\u00f3sito, se cas\u00f3 con el archiduque Alberto recibiendo en herencia el gobierno y la propiedad de los Pa\u00edses Bajos.<\/p>\n<p>El 6 de octubre de 1567 nace una nueva ni\u00f1a llamada Catalina Micaela &#8211; Catalina en recuerdo de su abuela materna y Micaela por haber venido al mundo en la octava de San Miguel &#8211; . Durante 22 meses tuvo la misma ama de cr\u00eda llamada do\u00f1a Mar\u00eda de Messa, recibiendo en concepto de sus servicios la nada despreciable suma de 100.000 maraved\u00edes al a\u00f1o de por vida. Durante el puerperio la reina sufri\u00f3 un nuevo acceso febril que los m\u00e9dicos atribuyeron a la subida de la leche, por lo que aplicaron jugo de perejil sobre los pezones de Isabel como ayuda. La infanta Catalina Micaela contraer\u00e1 matrimonio con el duque de Saboya dando a Felipe los \u00fanicos nietos de los que tendr\u00e1 noticia, ya que nunca tendr\u00e1 la oportunidad de conocerlos. Por la correspondencia nos demostrar\u00e1 el cari\u00f1o profesado a esta infanta, sintiendo profundamente su marcha a Italia, v\u00edctima como todas las mujeres de la raz\u00f3n de Estado. En la crianza de Isabel y Catalina, Felipe tom\u00f3 un activo papel, permiti\u00e9ndoles incluso trabajar en sus asuntos de oficina.<\/p>\n<p>En mayo de 1568 se sospecha que Isabel vuelva a estar embarazada. Su estado de salud es bastante complicado, presentando desvanecimientos, sensaci\u00f3n de ahogo, v\u00e9rtigos, fiebre, mal color y entorpecimiento de manos y brazo izquierdo. Para evitar el aborto y conducir adecuadamente el embarazo se le dieron toda clase de hierbas y se la rode\u00f3 de toda clase de amuletos; sin embargo, su estado de salud se fue agravando y el 3 de octubre la reina expuls\u00f3 espont\u00e1neamente un feto hembra de cinco meses, que vivi\u00f3 lo suficiente para aplicarle el agua de socorro, falleciendo a los pocos minutos. Isabel de Valois perd\u00eda la vida poco despu\u00e9s, el mismo 3 de octubre de 1568, cuando aun no hab\u00eda cumplido los 23 a\u00f1os de edad. Seg\u00fan los enemigos de Felipe su muerte fue consecuencia de los presuntos amores entre Isabel y el pr\u00edncipe don Carlos, que hab\u00eda fallecido tres meses antes. Los restos de la joven reina fueron amortajados con h\u00e1bito franciscano e inhumados en el monasterio de las Descalzas Reales para ser trasladado en 1572 a El Escorial donde hoy yacen, concretamente en el Pante\u00f3n de Infantes.<\/p>\n","protected":false},"excerpt":{"rendered":"<p>FELIPE II E ISABEL DE VALOIS . Abandonada por su querido marido, la depresi\u00f3n empez\u00f3 a afectar a la reina Mar\u00eda que contrajo una epidemia de gripe en la primavera de 1558, siendo obligada a guardar cama en el mes de agosto. Su salud fue declinando hasta que falleci\u00f3 sin dejar sucesi\u00f3n en la madrugada [&hellip;]<\/p>\n","protected":false},"author":2163,"featured_media":0,"parent":0,"menu_order":0,"comment_status":"open","ping_status":"open","template":"","meta":{"footnotes":""},"class_list":["post-112","page","type-page","status-publish","hentry"],"_links":{"self":[{"href":"https:\/\/blogs.ua.es\/vidaprivadafelipeii\/wp-json\/wp\/v2\/pages\/112","targetHints":{"allow":["GET"]}}],"collection":[{"href":"https:\/\/blogs.ua.es\/vidaprivadafelipeii\/wp-json\/wp\/v2\/pages"}],"about":[{"href":"https:\/\/blogs.ua.es\/vidaprivadafelipeii\/wp-json\/wp\/v2\/types\/page"}],"author":[{"embeddable":true,"href":"https:\/\/blogs.ua.es\/vidaprivadafelipeii\/wp-json\/wp\/v2\/users\/2163"}],"replies":[{"embeddable":true,"href":"https:\/\/blogs.ua.es\/vidaprivadafelipeii\/wp-json\/wp\/v2\/comments?post=112"}],"version-history":[{"count":1,"href":"https:\/\/blogs.ua.es\/vidaprivadafelipeii\/wp-json\/wp\/v2\/pages\/112\/revisions"}],"predecessor-version":[{"id":113,"href":"https:\/\/blogs.ua.es\/vidaprivadafelipeii\/wp-json\/wp\/v2\/pages\/112\/revisions\/113"}],"wp:attachment":[{"href":"https:\/\/blogs.ua.es\/vidaprivadafelipeii\/wp-json\/wp\/v2\/media?parent=112"}],"curies":[{"name":"wp","href":"https:\/\/api.w.org\/{rel}","templated":true}]}}