{"id":344,"date":"2012-01-15T19:59:33","date_gmt":"2012-01-15T19:59:33","guid":{"rendered":"https:\/\/blogs.ua.es\/vidaprivfelipesegundo\/?page_id=344"},"modified":"2012-01-16T12:35:44","modified_gmt":"2012-01-16T12:35:44","slug":"la-leyenda-negra-de-felipe-ii","status":"publish","type":"page","link":"https:\/\/blogs.ua.es\/vidaprivfelipesegundo\/la-leyenda-negra-de-felipe-ii\/","title":{"rendered":"Felipe II  y La Leyenda Negra"},"content":{"rendered":"<p>Durante la \u00e9poca del Imperio espa\u00f1ol, surgen dos leyendas en Europa\u00a0 que vinculan<span style=\"color: #ff0000\"> dos im\u00e1genes del Imperio muy contradictorias por todo el continente\u00a0<\/span> : o sea excesivamente negativa\u00a0 o excesivamente positiva.<\/p>\n<ul>\n<li><strong><span style=\"text-decoration: underline\">La leyend<\/span><span style=\"text-decoration: underline\">a negra<\/span><\/strong><\/li>\n<\/ul>\n<p>&#8221; La leyenda negra se fundamenta principalmente en relatos de viajeros, peregrinos, comerciantes, emigrantes, exiliados de la \u00e9poca y hasta en las mismas tropas espa\u00f1olas, pero se apoya, adem\u00e1s, en hechos hist\u00f3ricos como la expulsi\u00f3n de los moriscos y los jud\u00edos.<\/p>\n<p>Esta leyenda negra surge en Europa debido a las numerosas guerras internacionales que manten\u00eda el Imperio y que lo convert\u00edan en un enemigo potencial para todos los pa\u00edses cuya religi\u00f3n no era la defendida por \u00e9ste (la religi\u00f3n cat\u00f3lica), es decir, para los protestantes, luteranos, anglicanos o calvinistas de Inglaterra, Holanda, etc., que tem\u00edan que al imponer una religi\u00f3n universal, Felipe II querr\u00eda convertirse en Monarca Universal. &#8221;<\/p>\n<p>En efecto, como su padre Carlos V, recordamos que Felipe II hizo de la defensa de la fe cat\u00f3lica una prioridad y en esta empresa tan importante ante sus ojos<span style=\"color: #ff0000\">, fue tambi\u00e9n presentado como un monstruo fan\u00e1tico y desp\u00f3tico por sus enemigos hasta ser apodado : &#8221; el demonio del Mediod\u00eda&#8221;.<\/span><\/p>\n<p>Esta leyenda fue\u00a0 favorecida por muchos elementos :<\/p>\n<div id=\"attachment_350\" style=\"width: 338px\" class=\"wp-caption alignleft\"><a href=\"https:\/\/blogs.ua.es\/vidaprivfelipesegundo\/files\/2012\/01\/De_Bry_1c1.jpg\"><img loading=\"lazy\" decoding=\"async\" aria-describedby=\"caption-attachment-350\" class=\"size-full wp-image-350  \" src=\"https:\/\/blogs.ua.es\/vidaprivfelipesegundo\/files\/2012\/01\/De_Bry_1c1.jpg\" alt=\"\" width=\"328\" height=\"285\" \/><\/a><p id=\"caption-attachment-350\" class=\"wp-caption-text\">Ilustraci\u00f3n de Theodor de Bry (1528\u20131598) inspirada en el siguiente pasaje de la Brev\u00edsima de fray Bartolom\u00e9 de Las Casas:<\/p><\/div>\n<p><span style=\"color: #ff0000\">&#8211;\u00a0 La explotaci\u00f3n de libros <\/span><span style=\"color: #000000\">como <\/span><span style=\"color: #ff0000\"><em>Exposici\u00f3n de algunas ma\u00f1as de la Santa Inquisici\u00f3n espa\u00f1ola<\/em> de Reginaldo Gonzalo Montan\u00e9s o\u00a0 de algunas obras de fray Bartolom\u00e9 de las Casas<\/span>, particularmente la titulada<span style=\"color: #ff0000\"><em>\u00a0 Brev\u00edsima relaci\u00f3n de la destrucci\u00f3n de las Indias<\/em><\/span> que &#8220;se propone denunciar los destructivos efectos que tuvo para los pueblos ind\u00edgenas de\u00a0Am\u00e9rica\u00a0la temprana colonizaci\u00f3n espa\u00f1ola.&#8221;<\/p>\n<p><a href=\"https:\/\/blogs.ua.es\/vidaprivfelipesegundo\/files\/2012\/01\/image028.jpg\"><img loading=\"lazy\" decoding=\"async\" class=\"alignright size-full wp-image-354\" src=\"https:\/\/blogs.ua.es\/vidaprivfelipesegundo\/files\/2012\/01\/image028.jpg\" alt=\"\" width=\"206\" height=\"219\" \/><\/a><\/p>\n<p>Muchas obras\u00a0 fueron as\u00ed utilizadas para alimentar\u00a0\u00a0\u00a0\u00a0\u00a0\u00a0 la\u00a0leyenda negra espa\u00f1ola <span style=\"color: #ff0000\">acusando el Imperio de fanatismo y crueldad a trav\u00e9s de la Santa Inquisici\u00f3n y denunciando atrocidades cometidas por los espa\u00f1oles en la conquista de Am\u00e9rica.<\/span><code>[kml_flashembed movie=\"http:\/\/www.youtube.com\/v\/AC3UOTKQ4bw\" width=\"425\" height=\"350\" wmode=\"transparent\" \/]<\/code><\/p>\n<p>&nbsp;<\/p>\n<p>&nbsp;<\/p>\n<p>&#8211; La <em>Apolog\u00eda<\/em> , que fue escrita por <span style=\"color: #ff0000\">Guillermo de Orange<\/span> y que<span style=\"color: #ff0000\"> acusa Felipe II del asesino de su propio hijo Carlos y de su esposa Isabel de Valois por motivos muy oscuros<\/span>. En efecto, en su obra, Guillermo de Orange nos entera de una relaci\u00f3n apasionada entre Felipe II y su sobrina Ana de Austria que llev\u00f3 el rey a planear la muerte de su mujer y de su hijo para poder casarse con ella. Explica que al descubrir una relaci\u00f3n intima entre los dos, aprovech\u00f3 la situaci\u00f3n. As\u00ed, tras enviudarse pudo conseguir la Sante Sede con el motivo de la falta de sucesor y entablar la relaci\u00f3n tan deseada con Ana de Austria.<\/p>\n<p>Sin embargo,ya que no se ha encontrado evidencia alguna que justifique estas acusaciones y la supervivencia de la leyenda sobre don Carlos se debe sobre todo a la popularidad de <a href=\"http:\/\/www.diariodesevilla.es\/article\/ocio\/1003994\/la\/leyenda\/negra\/felipe\/ii\/llega\/maestranza\/con\/don\/carlo\/verdi.html\" target=\"_blank\">la \u00f3pera de Verdi.<\/a><\/p>\n<p>&#8211; <span style=\"color: #ff0000\">Muchos rumores relacionadas con la vida privada de Felipe II.<\/span><\/p>\n<p>Por ejemplo, la que denuncia la relaci\u00f3n secreta del rey con Ana de Mendoza y que dice que su segundo hijo Diego era en realidad el hijo ilegitimo del rey o la que dice que\u00a0 viv\u00eda amancebado con su propia hermana Juana. As\u00ed, numerosos rumores fueron <span style=\"color: #ff0000\">difundidos con insistencia para proponer una imagen muy extrema de Felipe II : la imagen de un monstruo sanguinario, cruel, sombr\u00edo, celoso, f\u00e1natico y mujeriego<\/span>.<\/p>\n<p>&nbsp;<\/p>\n<ul>\n<li><strong><span style=\"text-decoration: underline\">La leyenda rosa<\/span><\/strong><\/li>\n<\/ul>\n<p>Varios historiadores e investigadores relacionan la leyenda negra antiespa\u00f1ola y anticat\u00f3lica, con su contracara, la \u00ableyenda blanca\u00bb (Gibson), \u00ableyenda rosa\u00bb (Garc\u00eda C\u00e1rcel) o \u00abdorada\u00bb (Blasco Ib\u00e1\u00f1ez, Juder\u00edas), propagandista de las conquistas de la Espa\u00f1a cat\u00f3lica. Esta otra leyenda es defendida por numerosos autores pro-espa\u00f1oles de pa\u00edses como Inglaterra e Italia, que resaltan valores espa\u00f1oles como la astucia, la prudencia, el amor a la patria, etc., as\u00ed como por los propios espa\u00f1oles, que exaltan la lengua, la cultura y la monarqu\u00eda de Felipe II.<\/p>\n","protected":false},"excerpt":{"rendered":"<p>Durante la \u00e9poca del Imperio espa\u00f1ol, surgen dos leyendas en Europa\u00a0 que vinculan dos im\u00e1genes del Imperio muy contradictorias por todo el continente\u00a0 : o sea excesivamente negativa\u00a0 o excesivamente positiva. La leyenda negra &#8221; La leyenda negra se fundamenta &hellip; <a href=\"https:\/\/blogs.ua.es\/vidaprivfelipesegundo\/la-leyenda-negra-de-felipe-ii\/\">Continue reading <span class=\"meta-nav\">&rarr;<\/span><\/a><\/p>\n","protected":false},"author":2183,"featured_media":0,"parent":0,"menu_order":0,"comment_status":"open","ping_status":"open","template":"","meta":{"footnotes":""},"class_list":["post-344","page","type-page","status-publish","hentry"],"_links":{"self":[{"href":"https:\/\/blogs.ua.es\/vidaprivfelipesegundo\/wp-json\/wp\/v2\/pages\/344","targetHints":{"allow":["GET"]}}],"collection":[{"href":"https:\/\/blogs.ua.es\/vidaprivfelipesegundo\/wp-json\/wp\/v2\/pages"}],"about":[{"href":"https:\/\/blogs.ua.es\/vidaprivfelipesegundo\/wp-json\/wp\/v2\/types\/page"}],"author":[{"embeddable":true,"href":"https:\/\/blogs.ua.es\/vidaprivfelipesegundo\/wp-json\/wp\/v2\/users\/2183"}],"replies":[{"embeddable":true,"href":"https:\/\/blogs.ua.es\/vidaprivfelipesegundo\/wp-json\/wp\/v2\/comments?post=344"}],"version-history":[{"count":13,"href":"https:\/\/blogs.ua.es\/vidaprivfelipesegundo\/wp-json\/wp\/v2\/pages\/344\/revisions"}],"predecessor-version":[{"id":347,"href":"https:\/\/blogs.ua.es\/vidaprivfelipesegundo\/wp-json\/wp\/v2\/pages\/344\/revisions\/347"}],"wp:attachment":[{"href":"https:\/\/blogs.ua.es\/vidaprivfelipesegundo\/wp-json\/wp\/v2\/media?parent=344"}],"curies":[{"name":"wp","href":"https:\/\/api.w.org\/{rel}","templated":true}]}}